| Back to Multiple platform build/check report for BioC 3.21: simplified long |
|
This page was generated on 2025-10-16 11:41 -0400 (Thu, 16 Oct 2025).
| Hostname | OS | Arch (*) | R version | Installed pkgs |
|---|---|---|---|---|
| nebbiolo1 | Linux (Ubuntu 24.04.3 LTS) | x86_64 | 4.5.1 (2025-06-13) -- "Great Square Root" | 4833 |
| merida1 | macOS 12.7.6 Monterey | x86_64 | 4.5.1 RC (2025-06-05 r88288) -- "Great Square Root" | 4614 |
| kjohnson1 | macOS 13.7.5 Ventura | arm64 | 4.5.1 Patched (2025-06-14 r88325) -- "Great Square Root" | 4555 |
| kunpeng2 | Linux (openEuler 24.03 LTS) | aarch64 | R Under development (unstable) (2025-02-19 r87757) -- "Unsuffered Consequences" | 4586 |
| Click on any hostname to see more info about the system (e.g. compilers) (*) as reported by 'uname -p', except on Windows and Mac OS X | ||||
| Package 1751/2341 | Hostname | OS / Arch | INSTALL | BUILD | CHECK | BUILD BIN | ||||||||
| REMP 1.32.1 (landing page) Yinan Zheng
| nebbiolo1 | Linux (Ubuntu 24.04.3 LTS) / x86_64 | OK | OK | OK | |||||||||
| merida1 | macOS 12.7.6 Monterey / x86_64 | OK | OK | OK | OK | |||||||||
| kjohnson1 | macOS 13.7.5 Ventura / arm64 | OK | OK | OK | OK | |||||||||
| kunpeng2 | Linux (openEuler 24.03 LTS) / aarch64 | OK | ERROR | skipped | ||||||||||
|
To the developers/maintainers of the REMP package: - Allow up to 24 hours (and sometimes 48 hours) for your latest push to git@git.bioconductor.org:packages/REMP.git to reflect on this report. See Troubleshooting Build Report for more information. - Use the following Renviron settings to reproduce errors and warnings. - If 'R CMD check' started to fail recently on the Linux builder(s) over a missing dependency, add the missing dependency to 'Suggests:' in your DESCRIPTION file. See Renviron.bioc for more information. - See Martin Grigorov's blog post for how to debug Linux ARM64 related issues on a x86_64 host. |
| Package: REMP |
| Version: 1.32.1 |
| Command: /home/biocbuild/R/R/bin/R CMD build --keep-empty-dirs --no-resave-data REMP |
| StartedAt: 2025-10-14 03:58:11 -0000 (Tue, 14 Oct 2025) |
| EndedAt: 2025-10-14 04:01:13 -0000 (Tue, 14 Oct 2025) |
| EllapsedTime: 182.1 seconds |
| RetCode: 1 |
| Status: ERROR |
| PackageFile: None |
| PackageFileSize: NA |
##############################################################################
##############################################################################
###
### Running command:
###
### /home/biocbuild/R/R/bin/R CMD build --keep-empty-dirs --no-resave-data REMP
###
##############################################################################
##############################################################################
* checking for file ‘REMP/DESCRIPTION’ ... OK
* preparing ‘REMP’:
* checking DESCRIPTION meta-information ... OK
* installing the package to build vignettes
* creating vignettes ... ERROR
--- re-building ‘REMP.Rnw’ using Sweave
Loading required package: SummarizedExperiment
Loading required package: MatrixGenerics
Loading required package: matrixStats
Attaching package: ‘MatrixGenerics’
The following objects are masked from ‘package:matrixStats’:
colAlls, colAnyNAs, colAnys, colAvgsPerRowSet, colCollapse,
colCounts, colCummaxs, colCummins, colCumprods, colCumsums,
colDiffs, colIQRDiffs, colIQRs, colLogSumExps, colMadDiffs,
colMads, colMaxs, colMeans2, colMedians, colMins,
colOrderStats, colProds, colQuantiles, colRanges, colRanks,
colSdDiffs, colSds, colSums2, colTabulates, colVarDiffs,
colVars, colWeightedMads, colWeightedMeans,
colWeightedMedians, colWeightedSds, colWeightedVars,
rowAlls, rowAnyNAs, rowAnys, rowAvgsPerColSet, rowCollapse,
rowCounts, rowCummaxs, rowCummins, rowCumprods, rowCumsums,
rowDiffs, rowIQRDiffs, rowIQRs, rowLogSumExps, rowMadDiffs,
rowMads, rowMaxs, rowMeans2, rowMedians, rowMins,
rowOrderStats, rowProds, rowQuantiles, rowRanges, rowRanks,
rowSdDiffs, rowSds, rowSums2, rowTabulates, rowVarDiffs,
rowVars, rowWeightedMads, rowWeightedMeans,
rowWeightedMedians, rowWeightedSds, rowWeightedVars
Loading required package: GenomicRanges
Loading required package: stats4
Loading required package: BiocGenerics
Loading required package: generics
Attaching package: ‘generics’
The following objects are masked from ‘package:base’:
as.difftime, as.factor, as.ordered, intersect, is.element,
setdiff, setequal, union
Attaching package: ‘BiocGenerics’
The following objects are masked from ‘package:stats’:
IQR, mad, sd, var, xtabs
The following objects are masked from ‘package:base’:
Filter, Find, Map, Position, Reduce, anyDuplicated, aperm,
append, as.data.frame, basename, cbind, colnames, dirname,
do.call, duplicated, eval, evalq, get, grep, grepl,
is.unsorted, lapply, mapply, match, mget, order, paste,
pmax, pmax.int, pmin, pmin.int, rank, rbind, rownames,
sapply, saveRDS, table, tapply, unique, unsplit, which.max,
which.min
Loading required package: S4Vectors
Attaching package: ‘S4Vectors’
The following object is masked from ‘package:utils’:
findMatches
The following objects are masked from ‘package:base’:
I, expand.grid, unname
Loading required package: IRanges
Loading required package: GenomeInfoDb
Loading required package: Biobase
Welcome to Bioconductor
Vignettes contain introductory material; view with
'browseVignettes()'. To cite Bioconductor, see
'citation("Biobase")', and for packages
'citation("pkgname")'.
Attaching package: ‘Biobase’
The following object is masked from ‘package:MatrixGenerics’:
rowMedians
The following objects are masked from ‘package:matrixStats’:
anyMissing, rowMedians
Loading required package: minfi
Loading required package: Biostrings
Loading required package: XVector
Attaching package: ‘Biostrings’
The following object is masked from ‘package:base’:
strsplit
Loading required package: bumphunter
Loading required package: foreach
Loading required package: iterators
Loading required package: parallel
Loading required package: locfit
locfit 1.5-9.12 2025-03-05
Setting options('download.file.method.GEOquery'='auto')
Setting options('GEOquery.inmemory.gpl'=FALSE)
********************************************************************************
REMP version 1.32.1
To access full functionality of REMP, please make sure this version is current.
Citation:
Zheng Y, Joyce BT, Liu L, Zhang Z, Kibbe WA, Zhang W, Hou L.
Prediction of genome-wide DNA methylation in repetitive elements.
Nucleic Acids Research. 2017;45(15):8697-711.
PubMed PMID: 28911103; PMCID: PMC5587781. http://dx.doi.org/10.1093/nar/gkx587
********************************************************************************
Start Alu annotation data initialization (hg19)...
Gene annotation database: AH
Illumina platform: 450k
Done. (29 sec.)
REMParcel has been saved under the directory:
/home/biocbuild/tmp/Rtmp0veIw5/REMP.data.450k
Using random seed = 777
Processing Alu with window +/- 1000 base pair ...
Done. (2 sec.)
Start RE methylation prediction with 1 core(s) ...
Predicting sample GM12878 ...
GM12878 completed! 0 sample(s) left ... (5 sec.)
Done.
You have successfully set non-parallel mode (single worker).
58 Alu that have less than 2 CpGs predicted are not aggretated.
You have successfully set non-parallel mode (single worker).
Decoding Alu (aggregated by mean: min # of CpGs: 2) annotation to symbol ...
You have successfully set non-parallel mode (single worker).
414 Alu that have less than 2 CpGs predicted are not aggretated.
Error: processing vignette 'REMP.Rnw' failed with diagnostics:
Running 'texi2dvi' on 'REMP.tex' failed.
Messages:
/usr/bin/texi2dvi: biber failed
--- failed re-building ‘REMP.Rnw’
SUMMARY: processing the following file failed:
‘REMP.Rnw’
Error: Vignette re-building failed.
Execution halted