Back to Multiple platform build/check report for BioC 3.21: simplified long |
|
This page was generated on 2025-02-15 11:40 -0500 (Sat, 15 Feb 2025).
Hostname | OS | Arch (*) | R version | Installed pkgs |
---|---|---|---|---|
nebbiolo1 | Linux (Ubuntu 24.04.1 LTS) | x86_64 | R Under development (unstable) (2025-01-20 r87609) -- "Unsuffered Consequences" | 4720 |
palomino7 | Windows Server 2022 Datacenter | x64 | R Under development (unstable) (2025-01-21 r87610 ucrt) -- "Unsuffered Consequences" | 4482 |
lconway | macOS 12.7.1 Monterey | x86_64 | R Under development (unstable) (2025-01-22 r87618) -- "Unsuffered Consequences" | 4493 |
kjohnson3 | macOS 13.7.1 Ventura | arm64 | R Under development (unstable) (2025-01-20 r87609) -- "Unsuffered Consequences" | 4446 |
Click on any hostname to see more info about the system (e.g. compilers) (*) as reported by 'uname -p', except on Windows and Mac OS X |
Package 1366/2295 | Hostname | OS / Arch | INSTALL | BUILD | CHECK | BUILD BIN | ||||||||
Mulcom 1.57.0 (landing page) Claudio Isella
| nebbiolo1 | Linux (Ubuntu 24.04.1 LTS) / x86_64 | OK | OK | WARNINGS | ![]() | ||||||||
palomino7 | Windows Server 2022 Datacenter / x64 | OK | OK | WARNINGS | OK | ![]() | ||||||||
lconway | macOS 12.7.1 Monterey / x86_64 | OK | OK | WARNINGS | OK | ![]() | ||||||||
kjohnson3 | macOS 13.7.1 Ventura / arm64 | OK | OK | WARNINGS | OK | ![]() | ||||||||
To the developers/maintainers of the Mulcom package: - Allow up to 24 hours (and sometimes 48 hours) for your latest push to git@git.bioconductor.org:packages/Mulcom.git to reflect on this report. See Troubleshooting Build Report for more information. - Use the following Renviron settings to reproduce errors and warnings. - If 'R CMD check' started to fail recently on the Linux builder(s) over a missing dependency, add the missing dependency to 'Suggests:' in your DESCRIPTION file. See Renviron.bioc for more information. |
Package: Mulcom |
Version: 1.57.0 |
Command: /home/biocbuild/bbs-3.21-bioc/R/bin/R CMD check --install=check:Mulcom.install-out.txt --library=/home/biocbuild/bbs-3.21-bioc/R/site-library --timings Mulcom_1.57.0.tar.gz |
StartedAt: 2025-02-15 00:18:16 -0500 (Sat, 15 Feb 2025) |
EndedAt: 2025-02-15 00:19:07 -0500 (Sat, 15 Feb 2025) |
EllapsedTime: 51.0 seconds |
RetCode: 0 |
Status: WARNINGS |
CheckDir: Mulcom.Rcheck |
Warnings: 1 |
############################################################################## ############################################################################## ### ### Running command: ### ### /home/biocbuild/bbs-3.21-bioc/R/bin/R CMD check --install=check:Mulcom.install-out.txt --library=/home/biocbuild/bbs-3.21-bioc/R/site-library --timings Mulcom_1.57.0.tar.gz ### ############################################################################## ############################################################################## * using log directory ‘/home/biocbuild/bbs-3.21-bioc/meat/Mulcom.Rcheck’ * using R Under development (unstable) (2025-01-20 r87609) * using platform: x86_64-pc-linux-gnu * R was compiled by gcc (Ubuntu 13.3.0-6ubuntu2~24.04) 13.3.0 GNU Fortran (Ubuntu 13.3.0-6ubuntu2~24.04) 13.3.0 * running under: Ubuntu 24.04.2 LTS * using session charset: UTF-8 * checking for file ‘Mulcom/DESCRIPTION’ ... OK * checking extension type ... Package * this is package ‘Mulcom’ version ‘1.57.0’ * checking package namespace information ... OK * checking package dependencies ... OK * checking if this is a source package ... OK * checking if there is a namespace ... OK * checking for hidden files and directories ... OK * checking for portable file names ... OK * checking for sufficient/correct file permissions ... OK * checking whether package ‘Mulcom’ can be installed ... OK * used C++ compiler: ‘g++ (Ubuntu 13.3.0-6ubuntu2~24.04) 13.3.0’ * checking installed package size ... OK * checking package directory ... OK * checking DESCRIPTION meta-information ... OK * checking top-level files ... OK * checking for left-over files ... OK * checking index information ... OK * checking package subdirectories ... OK * checking code files for non-ASCII characters ... OK * checking R files for syntax errors ... OK * checking whether the package can be loaded ... OK * checking whether the package can be loaded with stated dependencies ... OK * checking whether the package can be unloaded cleanly ... OK * checking whether the namespace can be loaded with stated dependencies ... OK * checking whether the namespace can be unloaded cleanly ... OK * checking loading without being on the library search path ... OK * checking whether startup messages can be suppressed ... OK * checking dependencies in R code ... OK * checking S3 generic/method consistency ... OK * checking replacement functions ... OK * checking foreign function calls ... OK * checking R code for possible problems ... OK * checking Rd files ... OK * checking Rd metadata ... OK * checking Rd cross-references ... OK * checking for missing documentation entries ... OK * checking for code/documentation mismatches ... OK * checking Rd \usage sections ... OK * checking Rd contents ... OK * checking for unstated dependencies in examples ... OK * checking contents of ‘data’ directory ... OK * checking data for non-ASCII characters ... OK * checking data for ASCII and uncompressed saves ... OK * checking line endings in C/C++/Fortran sources/headers ... OK * checking compiled code ... NOTE Note: information on .o files is not available * checking files in ‘vignettes’ ... WARNING Files in the 'vignettes' directory but no files in 'inst/doc': ‘Mulcom.Rmd’ Package has no Sweave vignette sources and no VignetteBuilder field. * checking examples ... OK * checking package vignettes ... NOTE Package has ‘vignettes’ subdirectory but apparently no vignettes. Perhaps the ‘VignetteBuilder’ information is missing from the DESCRIPTION file? * checking PDF version of manual ... OK * DONE Status: 1 WARNING, 2 NOTEs See ‘/home/biocbuild/bbs-3.21-bioc/meat/Mulcom.Rcheck/00check.log’ for details.
Mulcom.Rcheck/00install.out
############################################################################## ############################################################################## ### ### Running command: ### ### /home/biocbuild/bbs-3.21-bioc/R/bin/R CMD INSTALL Mulcom ### ############################################################################## ############################################################################## * installing to library ‘/home/biocbuild/bbs-3.21-bioc/R/site-library’ * installing *source* package ‘Mulcom’ ... ** this is package ‘Mulcom’ version ‘1.57.0’ ** using staged installation ** libs using C++ compiler: ‘g++ (Ubuntu 13.3.0-6ubuntu2~24.04) 13.3.0’ g++ -std=gnu++17 -I"/home/biocbuild/bbs-3.21-bioc/R/include" -DNDEBUG -I/usr/local/include -fpic -g -O2 -DR_NO_REMAP -c mulLibs.cc -o mulLibs.o g++ -std=gnu++17 -shared -L/home/biocbuild/bbs-3.21-bioc/R/lib -L/usr/local/lib -o Mulcom.so mulLibs.o -L/home/biocbuild/bbs-3.21-bioc/R/lib -lR installing to /home/biocbuild/bbs-3.21-bioc/R/site-library/00LOCK-Mulcom/00new/Mulcom/libs ** R ** data ** inst ** byte-compile and prepare package for lazy loading ** help *** installing help indices ** building package indices ** installing vignettes ** testing if installed package can be loaded from temporary location ** checking absolute paths in shared objects and dynamic libraries ** testing if installed package can be loaded from final location ** testing if installed package keeps a record of temporary installation path * DONE (Mulcom)
Mulcom.Rcheck/Mulcom-Ex.timings
name | user | system | elapsed | |
MULCOM-class | 0.219 | 0.013 | 0.232 | |
MULCOM_P | 0.201 | 0.011 | 0.212 | |
mulCAND | 0.530 | 0.018 | 0.548 | |
mulCalc | 0.204 | 0.004 | 0.208 | |
mulDELTA | 0.185 | 0.005 | 0.190 | |
mulDiff | 0.532 | 0.019 | 0.552 | |
mulFSG | 0.591 | 0.003 | 0.594 | |
mulIndex | 0.181 | 0.002 | 0.183 | |
mulInt | 4.031 | 0.011 | 4.042 | |
mulOpt | 3.405 | 0.033 | 3.439 | |
mulOptPars | 0.451 | 0.007 | 0.458 | |
mulOptPlot | 0.954 | 0.008 | 0.964 | |
mulParOpt | 0.917 | 0.025 | 0.942 | |
mulPerm | 0.454 | 0.008 | 0.462 | |
mulPermC | 0.179 | 0.002 | 0.181 | |
mulScores | 0.208 | 0.001 | 0.209 | |