Back to Multiple platform build/check report for BioC 3.21:   simplified   long
ABCDEFGHIJKL[M]NOPQRSTUVWXYZ

This page was generated on 2025-02-13 11:40 -0500 (Thu, 13 Feb 2025).

HostnameOSArch (*)R versionInstalled pkgs
nebbiolo1Linux (Ubuntu 24.04.1 LTS)x86_64R Under development (unstable) (2025-01-20 r87609) -- "Unsuffered Consequences" 4719
palomino7Windows Server 2022 Datacenterx64R Under development (unstable) (2025-01-21 r87610 ucrt) -- "Unsuffered Consequences" 4481
lconwaymacOS 12.7.1 Montereyx86_64R Under development (unstable) (2025-01-22 r87618) -- "Unsuffered Consequences" 4492
kjohnson3macOS 13.7.1 Venturaarm64R Under development (unstable) (2025-01-20 r87609) -- "Unsuffered Consequences" 4445
Click on any hostname to see more info about the system (e.g. compilers)      (*) as reported by 'uname -p', except on Windows and Mac OS X

Package 1326/2295HostnameOS / ArchINSTALLBUILDCHECKBUILD BIN
MouseFM 1.17.0  (landing page)
Matthias Munz
Snapshot Date: 2025-02-12 13:40 -0500 (Wed, 12 Feb 2025)
git_url: https://git.bioconductor.org/packages/MouseFM
git_branch: devel
git_last_commit: 16b409c
git_last_commit_date: 2024-10-29 11:06:51 -0500 (Tue, 29 Oct 2024)
nebbiolo1Linux (Ubuntu 24.04.1 LTS) / x86_64  OK    ERROR  skipped
palomino7Windows Server 2022 Datacenter / x64  OK    ERROR  skippedskipped
lconwaymacOS 12.7.1 Monterey / x86_64  OK    ERROR  skippedskipped
kjohnson3macOS 13.7.1 Ventura / arm64  OK    ERROR  skippedskipped


BUILD results for MouseFM on nebbiolo1

To the developers/maintainers of the MouseFM package:
- Allow up to 24 hours (and sometimes 48 hours) for your latest push to git@git.bioconductor.org:packages/MouseFM.git to reflect on this report. See Troubleshooting Build Report for more information.
- Use the following Renviron settings to reproduce errors and warnings.
- If 'R CMD check' started to fail recently on the Linux builder(s) over a missing dependency, add the missing dependency to 'Suggests:' in your DESCRIPTION file. See Renviron.bioc for more information.

raw results


Summary

Package: MouseFM
Version: 1.17.0
Command: /home/biocbuild/bbs-3.21-bioc/R/bin/R CMD build --keep-empty-dirs --no-resave-data MouseFM
StartedAt: 2025-02-12 18:12:05 -0500 (Wed, 12 Feb 2025)
EndedAt: 2025-02-12 18:12:28 -0500 (Wed, 12 Feb 2025)
EllapsedTime: 23.0 seconds
RetCode: 1
Status:   ERROR  
PackageFile: None
PackageFileSize: NA

Command output

##############################################################################
##############################################################################
###
### Running command:
###
###   /home/biocbuild/bbs-3.21-bioc/R/bin/R CMD build --keep-empty-dirs --no-resave-data MouseFM
###
##############################################################################
##############################################################################


* checking for file ‘MouseFM/DESCRIPTION’ ... OK
* preparing ‘MouseFM’:
* checking DESCRIPTION meta-information ... OK
* installing the package to build vignettes
* creating vignettes ... ERROR
--- re-building ‘fetch.Rmd’ using rmarkdown

Quitting from lines 39-42 [unnamed-chunk-3] (fetch.Rmd)
Error: processing vignette 'fetch.Rmd' failed with diagnostics:
Couldn't connect to server [45.85.146.64]: Failed to connect to 45.85.146.64 port 9000 after 86 ms: Couldn't connect to server
--- failed re-building ‘fetch.Rmd’

--- re-building ‘finemap.Rmd’ using rmarkdown

Quitting from lines 45-51 [unnamed-chunk-4] (finemap.Rmd)
Error: processing vignette 'finemap.Rmd' failed with diagnostics:
Couldn't connect to server [45.85.146.64]: Failed to connect to 45.85.146.64 port 9000 after 86 ms: Couldn't connect to server
--- failed re-building ‘finemap.Rmd’

--- re-building ‘prio.Rmd’ using rmarkdown

Quitting from lines 44-45 [unnamed-chunk-4] (prio.Rmd)
Error: processing vignette 'prio.Rmd' failed with diagnostics:
Couldn't connect to server [45.85.146.64]: Failed to connect to 45.85.146.64 port 9000 after 86 ms: Couldn't connect to server
--- failed re-building ‘prio.Rmd’

SUMMARY: processing the following files failed:
  ‘fetch.Rmd’ ‘finemap.Rmd’ ‘prio.Rmd’

Error: Vignette re-building failed.
Execution halted