| Back to Multiple platform build/check report for BioC 3.21: simplified long |
|
This page was generated on 2025-10-16 11:39 -0400 (Thu, 16 Oct 2025).
| Hostname | OS | Arch (*) | R version | Installed pkgs |
|---|---|---|---|---|
| nebbiolo1 | Linux (Ubuntu 24.04.3 LTS) | x86_64 | 4.5.1 (2025-06-13) -- "Great Square Root" | 4833 |
| merida1 | macOS 12.7.6 Monterey | x86_64 | 4.5.1 RC (2025-06-05 r88288) -- "Great Square Root" | 4614 |
| kjohnson1 | macOS 13.7.5 Ventura | arm64 | 4.5.1 Patched (2025-06-14 r88325) -- "Great Square Root" | 4555 |
| kunpeng2 | Linux (openEuler 24.03 LTS) | aarch64 | R Under development (unstable) (2025-02-19 r87757) -- "Unsuffered Consequences" | 4586 |
| Click on any hostname to see more info about the system (e.g. compilers) (*) as reported by 'uname -p', except on Windows and Mac OS X | ||||
| Package 1220/2341 | Hostname | OS / Arch | INSTALL | BUILD | CHECK | BUILD BIN | ||||||||
| MesKit 1.18.0 (landing page) Mengni Liu
| nebbiolo1 | Linux (Ubuntu 24.04.3 LTS) / x86_64 | OK | OK | WARNINGS | |||||||||
| merida1 | macOS 12.7.6 Monterey / x86_64 | OK | OK | WARNINGS | OK | |||||||||
| kjohnson1 | macOS 13.7.5 Ventura / arm64 | OK | OK | WARNINGS | OK | |||||||||
| kunpeng2 | Linux (openEuler 24.03 LTS) / aarch64 | OK | OK | WARNINGS | ||||||||||
|
To the developers/maintainers of the MesKit package: - Allow up to 24 hours (and sometimes 48 hours) for your latest push to git@git.bioconductor.org:packages/MesKit.git to reflect on this report. See Troubleshooting Build Report for more information. - Use the following Renviron settings to reproduce errors and warnings. - If 'R CMD check' started to fail recently on the Linux builder(s) over a missing dependency, add the missing dependency to 'Suggests:' in your DESCRIPTION file. See Renviron.bioc for more information. |
| Package: MesKit |
| Version: 1.18.0 |
| Command: /Library/Frameworks/R.framework/Resources/bin/R CMD check --install=check:MesKit.install-out.txt --library=/Library/Frameworks/R.framework/Resources/library --no-vignettes --timings MesKit_1.18.0.tar.gz |
| StartedAt: 2025-10-14 06:11:01 -0400 (Tue, 14 Oct 2025) |
| EndedAt: 2025-10-14 06:33:40 -0400 (Tue, 14 Oct 2025) |
| EllapsedTime: 1358.9 seconds |
| RetCode: 0 |
| Status: WARNINGS |
| CheckDir: MesKit.Rcheck |
| Warnings: 1 |
##############################################################################
##############################################################################
###
### Running command:
###
### /Library/Frameworks/R.framework/Resources/bin/R CMD check --install=check:MesKit.install-out.txt --library=/Library/Frameworks/R.framework/Resources/library --no-vignettes --timings MesKit_1.18.0.tar.gz
###
##############################################################################
##############################################################################
* using log directory ‘/Users/biocbuild/bbs-3.21-bioc/meat/MesKit.Rcheck’
* using R version 4.5.1 RC (2025-06-05 r88288)
* using platform: x86_64-apple-darwin20
* R was compiled by
Apple clang version 14.0.0 (clang-1400.0.29.202)
GNU Fortran (GCC) 14.2.0
* running under: macOS Monterey 12.7.6
* using session charset: UTF-8
* using option ‘--no-vignettes’
* checking for file ‘MesKit/DESCRIPTION’ ... OK
* checking extension type ... Package
* this is package ‘MesKit’ version ‘1.18.0’
* package encoding: UTF-8
* checking package namespace information ... OK
* checking package dependencies ... OK
* checking if this is a source package ... OK
* checking if there is a namespace ... OK
* checking for hidden files and directories ... OK
* checking for portable file names ... OK
* checking for sufficient/correct file permissions ... OK
* checking whether package ‘MesKit’ can be installed ... WARNING
Found the following significant warnings:
Warning: replacing previous import ‘ape::degree’ by ‘circlize::degree’ when loading ‘MesKit’
Warning: replacing previous import ‘ape::where’ by ‘dplyr::where’ when loading ‘MesKit’
See ‘/Users/biocbuild/bbs-3.21-bioc/meat/MesKit.Rcheck/00install.out’ for details.
* checking installed package size ... INFO
installed size is 5.9Mb
sub-directories of 1Mb or more:
extdata 4.9Mb
* checking package directory ... OK
* checking ‘build’ directory ... OK
* checking DESCRIPTION meta-information ... OK
* checking top-level files ... NOTE
File
LICENSE
is not mentioned in the DESCRIPTION file.
* checking for left-over files ... OK
* checking index information ... OK
* checking package subdirectories ... OK
* checking code files for non-ASCII characters ... OK
* checking R files for syntax errors ... OK
* checking whether the package can be loaded ... OK
* checking whether the package can be loaded with stated dependencies ... OK
* checking whether the package can be unloaded cleanly ... OK
* checking whether the namespace can be loaded with stated dependencies ... OK
* checking whether the namespace can be unloaded cleanly ... OK
* checking dependencies in R code ... OK
* checking S3 generic/method consistency ... OK
* checking replacement functions ... OK
* checking foreign function calls ... OK
* checking R code for possible problems ... NOTE
calJSI : processJSI: no visible binding for global variable ‘CCF’
cna2gene: no visible global function definition for ‘genes’
cna2gene: no visible binding for global variable ‘org.Hs.eg.db’
cna2gene: no visible binding for global variable ‘seqnames’
cna2gene: no visible binding for global variable ‘Chromosome’
cna2gene: no visible binding for global variable ‘Hugo_Symbol’
cna2gene: no visible binding for global variable ‘Start_Position’
cna2gene: no visible binding for global variable ‘End_Position’
cna2gene: no visible binding for global variable ‘i.End_Position’
cna2gene: no visible binding for global variable ‘i.Start_Position’
cna2gene: no visible binding for global variable ‘Patient_ID’
cna2gene: no visible binding for global variable ‘Tumor_Sample_Barcode’
cna2gene: no visible binding for global variable ‘seg_id’
cna2gene: no visible binding for global variable ‘overlap_width’
copyNumberFilter: no visible binding for global variable ‘Patient_ID’
drawVAFCombine: no visible binding for global variable ‘V’
drawVAFCombineVline: no visible binding for global variable ‘V’
fitSignatures : processFitSig: no visible binding for global variable
‘Branch’
fitSignatures : processFitSig: no visible binding for global variable
‘Original’
fitSignatures : processFitSig: no visible binding for global variable
‘Reconstructed’
mutCluster : processVafcluster_sample: no visible binding for global
variable ‘cluster’
plotCNA: no visible binding for global variable ‘Cytoband’
plotCNA: no visible binding for global variable ‘Cytoband_pos’
plotCNA: no visible binding for global variable ‘gene_id’
plotCNA: no visible binding for global variable ‘gene_pos’
plotCNA: no visible binding for global variable ‘Hugo_Symbol’
plotTree: no visible binding for global variable ‘is.match’
plotTree: no visible binding for global variable ‘x’
plotTree: no visible binding for global variable ‘y’
plotTree: no visible binding for global variable ‘xend’
plotTree: no visible binding for global variable ‘yend’
Undefined global functions or variables:
Branch CCF Chromosome Cytoband Cytoband_pos End_Position Hugo_Symbol
Original Patient_ID Reconstructed Start_Position Tumor_Sample_Barcode
V cluster gene_id gene_pos genes i.End_Position i.Start_Position
is.match org.Hs.eg.db overlap_width seg_id seqnames x xend y yend
* checking Rd files ... OK
* checking Rd metadata ... OK
* checking Rd cross-references ... OK
* checking for missing documentation entries ... OK
* checking for code/documentation mismatches ... OK
* checking Rd \usage sections ... OK
* checking Rd contents ... OK
* checking for unstated dependencies in examples ... OK
* checking files in ‘vignettes’ ... OK
* checking examples ... OK
Examples with CPU (user + system) or elapsed time > 5s
user system elapsed
calFst 38.698 0.384 39.501
plotMutSigProfile 38.121 0.275 38.610
mutHeatmap 36.634 0.138 37.125
getPhyloTree 35.758 0.458 36.980
getMutBranches 35.508 0.589 37.777
getBinaryMatrix 35.456 0.552 39.982
getCCFMatrix 35.460 0.548 38.336
getBranchType 35.604 0.201 38.604
getBootstrapValue 35.447 0.252 38.873
getTree 34.764 0.417 35.558
getPhyloTreeTsbLabel 34.851 0.221 35.369
getTreeMethod 34.716 0.222 35.460
getPhyloTreePatient 34.511 0.228 35.168
getPhyloTreeRef 33.874 0.202 34.176
cna2gene 31.551 1.486 33.574
compareCCF 28.067 3.116 31.706
compareTree 28.525 0.338 29.063
calNeiDist 28.695 0.166 29.546
mutCluster 26.864 1.118 28.369
calJSI 26.861 0.151 28.012
testNeutral 26.856 0.129 27.550
ccfAUC 26.569 0.135 27.198
triMatrix 26.058 0.392 26.821
mutTrunkBranch 25.821 0.246 26.704
fitSignatures 24.837 0.357 27.138
plotMutProfile 24.621 0.109 24.969
plotPhyloTree 24.496 0.108 25.132
classifyMut 21.327 1.170 22.573
readMaf 20.485 0.071 20.661
subMaf 19.936 0.081 20.153
getMafPatient 19.404 0.077 21.315
getMafData 19.335 0.094 21.283
mathScore 19.252 0.104 19.764
getMafRef 19.142 0.084 20.442
getNonSyn_vc 19.077 0.072 20.025
getSampleInfo 18.736 0.081 18.963
plotCNA 7.869 0.216 8.125
* checking for unstated dependencies in vignettes ... OK
* checking package vignettes ... OK
* checking running R code from vignettes ... SKIPPED
* checking re-building of vignette outputs ... SKIPPED
* checking PDF version of manual ... OK
* DONE
Status: 1 WARNING, 2 NOTEs
See
‘/Users/biocbuild/bbs-3.21-bioc/meat/MesKit.Rcheck/00check.log’
for details.
MesKit.Rcheck/00install.out
############################################################################## ############################################################################## ### ### Running command: ### ### /Library/Frameworks/R.framework/Resources/bin/R CMD INSTALL MesKit ### ############################################################################## ############################################################################## * installing to library ‘/Library/Frameworks/R.framework/Versions/4.5-x86_64/Resources/library’ * installing *source* package ‘MesKit’ ... ** this is package ‘MesKit’ version ‘1.18.0’ ** using staged installation ** R ** inst ** byte-compile and prepare package for lazy loading Warning: replacing previous import ‘ape::degree’ by ‘circlize::degree’ when loading ‘MesKit’ Warning: replacing previous import ‘ape::where’ by ‘dplyr::where’ when loading ‘MesKit’ ** help *** installing help indices ** building package indices ** installing vignettes ** testing if installed package can be loaded from temporary location Warning: replacing previous import ‘ape::degree’ by ‘circlize::degree’ when loading ‘MesKit’ Warning: replacing previous import ‘ape::where’ by ‘dplyr::where’ when loading ‘MesKit’ ** testing if installed package can be loaded from final location Warning: replacing previous import ‘ape::degree’ by ‘circlize::degree’ when loading ‘MesKit’ Warning: replacing previous import ‘ape::where’ by ‘dplyr::where’ when loading ‘MesKit’ ** testing if installed package keeps a record of temporary installation path * DONE (MesKit)
MesKit.Rcheck/MesKit-Ex.timings
| name | user | system | elapsed | |
| calFst | 38.698 | 0.384 | 39.501 | |
| calJSI | 26.861 | 0.151 | 28.012 | |
| calNeiDist | 28.695 | 0.166 | 29.546 | |
| ccfAUC | 26.569 | 0.135 | 27.198 | |
| classifyMut | 21.327 | 1.170 | 22.573 | |
| cna2gene | 31.551 | 1.486 | 33.574 | |
| compareCCF | 28.067 | 3.116 | 31.706 | |
| compareTree | 28.525 | 0.338 | 29.063 | |
| fitSignatures | 24.837 | 0.357 | 27.138 | |
| getBinaryMatrix | 35.456 | 0.552 | 39.982 | |
| getBootstrapValue | 35.447 | 0.252 | 38.873 | |
| getBranchType | 35.604 | 0.201 | 38.604 | |
| getCCFMatrix | 35.460 | 0.548 | 38.336 | |
| getMafData | 19.335 | 0.094 | 21.283 | |
| getMafPatient | 19.404 | 0.077 | 21.315 | |
| getMafRef | 19.142 | 0.084 | 20.442 | |
| getMutBranches | 35.508 | 0.589 | 37.777 | |
| getNonSyn_vc | 19.077 | 0.072 | 20.025 | |
| getPhyloTree | 35.758 | 0.458 | 36.980 | |
| getPhyloTreePatient | 34.511 | 0.228 | 35.168 | |
| getPhyloTreeRef | 33.874 | 0.202 | 34.176 | |
| getPhyloTreeTsbLabel | 34.851 | 0.221 | 35.369 | |
| getSampleInfo | 18.736 | 0.081 | 18.963 | |
| getTree | 34.764 | 0.417 | 35.558 | |
| getTreeMethod | 34.716 | 0.222 | 35.460 | |
| mathScore | 19.252 | 0.104 | 19.764 | |
| mutCluster | 26.864 | 1.118 | 28.369 | |
| mutHeatmap | 36.634 | 0.138 | 37.125 | |
| mutTrunkBranch | 25.821 | 0.246 | 26.704 | |
| plotCNA | 7.869 | 0.216 | 8.125 | |
| plotMutProfile | 24.621 | 0.109 | 24.969 | |
| plotMutSigProfile | 38.121 | 0.275 | 38.610 | |
| plotPhyloTree | 24.496 | 0.108 | 25.132 | |
| readMaf | 20.485 | 0.071 | 20.661 | |
| readSegment | 1.013 | 0.009 | 1.027 | |
| runMesKit | 0.001 | 0.001 | 0.000 | |
| subMaf | 19.936 | 0.081 | 20.153 | |
| testNeutral | 26.856 | 0.129 | 27.550 | |
| triMatrix | 26.058 | 0.392 | 26.821 | |