Back to Multiple platform build/check report for BioC 3.21: simplified long |
|
This page was generated on 2025-02-11 11:43 -0500 (Tue, 11 Feb 2025).
Hostname | OS | Arch (*) | R version | Installed pkgs |
---|---|---|---|---|
nebbiolo1 | Linux (Ubuntu 24.04.1 LTS) | x86_64 | R Under development (unstable) (2025-01-20 r87609) -- "Unsuffered Consequences" | 4719 |
palomino7 | Windows Server 2022 Datacenter | x64 | R Under development (unstable) (2025-01-21 r87610 ucrt) -- "Unsuffered Consequences" | 4480 |
lconway | macOS 12.7.1 Monterey | x86_64 | R Under development (unstable) (2025-01-22 r87618) -- "Unsuffered Consequences" | 4491 |
kjohnson3 | macOS 13.7.1 Ventura | arm64 | R Under development (unstable) (2025-01-20 r87609) -- "Unsuffered Consequences" | 4444 |
Click on any hostname to see more info about the system (e.g. compilers) (*) as reported by 'uname -p', except on Windows and Mac OS X |
Package 1198/2295 | Hostname | OS / Arch | INSTALL | BUILD | CHECK | BUILD BIN | ||||||||
MesKit 1.17.0 (landing page) Mengni Liu
| nebbiolo1 | Linux (Ubuntu 24.04.1 LTS) / x86_64 | OK | OK | WARNINGS | ![]() | ||||||||
palomino7 | Windows Server 2022 Datacenter / x64 | OK | OK | WARNINGS | OK | ![]() | ||||||||
lconway | macOS 12.7.1 Monterey / x86_64 | OK | OK | WARNINGS | OK | ![]() | ||||||||
kjohnson3 | macOS 13.7.1 Ventura / arm64 | OK | OK | WARNINGS | OK | ![]() | ||||||||
To the developers/maintainers of the MesKit package: - Allow up to 24 hours (and sometimes 48 hours) for your latest push to git@git.bioconductor.org:packages/MesKit.git to reflect on this report. See Troubleshooting Build Report for more information. - Use the following Renviron settings to reproduce errors and warnings. - If 'R CMD check' started to fail recently on the Linux builder(s) over a missing dependency, add the missing dependency to 'Suggests:' in your DESCRIPTION file. See Renviron.bioc for more information. |
Package: MesKit |
Version: 1.17.0 |
Command: /Library/Frameworks/R.framework/Resources/bin/R CMD check --install=check:MesKit.install-out.txt --library=/Library/Frameworks/R.framework/Resources/library --no-vignettes --timings MesKit_1.17.0.tar.gz |
StartedAt: 2025-02-10 20:01:03 -0500 (Mon, 10 Feb 2025) |
EndedAt: 2025-02-10 20:03:57 -0500 (Mon, 10 Feb 2025) |
EllapsedTime: 174.1 seconds |
RetCode: 0 |
Status: WARNINGS |
CheckDir: MesKit.Rcheck |
Warnings: 1 |
############################################################################## ############################################################################## ### ### Running command: ### ### /Library/Frameworks/R.framework/Resources/bin/R CMD check --install=check:MesKit.install-out.txt --library=/Library/Frameworks/R.framework/Resources/library --no-vignettes --timings MesKit_1.17.0.tar.gz ### ############################################################################## ############################################################################## * using log directory ‘/Users/biocbuild/bbs-3.21-bioc/meat/MesKit.Rcheck’ * using R Under development (unstable) (2025-01-20 r87609) * using platform: aarch64-apple-darwin20 * R was compiled by Apple clang version 14.0.0 (clang-1400.0.29.202) GNU Fortran (GCC) 14.2.0 * running under: macOS Ventura 13.7.1 * using session charset: UTF-8 * using option ‘--no-vignettes’ * checking for file ‘MesKit/DESCRIPTION’ ... OK * checking extension type ... Package * this is package ‘MesKit’ version ‘1.17.0’ * package encoding: UTF-8 * checking package namespace information ... OK * checking package dependencies ... OK * checking if this is a source package ... OK * checking if there is a namespace ... OK * checking for hidden files and directories ... OK * checking for portable file names ... OK * checking for sufficient/correct file permissions ... OK * checking whether package ‘MesKit’ can be installed ... WARNING Found the following significant warnings: Warning: replacing previous import ‘ape::degree’ by ‘circlize::degree’ when loading ‘MesKit’ Warning: replacing previous import ‘ape::where’ by ‘dplyr::where’ when loading ‘MesKit’ See ‘/Users/biocbuild/bbs-3.21-bioc/meat/MesKit.Rcheck/00install.out’ for details. * checking installed package size ... INFO installed size is 5.9Mb sub-directories of 1Mb or more: extdata 4.9Mb * checking package directory ... OK * checking ‘build’ directory ... OK * checking DESCRIPTION meta-information ... OK * checking top-level files ... NOTE File LICENSE is not mentioned in the DESCRIPTION file. * checking for left-over files ... OK * checking index information ... OK * checking package subdirectories ... OK * checking code files for non-ASCII characters ... OK * checking R files for syntax errors ... OK * checking whether the package can be loaded ... OK * checking whether the package can be loaded with stated dependencies ... OK * checking whether the package can be unloaded cleanly ... OK * checking whether the namespace can be loaded with stated dependencies ... OK * checking whether the namespace can be unloaded cleanly ... OK * checking dependencies in R code ... OK * checking S3 generic/method consistency ... OK * checking replacement functions ... OK * checking foreign function calls ... OK * checking R code for possible problems ... NOTE calJSI : processJSI: no visible binding for global variable ‘CCF’ cna2gene: no visible global function definition for ‘genes’ cna2gene: no visible binding for global variable ‘org.Hs.eg.db’ cna2gene: no visible binding for global variable ‘seqnames’ cna2gene: no visible binding for global variable ‘Chromosome’ cna2gene: no visible binding for global variable ‘Hugo_Symbol’ cna2gene: no visible binding for global variable ‘Start_Position’ cna2gene: no visible binding for global variable ‘End_Position’ cna2gene: no visible binding for global variable ‘i.End_Position’ cna2gene: no visible binding for global variable ‘i.Start_Position’ cna2gene: no visible binding for global variable ‘Patient_ID’ cna2gene: no visible binding for global variable ‘Tumor_Sample_Barcode’ cna2gene: no visible binding for global variable ‘seg_id’ cna2gene: no visible binding for global variable ‘overlap_width’ copyNumberFilter: no visible binding for global variable ‘Patient_ID’ drawVAFCombine: no visible binding for global variable ‘V’ drawVAFCombineVline: no visible binding for global variable ‘V’ fitSignatures : processFitSig: no visible binding for global variable ‘Branch’ fitSignatures : processFitSig: no visible binding for global variable ‘Original’ fitSignatures : processFitSig: no visible binding for global variable ‘Reconstructed’ mutCluster : processVafcluster_sample: no visible binding for global variable ‘cluster’ plotCNA: no visible binding for global variable ‘Cytoband’ plotCNA: no visible binding for global variable ‘Cytoband_pos’ plotCNA: no visible binding for global variable ‘gene_id’ plotCNA: no visible binding for global variable ‘gene_pos’ plotCNA: no visible binding for global variable ‘Hugo_Symbol’ plotTree: no visible binding for global variable ‘is.match’ plotTree: no visible binding for global variable ‘x’ plotTree: no visible binding for global variable ‘y’ plotTree: no visible binding for global variable ‘xend’ plotTree: no visible binding for global variable ‘yend’ Undefined global functions or variables: Branch CCF Chromosome Cytoband Cytoband_pos End_Position Hugo_Symbol Original Patient_ID Reconstructed Start_Position Tumor_Sample_Barcode V cluster gene_id gene_pos genes i.End_Position i.Start_Position is.match org.Hs.eg.db overlap_width seg_id seqnames x xend y yend * checking Rd files ... OK * checking Rd metadata ... OK * checking Rd cross-references ... OK * checking for missing documentation entries ... OK * checking for code/documentation mismatches ... OK * checking Rd \usage sections ... OK * checking Rd contents ... OK * checking for unstated dependencies in examples ... OK * checking files in ‘vignettes’ ... OK * checking examples ... OK Examples with CPU (user + system) or elapsed time > 5s user system elapsed cna2gene 8.936 0.315 8.253 calFst 5.081 0.093 4.716 getPhyloTreePatient 4.982 0.128 4.692 getBinaryMatrix 4.785 0.251 4.623 * checking for unstated dependencies in vignettes ... OK * checking package vignettes ... OK * checking running R code from vignettes ... SKIPPED * checking re-building of vignette outputs ... SKIPPED * checking PDF version of manual ... OK * DONE Status: 1 WARNING, 2 NOTEs See ‘/Users/biocbuild/bbs-3.21-bioc/meat/MesKit.Rcheck/00check.log’ for details.
MesKit.Rcheck/00install.out
############################################################################## ############################################################################## ### ### Running command: ### ### /Library/Frameworks/R.framework/Resources/bin/R CMD INSTALL MesKit ### ############################################################################## ############################################################################## * installing to library ‘/Library/Frameworks/R.framework/Versions/4.5-arm64/Resources/library’ * installing *source* package ‘MesKit’ ... ** this is package ‘MesKit’ version ‘1.17.0’ ** using staged installation ** R ** inst ** byte-compile and prepare package for lazy loading Warning: replacing previous import ‘ape::degree’ by ‘circlize::degree’ when loading ‘MesKit’ Warning: replacing previous import ‘ape::where’ by ‘dplyr::where’ when loading ‘MesKit’ ** help *** installing help indices ** building package indices ** installing vignettes ** testing if installed package can be loaded from temporary location Warning: replacing previous import ‘ape::degree’ by ‘circlize::degree’ when loading ‘MesKit’ Warning: replacing previous import ‘ape::where’ by ‘dplyr::where’ when loading ‘MesKit’ ** testing if installed package can be loaded from final location Warning: replacing previous import ‘ape::degree’ by ‘circlize::degree’ when loading ‘MesKit’ Warning: replacing previous import ‘ape::where’ by ‘dplyr::where’ when loading ‘MesKit’ ** testing if installed package keeps a record of temporary installation path * DONE (MesKit)
MesKit.Rcheck/MesKit-Ex.timings
name | user | system | elapsed | |
calFst | 5.081 | 0.093 | 4.716 | |
calJSI | 3.301 | 0.075 | 2.984 | |
calNeiDist | 3.694 | 0.076 | 3.354 | |
ccfAUC | 3.167 | 0.050 | 2.800 | |
classifyMut | 2.651 | 0.155 | 2.395 | |
cna2gene | 8.936 | 0.315 | 8.253 | |
compareCCF | 3.304 | 0.294 | 3.259 | |
compareTree | 3.763 | 0.081 | 3.236 | |
fitSignatures | 3.293 | 0.115 | 2.996 | |
getBinaryMatrix | 4.785 | 0.251 | 4.623 | |
getBootstrapValue | 4.311 | 0.203 | 4.094 | |
getBranchType | 4.351 | 0.184 | 4.119 | |
getCCFMatrix | 4.448 | 0.211 | 4.261 | |
getMafData | 2.180 | 0.022 | 1.991 | |
getMafPatient | 2.235 | 0.062 | 2.099 | |
getMafRef | 2.207 | 0.021 | 2.012 | |
getMutBranches | 4.535 | 0.240 | 4.357 | |
getNonSyn_vc | 2.146 | 0.024 | 1.953 | |
getPhyloTree | 4.454 | 0.203 | 4.246 | |
getPhyloTreePatient | 4.982 | 0.128 | 4.692 | |
getPhyloTreeRef | 4.257 | 0.172 | 4.008 | |
getPhyloTreeTsbLabel | 4.385 | 0.187 | 4.183 | |
getSampleInfo | 2.153 | 0.023 | 2.046 | |
getTree | 4.439 | 0.207 | 4.306 | |
getTreeMethod | 4.323 | 0.183 | 4.262 | |
mathScore | 2.258 | 0.042 | 2.073 | |
mutCluster | 3.095 | 0.181 | 2.868 | |
mutHeatmap | 4.057 | 0.065 | 3.702 | |
mutTrunkBranch | 3.120 | 0.106 | 2.895 | |
plotCNA | 1.514 | 0.074 | 1.027 | |
plotMutProfile | 3.121 | 0.071 | 2.814 | |
plotMutSigProfile | 4.765 | 0.115 | 4.683 | |
plotPhyloTree | 2.739 | 0.069 | 2.511 | |
readMaf | 2.232 | 0.045 | 2.128 | |
readSegment | 0.244 | 0.020 | 0.146 | |
runMesKit | 0 | 0 | 0 | |
subMaf | 2.196 | 0.077 | 2.065 | |
testNeutral | 2.956 | 0.066 | 2.866 | |
triMatrix | 3.017 | 0.112 | 2.810 | |