Back to Multiple platform build/check report for BioC 3.21: simplified long |
|
This page was generated on 2025-02-13 11:40 -0500 (Thu, 13 Feb 2025).
Hostname | OS | Arch (*) | R version | Installed pkgs |
---|---|---|---|---|
nebbiolo1 | Linux (Ubuntu 24.04.1 LTS) | x86_64 | R Under development (unstable) (2025-01-20 r87609) -- "Unsuffered Consequences" | 4719 |
palomino7 | Windows Server 2022 Datacenter | x64 | R Under development (unstable) (2025-01-21 r87610 ucrt) -- "Unsuffered Consequences" | 4481 |
lconway | macOS 12.7.1 Monterey | x86_64 | R Under development (unstable) (2025-01-22 r87618) -- "Unsuffered Consequences" | 4492 |
kjohnson3 | macOS 13.7.1 Ventura | arm64 | R Under development (unstable) (2025-01-20 r87609) -- "Unsuffered Consequences" | 4445 |
Click on any hostname to see more info about the system (e.g. compilers) (*) as reported by 'uname -p', except on Windows and Mac OS X |
Package 1317/2295 | Hostname | OS / Arch | INSTALL | BUILD | CHECK | BUILD BIN | ||||||||
MOSim 2.3.0 (landing page) Sonia Tarazona
| nebbiolo1 | Linux (Ubuntu 24.04.1 LTS) / x86_64 | OK | OK | WARNINGS | ![]() | ||||||||
palomino7 | Windows Server 2022 Datacenter / x64 | OK | OK | WARNINGS | OK | ![]() | ||||||||
lconway | macOS 12.7.1 Monterey / x86_64 | OK | OK | WARNINGS | OK | ![]() | ||||||||
kjohnson3 | macOS 13.7.1 Ventura / arm64 | OK | OK | WARNINGS | OK | ![]() | ||||||||
To the developers/maintainers of the MOSim package: - Allow up to 24 hours (and sometimes 48 hours) for your latest push to git@git.bioconductor.org:packages/MOSim.git to reflect on this report. See Troubleshooting Build Report for more information. - Use the following Renviron settings to reproduce errors and warnings. - If 'R CMD check' started to fail recently on the Linux builder(s) over a missing dependency, add the missing dependency to 'Suggests:' in your DESCRIPTION file. See Renviron.bioc for more information. |
Package: MOSim |
Version: 2.3.0 |
Command: /home/biocbuild/bbs-3.21-bioc/R/bin/R CMD check --install=check:MOSim.install-out.txt --library=/home/biocbuild/bbs-3.21-bioc/R/site-library --timings MOSim_2.3.0.tar.gz |
StartedAt: 2025-02-13 00:24:30 -0500 (Thu, 13 Feb 2025) |
EndedAt: 2025-02-13 00:44:34 -0500 (Thu, 13 Feb 2025) |
EllapsedTime: 1203.8 seconds |
RetCode: 0 |
Status: WARNINGS |
CheckDir: MOSim.Rcheck |
Warnings: 1 |
############################################################################## ############################################################################## ### ### Running command: ### ### /home/biocbuild/bbs-3.21-bioc/R/bin/R CMD check --install=check:MOSim.install-out.txt --library=/home/biocbuild/bbs-3.21-bioc/R/site-library --timings MOSim_2.3.0.tar.gz ### ############################################################################## ############################################################################## * using log directory ‘/home/biocbuild/bbs-3.21-bioc/meat/MOSim.Rcheck’ * using R Under development (unstable) (2025-01-20 r87609) * using platform: x86_64-pc-linux-gnu * R was compiled by gcc (Ubuntu 13.3.0-6ubuntu2~24.04) 13.3.0 GNU Fortran (Ubuntu 13.3.0-6ubuntu2~24.04) 13.3.0 * running under: Ubuntu 24.04.1 LTS * using session charset: UTF-8 * checking for file ‘MOSim/DESCRIPTION’ ... OK * this is package ‘MOSim’ version ‘2.3.0’ * package encoding: UTF-8 * checking package namespace information ... OK * checking package dependencies ... OK * checking if this is a source package ... OK * checking if there is a namespace ... OK * checking for hidden files and directories ... OK * checking for portable file names ... OK * checking for sufficient/correct file permissions ... OK * checking whether package ‘MOSim’ can be installed ... WARNING Found the following significant warnings: Warning: replacing previous import ‘dplyr::count’ by ‘matrixStats::count’ when loading ‘MOSim’ See ‘/home/biocbuild/bbs-3.21-bioc/meat/MOSim.Rcheck/00install.out’ for details. * used C++ compiler: ‘g++ (Ubuntu 13.3.0-6ubuntu2~24.04) 13.3.0’ * checking installed package size ... INFO installed size is 7.0Mb sub-directories of 1Mb or more: data 5.9Mb * checking package directory ... OK * checking ‘build’ directory ... OK * checking DESCRIPTION meta-information ... OK * checking top-level files ... OK * checking for left-over files ... OK * checking index information ... OK * checking package subdirectories ... OK * checking code files for non-ASCII characters ... OK * checking R files for syntax errors ... OK * checking whether the package can be loaded ... OK * checking whether the package can be loaded with stated dependencies ... OK * checking whether the package can be unloaded cleanly ... OK * checking whether the namespace can be loaded with stated dependencies ... OK * checking whether the namespace can be unloaded cleanly ... OK * checking loading without being on the library search path ... OK * checking whether startup messages can be suppressed ... OK * checking dependencies in R code ... OK * checking S3 generic/method consistency ... OK * checking replacement functions ... OK * checking foreign function calls ... OK * checking R code for possible problems ... NOTE make_association_dataframe : keep_remaining: no visible binding for global variable ‘Freq.a’ make_association_dataframe : keep_remaining: no visible binding for global variable ‘Freq.ao’ make_association_dataframe : keep_remaining: no visible binding for global variable ‘cluster’ make_association_dataframe : keep_remaining: no visible binding for global variable ‘Freq’ make_association_dataframe : keep_remaining2: no visible binding for global variable ‘Freq.a’ make_association_dataframe : keep_remaining2: no visible binding for global variable ‘Freq.ao’ make_association_dataframe : keep_remaining2: no visible binding for global variable ‘cluster’ make_association_dataframe : keep_remaining2: no visible binding for global variable ‘Freq’ make_association_dataframe: no visible binding for global variable ‘Peak_ID’ make_association_dataframe: no visible binding for global variable ‘Gene_ID’ Undefined global functions or variables: Freq Freq.a Freq.ao Gene_ID Peak_ID cluster * checking Rd files ... NOTE checkRd: (-1) TF_human.Rd:12: Lost braces; missing escapes or markup? 12 | @source {https://tflink.net/} | ^ checkRd: (-1) associationList.Rd:14: Lost braces; missing escapes or markup? 14 | @source {Created in-house to serve as an example} | ^ checkRd: (-1) sc_mosim.Rd:94: Lost braces; missing escapes or markup? 94 | {https://tflink.net/}} | ^ checkRd: (-1) scatac.Rd:14-15: Lost braces 14 | @source {https://github.com/satijalab/seurat-data, we took 11 cells | ^ checkRd: (-1) scrna.Rd:14-15: Lost braces 14 | @source {https://github.com/satijalab/seurat-data, we took 11 cells | ^ checkRd: (-1) scrna.Rd:23-28: Lost braces 23 | for (cell_type in unique_cell_types) { | ^ * checking Rd metadata ... OK * checking Rd cross-references ... OK * checking for missing documentation entries ... OK * checking for code/documentation mismatches ... OK * checking Rd \usage sections ... OK * checking Rd contents ... OK * checking for unstated dependencies in examples ... OK * checking contents of ‘data’ directory ... OK * checking data for non-ASCII characters ... OK * checking data for ASCII and uncompressed saves ... OK * checking line endings in C/C++/Fortran sources/headers ... OK * checking compiled code ... NOTE Note: information on .o files is not available * checking files in ‘vignettes’ ... OK * checking examples ... OK Examples with CPU (user + system) or elapsed time > 5s user system elapsed omicSettings 76.181 0.758 76.978 discretize 74.202 0.977 75.217 omicSim 66.226 0.341 66.570 plotProfile 64.847 0.415 65.263 sc_mosim 50.168 0.468 50.636 experimentalDesign 49.978 0.226 50.218 omicResults 49.524 0.283 49.860 mosim 48.654 0.196 48.903 sc_omicResults 44.292 0.319 44.611 sc_omicSettings 43.831 0.264 44.094 make_cluster_patterns 14.169 0.096 14.266 * checking for unstated dependencies in ‘tests’ ... OK * checking tests ... Running ‘testthat.R’ OK * checking for unstated dependencies in vignettes ... OK * checking package vignettes ... OK * checking re-building of vignette outputs ... OK * checking PDF version of manual ... OK * DONE Status: 1 WARNING, 3 NOTEs See ‘/home/biocbuild/bbs-3.21-bioc/meat/MOSim.Rcheck/00check.log’ for details.
MOSim.Rcheck/00install.out
############################################################################## ############################################################################## ### ### Running command: ### ### /home/biocbuild/bbs-3.21-bioc/R/bin/R CMD INSTALL MOSim ### ############################################################################## ############################################################################## * installing to library ‘/home/biocbuild/bbs-3.21-bioc/R/site-library’ * installing *source* package ‘MOSim’ ... ** this is package ‘MOSim’ version ‘2.3.0’ ** using staged installation ** libs using C++ compiler: ‘g++ (Ubuntu 13.3.0-6ubuntu2~24.04) 13.3.0’ g++ -std=gnu++17 -I"/home/biocbuild/bbs-3.21-bioc/R/include" -DNDEBUG -I'/home/biocbuild/bbs-3.21-bioc/R/site-library/cpp11/include' -I'/home/biocbuild/bbs-3.21-bioc/R/site-library/Rcpp/include' -I/usr/local/include -fpic -g -O2 -DR_NO_REMAP -c Random_number.cpp -o Random_number.o g++ -std=gnu++17 -shared -L/home/biocbuild/bbs-3.21-bioc/R/lib -L/usr/local/lib -o MOSim.so Random_number.o -L/home/biocbuild/bbs-3.21-bioc/R/lib -lR installing to /home/biocbuild/bbs-3.21-bioc/R/site-library/00LOCK-MOSim/00new/MOSim/libs ** R ** data ** inst ** byte-compile and prepare package for lazy loading Warning: replacing previous import ‘dplyr::count’ by ‘matrixStats::count’ when loading ‘MOSim’ Creating a new generic function for ‘simulate’ in package ‘MOSim’ ** help *** installing help indices ** building package indices ** installing vignettes ** testing if installed package can be loaded from temporary location Warning: replacing previous import ‘dplyr::count’ by ‘matrixStats::count’ when loading ‘MOSim’ ** checking absolute paths in shared objects and dynamic libraries ** testing if installed package can be loaded from final location Warning: replacing previous import ‘dplyr::count’ by ‘matrixStats::count’ when loading ‘MOSim’ ** testing if installed package keeps a record of temporary installation path * DONE (MOSim)
MOSim.Rcheck/tests/testthat.Rout
R Under development (unstable) (2025-01-20 r87609) -- "Unsuffered Consequences" Copyright (C) 2025 The R Foundation for Statistical Computing Platform: x86_64-pc-linux-gnu R is free software and comes with ABSOLUTELY NO WARRANTY. You are welcome to redistribute it under certain conditions. Type 'license()' or 'licence()' for distribution details. R is a collaborative project with many contributors. Type 'contributors()' for more information and 'citation()' on how to cite R or R packages in publications. Type 'demo()' for some demos, 'help()' for on-line help, or 'help.start()' for an HTML browser interface to help. Type 'q()' to quit R. > library(testthat) > #library(MOSim) > > #test_check("MOSim") > > proc.time() user system elapsed 0.308 0.049 0.344
MOSim.Rcheck/MOSim-Ex.timings
name | user | system | elapsed | |
calculate_mean_per_list_df | 0.004 | 0.000 | 0.004 | |
check_patterns | 0.01 | 0.00 | 0.01 | |
discretize | 74.202 | 0.977 | 75.217 | |
experimentalDesign | 49.978 | 0.226 | 50.218 | |
make_cluster_patterns | 14.169 | 0.096 | 14.266 | |
match_gene_regulator | 0.019 | 0.002 | 0.021 | |
match_gene_regulator_cluster | 0.051 | 0.000 | 0.051 | |
mosim | 48.654 | 0.196 | 48.903 | |
omicData | 3.283 | 0.048 | 3.331 | |
omicResults | 49.524 | 0.283 | 49.860 | |
omicSettings | 76.181 | 0.758 | 76.978 | |
omicSim | 66.226 | 0.341 | 66.570 | |
plotProfile | 64.847 | 0.415 | 65.263 | |
sc_mosim | 50.168 | 0.468 | 50.636 | |
sc_omicData | 0.852 | 0.010 | 0.861 | |
sc_omicResults | 44.292 | 0.319 | 44.611 | |
sc_omicSettings | 43.831 | 0.264 | 44.094 | |
sc_param_estimation | 0.146 | 0.001 | 0.148 | |