| Back to Multiple platform build/check report for BioC 3.21: simplified long | 
 | 
This page was generated on 2025-10-16 11:38 -0400 (Thu, 16 Oct 2025).
| Hostname | OS | Arch (*) | R version | Installed pkgs | 
|---|---|---|---|---|
| nebbiolo1 | Linux (Ubuntu 24.04.3 LTS) | x86_64 | 4.5.1 (2025-06-13) -- "Great Square Root" | 4833 | 
| merida1 | macOS 12.7.6 Monterey | x86_64 | 4.5.1 RC (2025-06-05 r88288) -- "Great Square Root" | 4614 | 
| kjohnson1 | macOS 13.7.5 Ventura | arm64 | 4.5.1 Patched (2025-06-14 r88325) -- "Great Square Root" | 4555 | 
| kunpeng2 | Linux (openEuler 24.03 LTS) | aarch64 | R Under development (unstable) (2025-02-19 r87757) -- "Unsuffered Consequences" | 4586 | 
| Click on any hostname to see more info about the system (e.g. compilers) (*) as reported by 'uname -p', except on Windows and Mac OS X | ||||
| Package 989/2341 | Hostname | OS / Arch | INSTALL | BUILD | CHECK | BUILD BIN | ||||||||
| HiTC 1.52.0  (landing page) Nicolas Servant 
 | nebbiolo1 | Linux (Ubuntu 24.04.3 LTS) / x86_64 | OK | OK | WARNINGS |  | ||||||||
| merida1 | macOS 12.7.6 Monterey / x86_64 | OK | OK | WARNINGS | OK |  | ||||||||
| kjohnson1 | macOS 13.7.5 Ventura / arm64 | OK | OK | WARNINGS | OK |  | ||||||||
| kunpeng2 | Linux (openEuler 24.03 LTS) / aarch64 | OK | OK | WARNINGS | ||||||||||
| To the developers/maintainers of the HiTC package: - Allow up to 24 hours (and sometimes 48 hours) for your latest push to git@git.bioconductor.org:packages/HiTC.git to reflect on this report. See Troubleshooting Build Report for more information. - Use the following Renviron settings to reproduce errors and warnings. - If 'R CMD check' started to fail recently on the Linux builder(s) over a missing dependency, add the missing dependency to 'Suggests:' in your DESCRIPTION file. See Renviron.bioc for more information. | 
| Package: HiTC | 
| Version: 1.52.0 | 
| Command: /home/biocbuild/bbs-3.21-bioc/R/bin/R CMD check --install=check:HiTC.install-out.txt --library=/home/biocbuild/bbs-3.21-bioc/R/site-library --timings HiTC_1.52.0.tar.gz | 
| StartedAt: 2025-10-16 00:07:26 -0400 (Thu, 16 Oct 2025) | 
| EndedAt: 2025-10-16 00:13:20 -0400 (Thu, 16 Oct 2025) | 
| EllapsedTime: 353.5 seconds | 
| RetCode: 0 | 
| Status: WARNINGS | 
| CheckDir: HiTC.Rcheck | 
| Warnings: 2 | 
##############################################################################
##############################################################################
###
### Running command:
###
###   /home/biocbuild/bbs-3.21-bioc/R/bin/R CMD check --install=check:HiTC.install-out.txt --library=/home/biocbuild/bbs-3.21-bioc/R/site-library --timings HiTC_1.52.0.tar.gz
###
##############################################################################
##############################################################################
* using log directory ‘/home/biocbuild/bbs-3.21-bioc/meat/HiTC.Rcheck’
* using R version 4.5.1 (2025-06-13)
* using platform: x86_64-pc-linux-gnu
* R was compiled by
    gcc (Ubuntu 13.3.0-6ubuntu2~24.04) 13.3.0
    GNU Fortran (Ubuntu 13.3.0-6ubuntu2~24.04) 13.3.0
* running under: Ubuntu 24.04.3 LTS
* using session charset: UTF-8
* checking for file ‘HiTC/DESCRIPTION’ ... OK
* checking extension type ... Package
* this is package ‘HiTC’ version ‘1.52.0’
* checking package namespace information ... OK
* checking package dependencies ... OK
* checking if this is a source package ... OK
* checking if there is a namespace ... OK
* checking for hidden files and directories ... OK
* checking for portable file names ... OK
* checking for sufficient/correct file permissions ... OK
* checking whether package ‘HiTC’ can be installed ... OK
* checking installed package size ... OK
* checking package directory ... OK
* checking ‘build’ directory ... OK
* checking DESCRIPTION meta-information ... OK
* checking top-level files ... OK
* checking for left-over files ... OK
* checking index information ... OK
* checking package subdirectories ... NOTE
Problems with news in ‘NEWS’:
  Cannot process chunk/lines:
    SIGNIFICANT USER-VISIBLE CHANGES
  Cannot process chunk/lines:
    BUG FIXES
  Cannot process chunk/lines:
    NEW FEATURES
* checking code files for non-ASCII characters ... OK
* checking R files for syntax errors ... OK
* checking whether the package can be loaded ... OK
* checking whether the package can be loaded with stated dependencies ... OK
* checking whether the package can be unloaded cleanly ... OK
* checking whether the namespace can be loaded with stated dependencies ... OK
* checking whether the namespace can be unloaded cleanly ... OK
* checking loading without being on the library search path ... OK
* checking dependencies in R code ... OK
* checking S3 generic/method consistency ... OK
* checking replacement functions ... OK
* checking foreign function calls ... OK
* checking R code for possible problems ... NOTE
directionalityIndex: no visible global function definition for
  ‘subjectHits’
directionalityIndex: no visible global function definition for
  ‘queryHits’
getBlocsIndex: no visible global function definition for ‘Rle’
getExpectedCountsMean: no visible global function definition for ‘Rle’
normLGF: no visible global function definition for ‘glm.nb’
slidingWindow: no visible binding for global variable ‘consV’
splitCombinedContacts : <anonymous>: no visible global function
  definition for ‘seqlevels<-’
divide,HTCexp-HTCexp: no visible global function definition for
  ‘queryHits’
divide,HTCexp-HTCexp: no visible global function definition for
  ‘subjectHits’
isBinned,HTCexp: no visible global function definition for
  ‘countMatches’
substract,HTCexp-HTCexp: no visible global function definition for
  ‘queryHits’
substract,HTCexp-HTCexp: no visible global function definition for
  ‘subjectHits’
Undefined global functions or variables:
  Rle consV countMatches glm.nb queryHits seqlevels<- subjectHits
* checking Rd files ... WARNING
checkRd: (5) HTClist-class.Rd:52-54: \item in \describe must have non-empty label
* checking Rd metadata ... OK
* checking Rd cross-references ... NOTE
Found the following Rd file(s) with Rd \link{} targets missing package
anchors:
  import.my5C.Rd: Matrix-class
Please provide package anchors for all Rd \link{} targets not in the
package itself and the base packages.
* checking for missing documentation entries ... OK
* checking for code/documentation mismatches ... OK
* checking Rd \usage sections ... OK
* checking Rd contents ... OK
* checking for unstated dependencies in examples ... OK
* checking contents of ‘data’ directory ... OK
* checking data for non-ASCII characters ... OK
* checking data for ASCII and uncompressed saves ... OK
* checking files in ‘vignettes’ ... OK
* checking examples ... OK
Examples with CPU (user + system) or elapsed time > 5s
                      user system elapsed
directionalityIndex 16.704  0.531  17.242
CQC                  4.915  0.096   5.011
* checking for unstated dependencies in vignettes ... OK
* checking package vignettes ... OK
* checking re-building of vignette outputs ... WARNING
Warnings in re-building vignettes:
  Warning: file stem ‘./HiTC-plot1’ is not portable
  Warning: file stem ‘./HiTC-plot2’ is not portable
  Warning: file stem ‘./HiTC-normICE’ is not portable
  Warning: file stem ‘./HiTC-tads’ is not portable
  Warning: file stem ‘./HiTC-di’ is not portable
  Warning: file stem ‘./HiTC-qcc’ is not portable
  Warning: file stem ‘./HiTC-bin5C’ is not portable
  Warning: file stem ‘./HiTC-norm5Cznorm’ is not portable
  Warning: file stem ‘./HiTC-annot5C’ is not portable
  Warning: file stem ‘./HiTC-comp5C’ is not portable
  Warning: file stem ‘./HiTC-mapClist’ is not portable
  Warning: file stem ‘./HiTC-mapChic’ is not portable
  Warning: file stem ‘./HiTC-mapNormhic’ is not portable
  Warning: file stem ‘./HiTC-mapCorhic’ is not portable
  Warning: file stem ‘./HiTC-mapPCAhic’ is not portable
* checking PDF version of manual ... OK
* DONE
Status: 2 WARNINGs, 3 NOTEs
See
  ‘/home/biocbuild/bbs-3.21-bioc/meat/HiTC.Rcheck/00check.log’
for details.
HiTC.Rcheck/00install.out
############################################################################## ############################################################################## ### ### Running command: ### ### /home/biocbuild/bbs-3.21-bioc/R/bin/R CMD INSTALL HiTC ### ############################################################################## ############################################################################## * installing to library ‘/home/biocbuild/bbs-3.21-bioc/R/site-library’ * installing *source* package ‘HiTC’ ... ** this is package ‘HiTC’ version ‘1.52.0’ ** using staged installation ** R ** data ** inst ** byte-compile and prepare package for lazy loading ** help *** installing help indices ** building package indices ** installing vignettes ** testing if installed package can be loaded from temporary location ** testing if installed package can be loaded from final location ** testing if installed package keeps a record of temporary installation path * DONE (HiTC)
HiTC.Rcheck/HiTC-Ex.timings
| name | user | system | elapsed | |
| CQC | 4.915 | 0.096 | 5.011 | |
| HTCexp-class | 2.739 | 0.121 | 2.858 | |
| HTClist-class | 1.182 | 0.016 | 1.202 | |
| Nora_5C | 0.167 | 0.000 | 0.168 | |
| binningC | 0.971 | 0.001 | 0.972 | |
| directionalityIndex | 16.704 | 0.531 | 17.242 | |
| discretize | 0 | 0 | 0 | |
| export.my5C | 0 | 0 | 0 | |
| exportC | 0 | 0 | 0 | |
| extractRegion | 0.267 | 0.006 | 0.273 | |
| getAnnotatedRestrictionSites | 0 | 0 | 0 | |
| getExpectedCounts | 1.631 | 0.489 | 1.996 | |
| getPearsonMap | 0.540 | 0.010 | 0.614 | |
| getRestrictionFragmentsPerChromosome | 0.001 | 0.000 | 0.000 | |
| import.my5C | 0.081 | 0.000 | 0.081 | |
| importC | 0 | 0 | 0 | |
| intervalsDist | 0.331 | 0.014 | 0.347 | |
| mapC | 3.351 | 0.095 | 3.447 | |
| normICE | 0 | 0 | 0 | |
| normLGF | 0 | 0 | 0 | |
| pca.hic | 0.409 | 0.003 | 0.413 | |
| removeIntervals | 0.230 | 0.002 | 0.233 | |
| setGenomicFeatures | 0.001 | 0.000 | 0.001 | |
| setIntervalScale | 0.784 | 0.003 | 0.788 | |