Back to Multiple platform build/check report for BioC 3.21:   simplified   long
ABCDEF[G]HIJKLMNOPQRSTUVWXYZ

This page was generated on 2025-01-28 11:47 -0500 (Tue, 28 Jan 2025).

HostnameOSArch (*)R versionInstalled pkgs
nebbiolo1Linux (Ubuntu 24.04.1 LTS)x86_64R Under development (unstable) (2025-01-20 r87609) -- "Unsuffered Consequences" 4659
palomino7Windows Server 2022 Datacenterx64R Under development (unstable) (2025-01-21 r87610 ucrt) -- "Unsuffered Consequences" 4454
lconwaymacOS 12.7.1 Montereyx86_64R Under development (unstable) (2025-01-22 r87618) -- "Unsuffered Consequences" 4465
kjohnson3macOS 13.7.1 Venturaarm64R Under development (unstable) (2025-01-20 r87609) -- "Unsuffered Consequences" 4419
kunpeng2Linux (openEuler 22.03 LTS-SP1)aarch64R Under development (unstable) (2024-11-24 r87369) -- "Unsuffered Consequences" 4409
Click on any hostname to see more info about the system (e.g. compilers)      (*) as reported by 'uname -p', except on Windows and Mac OS X

Package 922/2286HostnameOS / ArchINSTALLBUILDCHECKBUILD BIN
Gviz 1.51.0  (landing page)
Robert Ivanek
Snapshot Date: 2025-01-27 13:40 -0500 (Mon, 27 Jan 2025)
git_url: https://git.bioconductor.org/packages/Gviz
git_branch: devel
git_last_commit: 60a0f4a
git_last_commit_date: 2024-10-29 09:40:11 -0500 (Tue, 29 Oct 2024)
nebbiolo1Linux (Ubuntu 24.04.1 LTS) / x86_64  OK    OK    OK  UNNEEDED, same version is already published
palomino7Windows Server 2022 Datacenter / x64  OK    OK    OK    OK  UNNEEDED, same version is already published
lconwaymacOS 12.7.1 Monterey / x86_64  OK    OK    OK    OK  NO, package depends on 'rtracklayer' which is only available as a source package that needs compilation
kjohnson3macOS 13.7.1 Ventura / arm64  OK    OK    OK    OK  NO, package depends on 'rtracklayer' which is only available as a source package that needs compilation
kunpeng2Linux (openEuler 22.03 LTS-SP1) / aarch64  OK    OK    WARNINGS  


CHECK results for Gviz on kunpeng2

To the developers/maintainers of the Gviz package:
- Allow up to 24 hours (and sometimes 48 hours) for your latest push to git@git.bioconductor.org:packages/Gviz.git to reflect on this report. See Troubleshooting Build Report for more information.
- Use the following Renviron settings to reproduce errors and warnings.
- If 'R CMD check' started to fail recently on the Linux builder(s) over a missing dependency, add the missing dependency to 'Suggests:' in your DESCRIPTION file. See Renviron.bioc for more information.
- See Martin Grigorov's blog post for how to debug Linux ARM64 related issues on a x86_64 host.

raw results


Summary

Package: Gviz
Version: 1.51.0
Command: /home/biocbuild/R/R/bin/R CMD check --install=check:Gviz.install-out.txt --library=/home/biocbuild/R/R/site-library --no-vignettes --timings Gviz_1.51.0.tar.gz
StartedAt: 2025-01-28 11:21:12 -0000 (Tue, 28 Jan 2025)
EndedAt: 2025-01-28 11:32:06 -0000 (Tue, 28 Jan 2025)
EllapsedTime: 654.6 seconds
RetCode: 0
Status:   WARNINGS  
CheckDir: Gviz.Rcheck
Warnings: 6

Command output

##############################################################################
##############################################################################
###
### Running command:
###
###   /home/biocbuild/R/R/bin/R CMD check --install=check:Gviz.install-out.txt --library=/home/biocbuild/R/R/site-library --no-vignettes --timings Gviz_1.51.0.tar.gz
###
##############################################################################
##############################################################################


* using log directory ‘/home/biocbuild/bbs-3.21-bioc/meat/Gviz.Rcheck’
* using R Under development (unstable) (2024-11-24 r87369)
* using platform: aarch64-unknown-linux-gnu
* R was compiled by
    aarch64-unknown-linux-gnu-gcc (GCC) 14.2.0
    GNU Fortran (GCC) 14.2.0
* running under: openEuler 24.03 (LTS)
* using session charset: UTF-8
* using option ‘--no-vignettes’
* checking for file ‘Gviz/DESCRIPTION’ ... OK
* this is package ‘Gviz’ version ‘1.51.0’
* package encoding: UTF-8
* checking package namespace information ... OK
* checking package dependencies ... OK
* checking if this is a source package ... OK
* checking if there is a namespace ... OK
* checking for hidden files and directories ... OK
* checking for portable file names ... OK
* checking for sufficient/correct file permissions ... OK
* checking whether package ‘Gviz’ can be installed ... WARNING
Found the following significant warnings:
  Warning: program compiled against libxml 212 using older 211
See ‘/home/biocbuild/bbs-3.21-bioc/meat/Gviz.Rcheck/00install.out’ for details.
* checking installed package size ... INFO
  installed size is  5.1Mb
  sub-directories of 1Mb or more:
    R         1.7Mb
    extdata   2.5Mb
* checking package directory ... OK
* checking ‘build’ directory ... OK
* checking DESCRIPTION meta-information ... OK
* checking top-level files ... OK
* checking for left-over files ... OK
* checking index information ... OK
* checking package subdirectories ... OK
* checking code files for non-ASCII characters ... OK
* checking R files for syntax errors ... OK
* checking whether the package can be loaded ... OK
* checking whether the package can be loaded with stated dependencies ... OK
* checking whether the package can be unloaded cleanly ... OK
* checking whether the namespace can be loaded with stated dependencies ... NOTE
Warning: program compiled against libxml 212 using older 211

A namespace must be able to be loaded with just the base namespace
loaded: otherwise if the namespace gets loaded by a saved object, the
session will be unable to start.

Probably some imports need to be declared in the NAMESPACE file.
* checking whether the namespace can be unloaded cleanly ... OK
* checking loading without being on the library search path ... OK
* checking whether startup messages can be suppressed ... NOTE
Warning: program compiled against libxml 212 using older 211

It looks like this package (or a package it requires) has a startup
message which cannot be suppressed: see ?packageStartupMessage.
* checking dependencies in R code ... NOTE
Warning: program compiled against libxml 212 using older 211
* checking S3 generic/method consistency ... WARNING
Warning: program compiled against libxml 212 using older 211
See section ‘Generic functions and methods’ in the ‘Writing R
Extensions’ manual.
* checking replacement functions ... WARNING
Warning: program compiled against libxml 212 using older 211
The argument of a replacement function which corresponds to the right
hand side must be named ‘value’.
* checking foreign function calls ... NOTE
Warning: program compiled against libxml 212 using older 211
See chapter ‘System and foreign language interfaces’ in the ‘Writing R
Extensions’ manual.
* checking R code for possible problems ... NOTE
Warning: program compiled against libxml 212 using older 211
* checking Rd files ... OK
* checking Rd metadata ... OK
* checking Rd cross-references ... NOTE
Found the following Rd file(s) with Rd \link{} targets missing package
anchors:
  AlignmentsTrack-class.Rd: IRanges-class, GRanges-class, panel.grid
  AnnotationTrack-class.Rd: IRanges-class, GRanges-class, panel.grid
  BiomartGeneRegionTrack-class.Rd: Mart-class, getBM, GRanges-class,
    IRanges-class, panel.grid
  CustomTrack-class.Rd: GRanges-class, IRanges-class, panel.grid
  DataTrack-class.Rd: IRanges-class, panel.loess, panel.bwplot,
    horizonplot, GRanges-class, panel.grid
  GdObject-class.Rd: GRanges-class, IRanges-class, panel.grid
  GeneRegionTrack-class.Rd: IRanges-class, GRanges-class, panel.grid
  GenomeAxisTrack-class.Rd: GRanges-class, IRanges-class, panel.grid
  HighlightTrack-class.Rd: IRanges-class, GRanges-class, panel.grid
  IdeogramTrack-class.Rd: GRanges-class, IRanges-class, panel.grid
  NumericTrack-class.Rd: GRanges-class, IRanges-class, panel.grid
  OverlayTrack-class.Rd: GRanges-class, IRanges-class, panel.grid
  RangeTrack-class.Rd: GRanges-class, IRanges-class, panel.grid
  ReferenceTrack-class.Rd: GRanges-class, IRanges-class, panel.grid
  SequenceTrack-class.Rd: DNAStringSet-class, DNAString-class,
    BSgenome-class, GRanges-class, IRanges-class, panel.grid
  StackedTrack-class.Rd: GRanges-class, IRanges-class, panel.grid
  settings.Rd: panel.grid, panel.xyplot, panel.bwplot, horizonplot,
    panel.loess
Please provide package anchors for all Rd \link{} targets not in the
package itself and the base packages.
* checking for missing documentation entries ... WARNING
Warning: program compiled against libxml 212 using older 211
All user-level objects in a package should have documentation entries.
See chapter ‘Writing R documentation files’ in the ‘Writing R
Extensions’ manual.
* checking for code/documentation mismatches ... WARNING
Warning: program compiled against libxml 212 using older 211
Warning: program compiled against libxml 212 using older 211
Warning: program compiled against libxml 212 using older 211
* checking Rd \usage sections ... NOTE
Warning: program compiled against libxml 212 using older 211
The \usage entries for S3 methods should use the \method markup and not
their full name.
See chapter ‘Writing R documentation files’ in the ‘Writing R
Extensions’ manual.
* checking Rd contents ... OK
* checking for unstated dependencies in examples ... OK
* checking contents of ‘data’ directory ... OK
* checking data for non-ASCII characters ... WARNING
  Warning: program compiled against libxml 212 using older 211
* checking data for ASCII and uncompressed saves ... OK
* checking files in ‘vignettes’ ... OK
* checking examples ... OK
Examples with CPU (user + system) or elapsed time > 5s
                               user system elapsed
AlignmentsTrack-class        16.968  0.535  17.544
AnnotationTrack-class        10.054  0.040  10.399
GeneRegionTrack-class         9.418  0.026   9.473
plotTracks                    6.577  0.040   6.741
GenomeAxisTrack-class         5.664  0.088   5.763
SequenceTrack-class           5.098  0.236   5.507
BiomartGeneRegionTrack-class  5.073  0.004   5.091
* checking for unstated dependencies in ‘tests’ ... OK
* checking tests ...
  Running ‘testthat.R’
 OK
* checking for unstated dependencies in vignettes ... OK
* checking package vignettes ... OK
* checking running R code from vignettes ... SKIPPED
* checking re-building of vignette outputs ... SKIPPED
* checking PDF version of manual ... OK
* DONE

Status: 6 WARNINGs, 7 NOTEs
See
  ‘/home/biocbuild/bbs-3.21-bioc/meat/Gviz.Rcheck/00check.log’
for details.


Installation output

Gviz.Rcheck/00install.out

##############################################################################
##############################################################################
###
### Running command:
###
###   /home/biocbuild/R/R/bin/R CMD INSTALL Gviz
###
##############################################################################
##############################################################################


* installing to library ‘/home/biocbuild/R/R-4.5.0-devel_2024-11-24/site-library’
* installing *source* package ‘Gviz’ ...
** using staged installation
** R
** data
** inst
** byte-compile and prepare package for lazy loading
Warning: program compiled against libxml 212 using older 211
** help
*** installing help indices
** building package indices
** installing vignettes
** testing if installed package can be loaded from temporary location
Warning: program compiled against libxml 212 using older 211
** testing if installed package can be loaded from final location
Warning: program compiled against libxml 212 using older 211
** testing if installed package keeps a record of temporary installation path
* DONE (Gviz)

Tests output

Gviz.Rcheck/tests/testthat.Rout


R Under development (unstable) (2024-11-24 r87369) -- "Unsuffered Consequences"
Copyright (C) 2024 The R Foundation for Statistical Computing
Platform: aarch64-unknown-linux-gnu

R is free software and comes with ABSOLUTELY NO WARRANTY.
You are welcome to redistribute it under certain conditions.
Type 'license()' or 'licence()' for distribution details.

R is a collaborative project with many contributors.
Type 'contributors()' for more information and
'citation()' on how to cite R or R packages in publications.

Type 'demo()' for some demos, 'help()' for on-line help, or
'help.start()' for an HTML browser interface to help.
Type 'q()' to quit R.

> library(testthat)
> library(Gviz)
Loading required package: S4Vectors
Loading required package: stats4
Loading required package: BiocGenerics
Loading required package: generics

Attaching package: 'generics'

The following objects are masked from 'package:base':

    as.difftime, as.factor, as.ordered, intersect, is.element, setdiff,
    setequal, union


Attaching package: 'BiocGenerics'

The following objects are masked from 'package:stats':

    IQR, mad, sd, var, xtabs

The following objects are masked from 'package:base':

    Filter, Find, Map, Position, Reduce, anyDuplicated, aperm, append,
    as.data.frame, basename, cbind, colnames, dirname, do.call,
    duplicated, eval, evalq, get, grep, grepl, is.unsorted, lapply,
    mapply, match, mget, order, paste, pmax, pmax.int, pmin, pmin.int,
    rank, rbind, rownames, sapply, saveRDS, table, tapply, unique,
    unsplit, which.max, which.min


Attaching package: 'S4Vectors'

The following object is masked from 'package:utils':

    findMatches

The following objects are masked from 'package:base':

    I, expand.grid, unname

Loading required package: IRanges
Loading required package: GenomicRanges
Loading required package: GenomeInfoDb
Loading required package: grid
Warning: program compiled against libxml 212 using older 211
> 
> test_check("Gviz")
Loading required package: BSgenome
Loading required package: Biostrings
Loading required package: XVector

Attaching package: 'Biostrings'

The following object is masked from 'package:grid':

    pattern

The following object is masked from 'package:base':

    strsplit

Loading required package: BiocIO
Loading required package: rtracklayer

Attaching package: 'rtracklayer'

The following object is masked from 'package:BiocIO':

    FileForFormat

[ FAIL 0 | WARN 0 | SKIP 1 | PASS 293 ]

══ Skipped tests (1) ═══════════════════════════════════════════════════════════
• Biomart not available (1): 'test_AllClasses.R:174:5'

[ FAIL 0 | WARN 0 | SKIP 1 | PASS 293 ]
> 
> proc.time()
   user  system elapsed 
 67.215   4.940  74.662 

Example timings

Gviz.Rcheck/Gviz-Ex.timings

nameusersystemelapsed
AlignmentsTrack-class16.968 0.53517.544
AnnotationTrack-class10.054 0.04010.399
BiomartGeneRegionTrack-class5.0730.0045.091
CustomTrack-class0.0090.0000.010
DataTrack-class2.7880.0202.815
DisplayPars-class0.0270.0000.027
GdObject-class0.7190.0000.720
GeneRegionTrack-class9.4180.0269.473
GenomeAxisTrack-class5.6640.0885.763
HighlightTrack-class0.1960.0000.196
IdeogramTrack-class1.7880.0001.792
ImageMap-class000
OverlayTrack-class0.0670.0000.067
RangeTrack-class0.6830.0000.685
ReferenceTrack-class2.5530.0762.635
SequenceTrack-class5.0980.2365.507
StackedTrack-class1.1650.0001.169
UcscTrack1.2920.0111.307
exportTracks0.1100.0000.111
plotTracks6.5770.0406.741
settings1.1660.0041.173