Back to Multiple platform build/check report for BioC 3.21:   simplified   long
ABCDEF[G]HIJKLMNOPQRSTUVWXYZ

This page was generated on 2025-01-28 11:47 -0500 (Tue, 28 Jan 2025).

HostnameOSArch (*)R versionInstalled pkgs
nebbiolo1Linux (Ubuntu 24.04.1 LTS)x86_64R Under development (unstable) (2025-01-20 r87609) -- "Unsuffered Consequences" 4659
palomino7Windows Server 2022 Datacenterx64R Under development (unstable) (2025-01-21 r87610 ucrt) -- "Unsuffered Consequences" 4454
lconwaymacOS 12.7.1 Montereyx86_64R Under development (unstable) (2025-01-22 r87618) -- "Unsuffered Consequences" 4465
kjohnson3macOS 13.7.1 Venturaarm64R Under development (unstable) (2025-01-20 r87609) -- "Unsuffered Consequences" 4419
kunpeng2Linux (openEuler 22.03 LTS-SP1)aarch64R Under development (unstable) (2024-11-24 r87369) -- "Unsuffered Consequences" 4409
Click on any hostname to see more info about the system (e.g. compilers)      (*) as reported by 'uname -p', except on Windows and Mac OS X

Package 837/2286HostnameOS / ArchINSTALLBUILDCHECKBUILD BIN
GEOquery 2.75.0  (landing page)
Sean Davis
Snapshot Date: 2025-01-27 13:40 -0500 (Mon, 27 Jan 2025)
git_url: https://git.bioconductor.org/packages/GEOquery
git_branch: devel
git_last_commit: 2a416df
git_last_commit_date: 2024-10-29 09:25:37 -0500 (Tue, 29 Oct 2024)
nebbiolo1Linux (Ubuntu 24.04.1 LTS) / x86_64  OK    OK    OK  UNNEEDED, same version is already published
palomino7Windows Server 2022 Datacenter / x64  OK    OK    OK    OK  UNNEEDED, same version is already published
lconwaymacOS 12.7.1 Monterey / x86_64  OK    OK    OK    OK  UNNEEDED, same version is already published
kjohnson3macOS 13.7.1 Ventura / arm64  OK    OK    OK    OK  UNNEEDED, same version is already published
kunpeng2Linux (openEuler 22.03 LTS-SP1) / aarch64  OK    OK    WARNINGS  


CHECK results for GEOquery on kunpeng2

To the developers/maintainers of the GEOquery package:
- Allow up to 24 hours (and sometimes 48 hours) for your latest push to git@git.bioconductor.org:packages/GEOquery.git to reflect on this report. See Troubleshooting Build Report for more information.
- Use the following Renviron settings to reproduce errors and warnings.
- If 'R CMD check' started to fail recently on the Linux builder(s) over a missing dependency, add the missing dependency to 'Suggests:' in your DESCRIPTION file. See Renviron.bioc for more information.
- See Martin Grigorov's blog post for how to debug Linux ARM64 related issues on a x86_64 host.

raw results


Summary

Package: GEOquery
Version: 2.75.0
Command: /home/biocbuild/R/R/bin/R CMD check --install=check:GEOquery.install-out.txt --library=/home/biocbuild/R/R/site-library --no-vignettes --timings GEOquery_2.75.0.tar.gz
StartedAt: 2025-01-28 11:02:09 -0000 (Tue, 28 Jan 2025)
EndedAt: 2025-01-28 11:19:36 -0000 (Tue, 28 Jan 2025)
EllapsedTime: 1046.7 seconds
RetCode: 0
Status:   WARNINGS  
CheckDir: GEOquery.Rcheck
Warnings: 5

Command output

##############################################################################
##############################################################################
###
### Running command:
###
###   /home/biocbuild/R/R/bin/R CMD check --install=check:GEOquery.install-out.txt --library=/home/biocbuild/R/R/site-library --no-vignettes --timings GEOquery_2.75.0.tar.gz
###
##############################################################################
##############################################################################


* using log directory ‘/home/biocbuild/bbs-3.21-bioc/meat/GEOquery.Rcheck’
* using R Under development (unstable) (2024-11-24 r87369)
* using platform: aarch64-unknown-linux-gnu
* R was compiled by
    aarch64-unknown-linux-gnu-gcc (GCC) 14.2.0
    GNU Fortran (GCC) 14.2.0
* running under: openEuler 24.03 (LTS)
* using session charset: UTF-8
* using option ‘--no-vignettes’
* checking for file ‘GEOquery/DESCRIPTION’ ... OK
* checking extension type ... Package
* this is package ‘GEOquery’ version ‘2.75.0’
* package encoding: UTF-8
* checking package namespace information ... OK
* checking package dependencies ... OK
* checking if this is a source package ... OK
* checking if there is a namespace ... OK
* checking for hidden files and directories ... OK
* checking for portable file names ... OK
* checking for sufficient/correct file permissions ... OK
* checking whether package ‘GEOquery’ can be installed ... WARNING
Found the following significant warnings:
  Warning: program compiled against libxml 212 using older 211
See ‘/home/biocbuild/bbs-3.21-bioc/meat/GEOquery.Rcheck/00install.out’ for details.
* checking installed package size ... INFO
  installed size is 13.3Mb
  sub-directories of 1Mb or more:
    extdata  12.8Mb
* checking package directory ... OK
* checking ‘build’ directory ... OK
* checking DESCRIPTION meta-information ... OK
* checking top-level files ... OK
* checking for left-over files ... OK
* checking index information ... OK
* checking package subdirectories ...Warning: program compiled against libxml 212 using older 211
 OK
* checking code files for non-ASCII characters ... OK
* checking R files for syntax errors ... OK
* checking whether the package can be loaded ... OK
* checking whether the package can be loaded with stated dependencies ... OK
* checking whether the package can be unloaded cleanly ... OK
* checking whether the namespace can be loaded with stated dependencies ... NOTE
Warning: program compiled against libxml 212 using older 211

A namespace must be able to be loaded with just the base namespace
loaded: otherwise if the namespace gets loaded by a saved object, the
session will be unable to start.

Probably some imports need to be declared in the NAMESPACE file.
* checking whether the namespace can be unloaded cleanly ... OK
* checking loading without being on the library search path ... OK
* checking whether startup messages can be suppressed ... NOTE
Warning: program compiled against libxml 212 using older 211

It looks like this package (or a package it requires) has a startup
message which cannot be suppressed: see ?packageStartupMessage.
* checking dependencies in R code ... NOTE
Warning: program compiled against libxml 212 using older 211
Namespaces in Imports field not imported from:
  ‘R.utils’ ‘curl’
  All declared Imports should be used.
Package in Depends field not imported from: ‘methods’
  These packages need to be imported from (in the NAMESPACE file)
  for when this namespace is loaded but not attached.
* checking S3 generic/method consistency ... WARNING
Warning: program compiled against libxml 212 using older 211
See section ‘Generic functions and methods’ in the ‘Writing R
Extensions’ manual.
* checking replacement functions ... WARNING
Warning: program compiled against libxml 212 using older 211
The argument of a replacement function which corresponds to the right
hand side must be named ‘value’.
* checking foreign function calls ... NOTE
Warning: program compiled against libxml 212 using older 211
See chapter ‘System and foreign language interfaces’ in the ‘Writing R
Extensions’ manual.
* checking R code for possible problems ... NOTE
File ‘GEOquery/R/zzz.R’:
  .onLoad calls:
    packageStartupMessage("Setting options('download.file.method.GEOquery'='auto')")
    packageStartupMessage("Setting options('GEOquery.inmemory.gpl'=FALSE)")

See section ‘Good practice’ in '?.onAttach'.

Warning: program compiled against libxml 212 using older 211
.parseGPLTxt: no visible global function definition for ‘new’
.parseGPLWithLimits: no visible global function definition for ‘new’
.parseGSMTxt: no visible global function definition for ‘new’
.parseGSMWithLimits: no visible global function definition for ‘new’
GDS2MA: no visible global function definition for ‘new’
GDS2MA: no visible binding for global variable ‘MA’
GDS2eSet: no visible global function definition for ‘new’
browseGEOAccession: no visible global function definition for
  ‘browseURL’
browseWebsiteRNASeqSearch: no visible global function definition for
  ‘browseURL’
fastTabRead: no visible global function definition for ‘read.table’
fastTabRead: no visible global function definition for ‘read.delim’
getRNASeqData: no visible global function definition for ‘as’
parseGDS: no visible global function definition for ‘new’
parseGSE: no visible global function definition for ‘new’
parseGSEMatrix: no visible global function definition for ‘new’
parseGSEMatrix: no visible binding for global variable ‘.’
parseGSEMatrix: no visible binding for global variable
  ‘characteristics’
parseGSEMatrix: no visible binding for global variable ‘kvpair’
parseGSEMatrix: no visible binding for global variable ‘accession’
parseGSEMatrix: no visible binding for global variable ‘k’
parseGSEMatrix: no visible binding for global variable ‘v’
parseGSEMatrix: no visible global function definition for ‘read.table’
parseGSEMatrix: no visible global function definition for ‘as’
Undefined global functions or variables:
  . MA accession as browseURL characteristics k kvpair new read.delim
  read.table v
Consider adding
  importFrom("methods", "as", "new")
  importFrom("utils", "browseURL", "read.delim", "read.table")
to your NAMESPACE file (and ensure that your DESCRIPTION Imports field
contains 'methods').
* checking Rd files ... OK
* checking Rd metadata ... OK
* checking Rd cross-references ... OK
* checking for missing documentation entries ... WARNING
Warning: program compiled against libxml 212 using older 211
All user-level objects in a package should have documentation entries.
See chapter ‘Writing R documentation files’ in the ‘Writing R
Extensions’ manual.
* checking for code/documentation mismatches ... WARNING
Warning: program compiled against libxml 212 using older 211
Warning: program compiled against libxml 212 using older 211
Warning: program compiled against libxml 212 using older 211
* checking Rd \usage sections ... NOTE
Warning: program compiled against libxml 212 using older 211
The \usage entries for S3 methods should use the \method markup and not
their full name.
See chapter ‘Writing R documentation files’ in the ‘Writing R
Extensions’ manual.
* checking Rd contents ... OK
* checking for unstated dependencies in examples ... OK
* checking files in ‘vignettes’ ... OK
* checking examples ... OK
Examples with CPU (user + system) or elapsed time > 5s
               user system elapsed
getRNASeqData 6.695  0.357  27.399
getGEO        4.408  0.072 106.490
* checking for unstated dependencies in ‘tests’ ... OK
* checking tests ...
  Running ‘testthat.R’
 OK
* checking for unstated dependencies in vignettes ... OK
* checking package vignettes ... OK
* checking running R code from vignettes ... SKIPPED
* checking re-building of vignette outputs ... SKIPPED
* checking PDF version of manual ... OK
* DONE

Status: 5 WARNINGs, 6 NOTEs
See
  ‘/home/biocbuild/bbs-3.21-bioc/meat/GEOquery.Rcheck/00check.log’
for details.


Installation output

GEOquery.Rcheck/00install.out

##############################################################################
##############################################################################
###
### Running command:
###
###   /home/biocbuild/R/R/bin/R CMD INSTALL GEOquery
###
##############################################################################
##############################################################################


* installing to library ‘/home/biocbuild/R/R-4.5.0-devel_2024-11-24/site-library’
* installing *source* package ‘GEOquery’ ...
** using staged installation
** R
** inst
** byte-compile and prepare package for lazy loading
Warning: program compiled against libxml 212 using older 211
** help
*** installing help indices
** building package indices
** installing vignettes
** testing if installed package can be loaded from temporary location
Warning: program compiled against libxml 212 using older 211
** testing if installed package can be loaded from final location
Warning: program compiled against libxml 212 using older 211
** testing if installed package keeps a record of temporary installation path
* DONE (GEOquery)

Tests output

GEOquery.Rcheck/tests/testthat.Rout


R Under development (unstable) (2024-11-24 r87369) -- "Unsuffered Consequences"
Copyright (C) 2024 The R Foundation for Statistical Computing
Platform: aarch64-unknown-linux-gnu

R is free software and comes with ABSOLUTELY NO WARRANTY.
You are welcome to redistribute it under certain conditions.
Type 'license()' or 'licence()' for distribution details.

R is a collaborative project with many contributors.
Type 'contributors()' for more information and
'citation()' on how to cite R or R packages in publications.

Type 'demo()' for some demos, 'help()' for on-line help, or
'help.start()' for an HTML browser interface to help.
Type 'q()' to quit R.

> library(testthat)
> library(GEOquery)
Loading required package: Biobase
Loading required package: BiocGenerics
Loading required package: generics

Attaching package: 'generics'

The following objects are masked from 'package:base':

    as.difftime, as.factor, as.ordered, intersect, is.element, setdiff,
    setequal, union


Attaching package: 'BiocGenerics'

The following objects are masked from 'package:stats':

    IQR, mad, sd, var, xtabs

The following objects are masked from 'package:base':

    Filter, Find, Map, Position, Reduce, anyDuplicated, aperm, append,
    as.data.frame, basename, cbind, colnames, dirname, do.call,
    duplicated, eval, evalq, get, grep, grepl, is.unsorted, lapply,
    mapply, match, mget, order, paste, pmax, pmax.int, pmin, pmin.int,
    rank, rbind, rownames, sapply, saveRDS, table, tapply, unique,
    unsplit, which.max, which.min

Welcome to Bioconductor

    Vignettes contain introductory material; view with
    'browseVignettes()'. To cite Bioconductor, see
    'citation("Biobase")', and for packages 'citation("pkgname")'.

Warning: program compiled against libxml 212 using older 211
Setting options('download.file.method.GEOquery'='auto')
Setting options('GEOquery.inmemory.gpl'=FALSE)
> 
> test_check("GEOquery")
trying URL 'https://ftp.ncbi.nlm.nih.gov/geo/series/GSE1nnn/GSE1000/suppl//GSE1000_RAW.tar?tool=geoquery'
Content type 'application/x-tar' length 35307520 bytes (33.7 MB)
==================================================
downloaded 33.7 MB

trying URL 'https://ftp.ncbi.nlm.nih.gov/geo/samples/GSM15nnn/GSM15789/suppl//GSM15789.cel.gz?tool=geoquery'
Content type 'application/x-gzip' length 3507725 bytes (3.3 MB)
==================================================
downloaded 3.3 MB

trying URL 'https://ftp.ncbi.nlm.nih.gov/geo/samples/GSM15nnn/GSM15789/suppl//GSM15789.cel.gz?tool=geoquery'
Content type 'application/x-gzip' length 3507725 bytes (3.3 MB)
==================================================
downloaded 3.3 MB

[ FAIL 0 | WARN 0 | SKIP 0 | PASS 238 ]
> 
> proc.time()
   user  system elapsed 
 70.753   3.328 686.817 

Example timings

GEOquery.Rcheck/GEOquery-Ex.timings

nameusersystemelapsed
browseGEOAccession000
browseWebsiteRNASeqSearch000
coercion000
getGEO 4.408 0.072106.490
getGEOSuppFiles0.0400.0010.957
getGEOfile000
getGSEDataTables0.6640.1202.060
getRNASeqData 6.695 0.35727.399
getRNASeqQuantGenomeInfo0.0100.0040.530
hasRNASeqQuantifications0.0100.0040.529
searchFieldsGEO0.0460.0002.093
searchGEO000
urlForAccession000