Back to Multiple platform build/check report for BioC 3.21:   simplified   long
ABCD[E]FGHIJKLMNOPQRSTUVWXYZ

This page was generated on 2025-10-13 11:41 -0400 (Mon, 13 Oct 2025).

HostnameOSArch (*)R versionInstalled pkgs
nebbiolo1Linux (Ubuntu 24.04.3 LTS)x86_644.5.1 (2025-06-13) -- "Great Square Root" 4833
merida1macOS 12.7.5 Montereyx86_644.5.1 RC (2025-06-05 r88288) -- "Great Square Root" 4614
kjohnson1macOS 13.6.6 Venturaarm644.5.1 Patched (2025-06-14 r88325) -- "Great Square Root" 4555
kunpeng2Linux (openEuler 24.03 LTS)aarch64R Under development (unstable) (2025-02-19 r87757) -- "Unsuffered Consequences" 4586
Click on any hostname to see more info about the system (e.g. compilers)      (*) as reported by 'uname -p', except on Windows and Mac OS X

Package 672/2341HostnameOS / ArchINSTALLBUILDCHECKBUILD BIN
EpiMix 1.10.0  (landing page)
Yuanning Zheng
Snapshot Date: 2025-10-09 13:40 -0400 (Thu, 09 Oct 2025)
git_url: https://git.bioconductor.org/packages/EpiMix
git_branch: RELEASE_3_21
git_last_commit: d6d994d
git_last_commit_date: 2025-04-15 12:53:32 -0400 (Tue, 15 Apr 2025)
nebbiolo1Linux (Ubuntu 24.04.3 LTS) / x86_64  OK    OK    OK  UNNEEDED, same version is already published
merida1macOS 12.7.5 Monterey / x86_64  OK    ERROR  skippedskipped
kjohnson1macOS 13.6.6 Ventura / arm64  OK    ERROR  skippedskipped
kunpeng2Linux (openEuler 24.03 LTS) / aarch64  OK    ERROR  skipped


BUILD results for EpiMix on kunpeng2

To the developers/maintainers of the EpiMix package:
- Allow up to 24 hours (and sometimes 48 hours) for your latest push to git@git.bioconductor.org:packages/EpiMix.git to reflect on this report. See Troubleshooting Build Report for more information.
- Use the following Renviron settings to reproduce errors and warnings.
- If 'R CMD check' started to fail recently on the Linux builder(s) over a missing dependency, add the missing dependency to 'Suggests:' in your DESCRIPTION file. See Renviron.bioc for more information.
- See Martin Grigorov's blog post for how to debug Linux ARM64 related issues on a x86_64 host.

raw results


Summary

Package: EpiMix
Version: 1.10.0
Command: /home/biocbuild/R/R/bin/R CMD build --keep-empty-dirs --no-resave-data EpiMix
StartedAt: 2025-10-10 00:40:17 -0000 (Fri, 10 Oct 2025)
EndedAt: 2025-10-10 01:19:24 -0000 (Fri, 10 Oct 2025)
EllapsedTime: 2347.1 seconds
RetCode: 1
Status:   ERROR  
PackageFile: None
PackageFileSize: NA

Command output

##############################################################################
##############################################################################
###
### Running command:
###
###   /home/biocbuild/R/R/bin/R CMD build --keep-empty-dirs --no-resave-data EpiMix
###
##############################################################################
##############################################################################


* checking for file ‘EpiMix/DESCRIPTION’ ... OK
* preparing ‘EpiMix’:
* checking DESCRIPTION meta-information ... OK
* installing the package to build vignettes
* creating vignettes ... ERROR
--- re-building ‘Methylation_Modeling.Rmd’ using rmarkdown
trying URL 'https://egg2.wustl.edu/roadmap/data/byFileType/chromhmmSegmentations/ChmmModels/core_K27ac/jointModel/final/E096_18_core_K27ac_hg38lift_mnemonics.bed.gz'
Content type 'application/x-gzip' length 3835377 bytes (3.7 MB)
==================================================
downloaded 3.7 MB

trying URL 'https://gdac.broadinstitute.org/runs/stddata__latest/data/OV/20160128/gdac.broadinstitute.org_OV.Merge_methylation__humanmethylation27__jhu_usc_edu__Level_3__within_bioassay_data_set_function__data.Level_3.2016012800.0.0.tar.gz'
Content type 'application/x-gzip' length 152968396 bytes (145.9 MB)
==================================================
downloaded 145.9 MB

trying URL 'https://gdac.broadinstitute.org/runs/stddata__latest/data/OV/20160128/gdac.broadinstitute.org_OV.Merge_methylation__humanmethylation450__jhu_usc_edu__Level_3__within_bioassay_data_set_function__data.Level_3.2016012800.0.0.tar.gz'
Content type 'application/x-gzip' length 51525820 bytes (49.1 MB)
==================================================
downloaded 49.1 MB

trying URL 'https://gdac.broadinstitute.org/runs/stddata__latest/data/OV/20160128/gdac.broadinstitute.org_OV.Merge_transcriptome__agilentg4502a_07_3__unc_edu__Level_3__unc_lowess_normalization_gene_level__data.Level_3.2016012800.0.0.tar.gz'
Content type 'application/x-gzip' length 36996192 bytes (35.3 MB)
=========
downloaded 6.8 MB


Quitting from Methylation_Modeling.Rmd:343-360 [unnamed-chunk-25]
~~~~~~~~~~~~~~~~~~~~~~~~~~~~~~~~~~~~~~~~~~~~~~~~~~~~~~~~~~~~~~~~~~~~~~~~~~~~~~~~
<error/rlang_error>
Error in `download.file()`:
! download from 'https://gdac.broadinstitute.org/runs/stddata__latest/data/OV/20160128/gdac.broadinstitute.org_OV.Merge_transcriptome__agilentg4502a_07_3__unc_edu__Level_3__unc_lowess_normalization_gene_level__data.Level_3.2016012800.0.0.tar.gz' failed
---
Backtrace:
    ▆
 1. └─EpiMix::TCGA_Download_GeneExpression(CancerSite = "OV", TargetDirectory = outputDirectory)
 2.   └─EpiMix:::get_firehoseData(...)
 3.     └─utils::download.file(...)
~~~~~~~~~~~~~~~~~~~~~~~~~~~~~~~~~~~~~~~~~~~~~~~~~~~~~~~~~~~~~~~~~~~~~~~~~~~~~~~~

Error: processing vignette 'Methylation_Modeling.Rmd' failed with diagnostics:
download from 'https://gdac.broadinstitute.org/runs/stddata__latest/data/OV/20160128/gdac.broadinstitute.org_OV.Merge_transcriptome__agilentg4502a_07_3__unc_edu__Level_3__unc_lowess_normalization_gene_level__data.Level_3.2016012800.0.0.tar.gz' failed
--- failed re-building ‘Methylation_Modeling.Rmd’

SUMMARY: processing the following file failed:
  ‘Methylation_Modeling.Rmd’

Error: Vignette re-building failed.
Execution halted