| Back to Multiple platform build/check report for BioC 3.21: simplified long |
|
This page was generated on 2025-10-16 11:41 -0400 (Thu, 16 Oct 2025).
| Hostname | OS | Arch (*) | R version | Installed pkgs |
|---|---|---|---|---|
| nebbiolo1 | Linux (Ubuntu 24.04.3 LTS) | x86_64 | 4.5.1 (2025-06-13) -- "Great Square Root" | 4833 |
| merida1 | macOS 12.7.6 Monterey | x86_64 | 4.5.1 RC (2025-06-05 r88288) -- "Great Square Root" | 4614 |
| kjohnson1 | macOS 13.7.5 Ventura | arm64 | 4.5.1 Patched (2025-06-14 r88325) -- "Great Square Root" | 4555 |
| kunpeng2 | Linux (openEuler 24.03 LTS) | aarch64 | R Under development (unstable) (2025-02-19 r87757) -- "Unsuffered Consequences" | 4586 |
| Click on any hostname to see more info about the system (e.g. compilers) (*) as reported by 'uname -p', except on Windows and Mac OS X | ||||
| Package 583/2341 | Hostname | OS / Arch | INSTALL | BUILD | CHECK | BUILD BIN | ||||||||
| DiffLogo 2.32.0 (landing page) Hendrik Treutler
| nebbiolo1 | Linux (Ubuntu 24.04.3 LTS) / x86_64 | OK | OK | WARNINGS | |||||||||
| merida1 | macOS 12.7.6 Monterey / x86_64 | OK | OK | WARNINGS | OK | |||||||||
| kjohnson1 | macOS 13.7.5 Ventura / arm64 | OK | OK | WARNINGS | OK | |||||||||
| kunpeng2 | Linux (openEuler 24.03 LTS) / aarch64 | OK | OK | WARNINGS | ||||||||||
|
To the developers/maintainers of the DiffLogo package: - Allow up to 24 hours (and sometimes 48 hours) for your latest push to git@git.bioconductor.org:packages/DiffLogo.git to reflect on this report. See Troubleshooting Build Report for more information. - Use the following Renviron settings to reproduce errors and warnings. - If 'R CMD check' started to fail recently on the Linux builder(s) over a missing dependency, add the missing dependency to 'Suggests:' in your DESCRIPTION file. See Renviron.bioc for more information. - See Martin Grigorov's blog post for how to debug Linux ARM64 related issues on a x86_64 host. |
| Package: DiffLogo |
| Version: 2.32.0 |
| Command: /home/biocbuild/R/R/bin/R CMD check --install=check:DiffLogo.install-out.txt --library=/home/biocbuild/R/R/site-library --no-vignettes --timings DiffLogo_2.32.0.tar.gz |
| StartedAt: 2025-10-14 08:31:23 -0000 (Tue, 14 Oct 2025) |
| EndedAt: 2025-10-14 08:31:58 -0000 (Tue, 14 Oct 2025) |
| EllapsedTime: 35.0 seconds |
| RetCode: 0 |
| Status: WARNINGS |
| CheckDir: DiffLogo.Rcheck |
| Warnings: 1 |
##############################################################################
##############################################################################
###
### Running command:
###
### /home/biocbuild/R/R/bin/R CMD check --install=check:DiffLogo.install-out.txt --library=/home/biocbuild/R/R/site-library --no-vignettes --timings DiffLogo_2.32.0.tar.gz
###
##############################################################################
##############################################################################
* using log directory ‘/home/biocbuild/bbs-3.21-bioc/meat/DiffLogo.Rcheck’
* using R Under development (unstable) (2025-02-19 r87757)
* using platform: aarch64-unknown-linux-gnu
* R was compiled by
aarch64-unknown-linux-gnu-gcc (GCC) 14.2.0
GNU Fortran (GCC) 14.2.0
* running under: openEuler 24.03 (LTS-SP1)
* using session charset: UTF-8
* using option ‘--no-vignettes’
* checking for file ‘DiffLogo/DESCRIPTION’ ... OK
* checking extension type ... Package
* this is package ‘DiffLogo’ version ‘2.32.0’
* checking package namespace information ... NOTE
Found export directive that requires package ‘methods’:
‘exportClasses’
Remove all such namespace directives (if obsolete) or ensure that the
DESCRIPTION Depends or Imports field contains ‘methods’.
* checking package dependencies ... OK
* checking if this is a source package ... OK
* checking if there is a namespace ... OK
* checking for hidden files and directories ... OK
* checking for portable file names ... OK
* checking for sufficient/correct file permissions ... OK
* checking whether package ‘DiffLogo’ can be installed ... OK
* checking installed package size ... OK
* checking package directory ... OK
* checking ‘build’ directory ... OK
* checking DESCRIPTION meta-information ... OK
* checking top-level files ... OK
* checking for left-over files ... OK
* checking index information ... OK
* checking package subdirectories ... OK
* checking code files for non-ASCII characters ... OK
* checking R files for syntax errors ... OK
* checking whether the package can be loaded ... OK
* checking whether the package can be loaded with stated dependencies ... OK
* checking whether the package can be unloaded cleanly ... OK
* checking whether the namespace can be loaded with stated dependencies ... WARNING
Warning: S4 exports specified in 'NAMESPACE' but not defined in package ‘DiffLogo’
* checking whether the namespace can be unloaded cleanly ... OK
* checking loading without being on the library search path ... OK
* checking dependencies in R code ... OK
* checking S3 generic/method consistency ... OK
* checking replacement functions ... OK
* checking foreign function calls ... OK
* checking R code for possible problems ... NOTE
diffLogo: no visible global function definition for ‘is’
preconditionTransformPWM: no visible global function definition for
‘is’
Undefined global functions or variables:
is
Consider adding
importFrom("methods", "is")
to your NAMESPACE file (and ensure that your DESCRIPTION Imports field
contains 'methods').
* checking Rd files ... OK
* checking Rd metadata ... OK
* checking Rd cross-references ... OK
* checking for missing documentation entries ... OK
* checking for code/documentation mismatches ... OK
* checking Rd \usage sections ... OK
* checking Rd contents ... OK
* checking for unstated dependencies in examples ... OK
* checking files in ‘vignettes’ ... OK
* checking examples ... OK
* checking for unstated dependencies in ‘tests’ ... OK
* checking tests ...
Running ‘testthat.R’
OK
* checking for unstated dependencies in vignettes ... OK
* checking package vignettes ... OK
* checking running R code from vignettes ... SKIPPED
* checking re-building of vignette outputs ... SKIPPED
* checking PDF version of manual ... OK
* DONE
Status: 1 WARNING, 2 NOTEs
See
‘/home/biocbuild/bbs-3.21-bioc/meat/DiffLogo.Rcheck/00check.log’
for details.
DiffLogo.Rcheck/00install.out
############################################################################## ############################################################################## ### ### Running command: ### ### /home/biocbuild/R/R/bin/R CMD INSTALL DiffLogo ### ############################################################################## ############################################################################## * installing to library ‘/home/biocbuild/R/R-devel_2025-02-19/site-library’ * installing *source* package ‘DiffLogo’ ... ** this is package ‘DiffLogo’ version ‘2.32.0’ ** using staged installation ** R ** inst ** byte-compile and prepare package for lazy loading ** help *** installing help indices ** building package indices ** installing vignettes ** testing if installed package can be loaded from temporary location ** testing if installed package can be loaded from final location ** testing if installed package keeps a record of temporary installation path * DONE (DiffLogo)
DiffLogo.Rcheck/tests/testthat.Rout
R Under development (unstable) (2025-02-19 r87757) -- "Unsuffered Consequences" Copyright (C) 2025 The R Foundation for Statistical Computing Platform: aarch64-unknown-linux-gnu R is free software and comes with ABSOLUTELY NO WARRANTY. You are welcome to redistribute it under certain conditions. Type 'license()' or 'licence()' for distribution details. R is a collaborative project with many contributors. Type 'contributors()' for more information and 'citation()' on how to cite R or R packages in publications. Type 'demo()' for some demos, 'help()' for on-line help, or 'help.start()' for an HTML browser interface to help. Type 'q()' to quit R. > > proc.time() user system elapsed 0.206 0.012 0.206
DiffLogo.Rcheck/DiffLogo-Ex.timings
| name | user | system | elapsed | |
| ASN | 0.001 | 0.000 | 0.000 | |
| Alphabet | 0.001 | 0.000 | 0.000 | |
| DNA | 0.000 | 0.000 | 0.001 | |
| FULL_ALPHABET | 0.001 | 0.000 | 0.001 | |
| RNA | 0 | 0 | 0 | |
| calculatePvalue | 0.035 | 0.000 | 0.035 | |
| createDiffLogoObject | 0.073 | 0.001 | 0.077 | |
| diffLogo | 0.07 | 0.00 | 0.07 | |
| diffLogoFromPwm | 0.061 | 0.004 | 0.064 | |
| diffLogoTable | 1.578 | 0.011 | 1.592 | |
| diffLogoTableConfiguration | 0.001 | 0.000 | 0.001 | |
| differenceOfICs | 0.340 | 0.004 | 0.344 | |
| drawDiffLogoTable | 1.543 | 0.001 | 1.547 | |
| enrichDiffLogoObjectWithPvalues | 0.239 | 0.000 | 0.240 | |
| enrichDiffLogoTableWithPvalues | 3.984 | 0.000 | 3.993 | |
| extendPwmsFromAlignmentVector | 0.060 | 0.003 | 0.065 | |
| getAlphabetFromCharacters | 0 | 0 | 0 | |
| getAlphabetFromSequences | 0 | 0 | 0 | |
| getPwmFromAlignment | 0.450 | 0.016 | 0.468 | |
| getPwmFromAlignmentFile | 0.007 | 0.000 | 0.007 | |
| getPwmFromFastaFile | 0.016 | 0.000 | 0.016 | |
| getPwmFromFile | 0.004 | 0.000 | 0.004 | |
| getPwmFromHomerFile | 0.002 | 0.000 | 0.003 | |
| getPwmFromPfmOrJasparFile | 0.003 | 0.000 | 0.004 | |
| getPwmFromPwmFile | 0.003 | 0.000 | 0.003 | |
| getSequencesFromAlignmentFile | 0.001 | 0.000 | 0.001 | |
| getSequencesFromFastaFile | 0.001 | 0.000 | 0.001 | |
| informationContent | 0.079 | 0.000 | 0.079 | |
| lossOfAbsICDifferences | 0.069 | 0.000 | 0.069 | |
| multipleLocalPwmsAlignment | 0.046 | 0.000 | 0.047 | |
| normalizePWM | 0 | 0 | 0 | |
| normalizedDifferenceOfProbabilities | 0.065 | 0.000 | 0.066 | |
| prepareDiffLogoTable | 1.278 | 0.012 | 1.294 | |
| probabilities | 0.043 | 0.004 | 0.048 | |
| seqLogo | 0.046 | 0.000 | 0.047 | |
| shannonDivergence | 0.067 | 0.000 | 0.067 | |
| sumOfAbsICDifferences | 0.064 | 0.000 | 0.064 | |
| sumOfAbsProbabilityDifferences | 0.064 | 0.000 | 0.064 | |
| sumProbabilities | 0.048 | 0.000 | 0.048 | |