Back to Multiple platform build/check report for BioC 3.21:   simplified   long
AB[C]DEFGHIJKLMNOPQRSTUVWXYZ

This page was generated on 2025-02-17 11:40 -0500 (Mon, 17 Feb 2025).

HostnameOSArch (*)R versionInstalled pkgs
nebbiolo1Linux (Ubuntu 24.04.1 LTS)x86_64R Under development (unstable) (2025-01-20 r87609) -- "Unsuffered Consequences" 4720
palomino7Windows Server 2022 Datacenterx64R Under development (unstable) (2025-01-21 r87610 ucrt) -- "Unsuffered Consequences" 4482
lconwaymacOS 12.7.1 Montereyx86_64R Under development (unstable) (2025-01-22 r87618) -- "Unsuffered Consequences" 4493
kjohnson3macOS 13.7.1 Venturaarm64R Under development (unstable) (2025-01-20 r87609) -- "Unsuffered Consequences" 4446
Click on any hostname to see more info about the system (e.g. compilers)      (*) as reported by 'uname -p', except on Windows and Mac OS X

Package 324/2295HostnameOS / ArchINSTALLBUILDCHECKBUILD BIN
ChemmineR 3.59.0  (landing page)
Thomas Girke
Snapshot Date: 2025-02-16 13:40 -0500 (Sun, 16 Feb 2025)
git_url: https://git.bioconductor.org/packages/ChemmineR
git_branch: devel
git_last_commit: ee3bf9e
git_last_commit_date: 2024-10-29 09:30:11 -0500 (Tue, 29 Oct 2024)
nebbiolo1Linux (Ubuntu 24.04.1 LTS) / x86_64  OK    OK    WARNINGS  UNNEEDED, same version is already published
palomino7Windows Server 2022 Datacenter / x64  OK    ERROR  skippedskipped
lconwaymacOS 12.7.1 Monterey / x86_64  OK    ERROR  skippedskipped
kjohnson3macOS 13.7.1 Ventura / arm64  OK    ERROR  skippedskipped


CHECK results for ChemmineR on nebbiolo1

To the developers/maintainers of the ChemmineR package:
- Allow up to 24 hours (and sometimes 48 hours) for your latest push to git@git.bioconductor.org:packages/ChemmineR.git to reflect on this report. See Troubleshooting Build Report for more information.
- Use the following Renviron settings to reproduce errors and warnings.
- If 'R CMD check' started to fail recently on the Linux builder(s) over a missing dependency, add the missing dependency to 'Suggests:' in your DESCRIPTION file. See Renviron.bioc for more information.

raw results


Summary

Package: ChemmineR
Version: 3.59.0
Command: /home/biocbuild/bbs-3.21-bioc/R/bin/R CMD check --install=check:ChemmineR.install-out.txt --library=/home/biocbuild/bbs-3.21-bioc/R/site-library --timings ChemmineR_3.59.0.tar.gz
StartedAt: 2025-02-16 20:42:37 -0500 (Sun, 16 Feb 2025)
EndedAt: 2025-02-16 20:44:45 -0500 (Sun, 16 Feb 2025)
EllapsedTime: 128.2 seconds
RetCode: 0
Status:   WARNINGS  
CheckDir: ChemmineR.Rcheck
Warnings: 1

Command output

##############################################################################
##############################################################################
###
### Running command:
###
###   /home/biocbuild/bbs-3.21-bioc/R/bin/R CMD check --install=check:ChemmineR.install-out.txt --library=/home/biocbuild/bbs-3.21-bioc/R/site-library --timings ChemmineR_3.59.0.tar.gz
###
##############################################################################
##############################################################################


* using log directory ‘/home/biocbuild/bbs-3.21-bioc/meat/ChemmineR.Rcheck’
* using R Under development (unstable) (2025-01-20 r87609)
* using platform: x86_64-pc-linux-gnu
* R was compiled by
    gcc (Ubuntu 13.3.0-6ubuntu2~24.04) 13.3.0
    GNU Fortran (Ubuntu 13.3.0-6ubuntu2~24.04) 13.3.0
* running under: Ubuntu 24.04.2 LTS
* using session charset: UTF-8
* checking for file ‘ChemmineR/DESCRIPTION’ ... OK
* checking extension type ... Package
* this is package ‘ChemmineR’ version ‘3.59.0’
* checking package namespace information ... OK
* checking package dependencies ... OK
* checking if this is a source package ... OK
* checking if there is a namespace ... OK
* checking for hidden files and directories ... OK
* checking for portable file names ... OK
* checking for sufficient/correct file permissions ... OK
* checking whether package ‘ChemmineR’ can be installed ... OK
* used C++ compiler: ‘g++ (Ubuntu 13.3.0-6ubuntu2~24.04) 13.3.0’
* checking installed package size ... OK
* checking package directory ... OK
* checking ‘build’ directory ... OK
* checking DESCRIPTION meta-information ... NOTE
Package listed in more than one of Depends, Imports, Suggests, Enhances:
  ‘png’
A package should be listed in only one of these fields.
* checking top-level files ... OK
* checking for left-over files ... OK
* checking index information ... OK
* checking package subdirectories ... OK
* checking code files for non-ASCII characters ... OK
* checking R files for syntax errors ... OK
* checking whether the package can be loaded ... OK
* checking whether the package can be loaded with stated dependencies ... OK
* checking whether the package can be unloaded cleanly ... OK
* checking whether the namespace can be loaded with stated dependencies ... OK
* checking whether the namespace can be unloaded cleanly ... OK
* checking loading without being on the library search path ... OK
* checking whether startup messages can be suppressed ... OK
* checking dependencies in R code ... NOTE
'library' or 'require' calls in package code:
  ‘ChemmineDrugs’ ‘ChemmineOB’ ‘RPostgreSQL’ ‘RSQLite’ ‘fmcsR’ ‘png’
  ‘snow’
  Please use :: or requireNamespace() instead.
  See section 'Suggested packages' in the 'Writing R Extensions' manual.
Namespace in Imports field not imported from: ‘BiocGenerics’
  All declared Imports should be used.
* checking S3 generic/method consistency ... OK
* checking replacement functions ... OK
* checking foreign function calls ... OK
* checking R code for possible problems ... NOTE
Found the following possibly unsafe calls:
File ‘ChemmineR/R/sim.R’:
  unlockBinding(".progress_bar_int_cnt", environment(.progress_bar))

.data.frame.to.str: no visible global function definition for
  ‘write.table’
.data.frame.to.str: no visible binding for global variable ‘string’
.parseV3000: no visible binding for global variable ‘AW’
.rings: no visible global function definition for ‘combn’
DUD: no visible global function definition for ‘download.file’
DUD: no visible global function definition for ‘untar’
applyOptions: no visible global function definition for ‘convertFormat’
browseJob: no visible global function definition for ‘browseURL’
canonicalNumbering: no visible global function definition for
  ‘canonicalNumbering_OB’
canonicalNumberingOB: no visible global function definition for
  ‘canonicalNumbering_OB’
cluster.visualize: no visible global function definition for ‘rainbow’
cluster.visualize: no visible global function definition for ‘pdf’
cluster.visualize: no visible global function definition for
  ‘postscript’
cluster.visualize: no visible global function definition for ‘dev.off’
desc2fp: no visible global function definition for ‘data’
draw_sdf: no visible global function definition for ‘rgb’
draw_sdf: no visible global function definition for ‘fmcs’
exactMassOB: no visible global function definition for ‘exactMass_OB’
fingerprintOB: no visible global function definition for
  ‘fingerprint_OB’
getCompoundFeatures : <anonymous>: no visible global function
  definition for ‘write.table’
getCompounds: no visible global function definition for ‘str’
getDbConn: no visible global function definition for ‘error’
handle_segs: no visible binding for global variable ‘C1’
handle_segs: no visible binding for global variable ‘C2’
handle_segs: no visible binding for global variable ‘C1.1’
handle_segs: no visible binding for global variable ‘C2.1’
handle_text: no visible binding for global variable ‘C1’
handle_text: no visible binding for global variable ‘C2’
listCMTools: no visible global function definition for ‘read.table’
parBatchByIndex: no visible global function definition for
  ‘clusterExport’
parBatchByIndex: no visible global function definition for
  ‘clusterApplyLB’
postgresqlWriteTable: no visible global function definition for
  ‘postgresqlTableRef’
postgresqlWriteTable: no visible global function definition for
  ‘postgresqlQuoteId’
postgresqlWriteTable: no visible global function definition for
  ‘postgresqlpqExec’
postgresqlWriteTable: no visible global function definition for
  ‘postgresqlCopyInDataframe’
postgresqlWriteTable: no visible global function definition for
  ‘postgresqlgetResult’
propOB: no visible global function definition for ‘prop_OB’
read.AP: no visible global function definition for ‘read.delim’
sdf2OBMol: no visible global function definition for ‘forEachMol’
sdf2image: no visible global function definition for ‘convertToImage’
sdf2smiles: no visible global function definition for ‘convertFormat’
sdf2smilesOB: no visible global function definition for ‘convertFormat’
sdfStream: no visible global function definition for ‘write.table’
setPriorities: no visible global function definition for
  ‘clusterExport’
smartsSearchOB: no visible global function definition for
  ‘smartsSearch_OB’
smile2sdfFile: no visible global function definition for
  ‘convertFormatFile’
smiles2sdf: no visible global function definition for ‘convertFormat’
smiles2sdfOB: no visible global function definition for ‘convertFormat’
write.SMI: no visible global function definition for ‘write.table’
Undefined global functions or variables:
  AW C1 C1.1 C2 C2.1 browseURL canonicalNumbering_OB clusterApplyLB
  clusterExport combn convertFormat convertFormatFile convertToImage
  data dev.off download.file error exactMass_OB fingerprint_OB fmcs
  forEachMol pdf postgresqlCopyInDataframe postgresqlQuoteId
  postgresqlTableRef postgresqlgetResult postgresqlpqExec postscript
  prop_OB rainbow read.delim read.table rgb smartsSearch_OB str string
  untar write.table
Consider adding
  importFrom("grDevices", "dev.off", "pdf", "postscript", "rainbow",
             "rgb")
  importFrom("utils", "browseURL", "combn", "data", "download.file",
             "read.delim", "read.table", "str", "untar", "write.table")
to your NAMESPACE file.
* checking Rd files ... NOTE
checkRd: (-1) cmp.duplicated.Rd:29: Escaped LaTeX specials: \$
* checking Rd metadata ... OK
* checking Rd cross-references ... OK
* checking for missing documentation entries ... WARNING
Undocumented code objects:
  ‘sdfid<-’
Undocumented S4 methods:
  generic '$' and siglist '_p_Descriptors'
  generic '[' and siglist 'ExternalReferenceSwig'
  generic '[<-' and siglist 'ExternalReferenceSwig'
  generic 'coerce' and siglist 'ExternalReferenceSwig,character'
  generic 'length' and siglist 'SWIGArray'
  generic 'sdfid<-' and siglist 'SDFset'
All user-level objects in a package (including S4 classes and methods)
should have documentation entries.
See chapter ‘Writing R documentation files’ in the ‘Writing R
Extensions’ manual.
* checking for code/documentation mismatches ... OK
* checking Rd \usage sections ... OK
* checking Rd contents ... NOTE
Argument items with no description in Rd file 'cmp.search.Rd':
  ‘visualize’ ‘visualize.browse’ ‘visualize.query’
* checking for unstated dependencies in examples ... OK
* checking contents of ‘data’ directory ... OK
* checking data for non-ASCII characters ... OK
* checking data for ASCII and uncompressed saves ... OK
* checking line endings in C/C++/Fortran sources/headers ... OK
* checking line endings in Makefiles ... OK
* checking compilation flags in Makevars ... OK
* checking for GNU extensions in Makefiles ... OK
* checking for portable use of $(BLAS_LIBS) and $(LAPACK_LIBS) ... OK
* checking use of PKG_*FLAGS in Makefiles ... OK
* checking compiled code ... NOTE
Note: information on .o files is not available
File ‘/home/biocbuild/bbs-3.21-bioc/R/site-library/ChemmineR/libs/ChemmineR.so’:
  Found ‘_ZSt4cerr’, possibly from ‘std::cerr’ (C++)
  Found ‘_ZSt4cout’, possibly from ‘std::cout’ (C++)
File ‘ChemmineR/libs/ChemmineR.so’:
  Found non-API call to R: ‘SET_S4_OBJECT’

Compiled code should not call entry points which might terminate R nor
write to stdout/stderr instead of to the console, nor use Fortran I/O
nor system RNGs nor [v]sprintf. The detected symbols are linked into
the code but might come from libraries and not actually be called.
Compiled code should not call non-API entry points in R.

See ‘Writing portable packages’ in the ‘Writing R Extensions’ manual,
and section ‘Moving into C API compliance’ for issues with the use of
non-API entry points.
* checking files in ‘vignettes’ ... OK
* checking examples ... OK
* checking for unstated dependencies in ‘tests’ ... OK
* checking tests ...
  Running ‘runTests.R’
 OK
* checking for unstated dependencies in vignettes ... OK
* checking package vignettes ... OK
* checking re-building of vignette outputs ... OK
* checking PDF version of manual ... OK
* DONE

Status: 1 WARNING, 6 NOTEs
See
  ‘/home/biocbuild/bbs-3.21-bioc/meat/ChemmineR.Rcheck/00check.log’
for details.


Installation output

ChemmineR.Rcheck/00install.out

##############################################################################
##############################################################################
###
### Running command:
###
###   /home/biocbuild/bbs-3.21-bioc/R/bin/R CMD INSTALL ChemmineR
###
##############################################################################
##############################################################################


* installing to library ‘/home/biocbuild/bbs-3.21-bioc/R/site-library’
* installing *source* package ‘ChemmineR’ ...
** this is package ‘ChemmineR’ version ‘3.59.0’
** using staged installation
** libs
using C++ compiler: ‘g++ (Ubuntu 13.3.0-6ubuntu2~24.04) 13.3.0’
g++ -std=gnu++17 -I"/home/biocbuild/bbs-3.21-bioc/R/include" -DNDEBUG  -I'/home/biocbuild/bbs-3.21-bioc/R/site-library/Rcpp/include' -I'/home/biocbuild/bbs-3.21-bioc/R/site-library/BH/include' -I/usr/local/include   -DNO_MAIN -DNO_DEBUG -DSTRICT_R_HEADERS -DR_NO_REMAP -fpic  -g -O2  -DR_NO_REMAP -c DisjointSets.cpp -o DisjointSets.o
g++ -std=gnu++17 -I"/home/biocbuild/bbs-3.21-bioc/R/include" -DNDEBUG  -I'/home/biocbuild/bbs-3.21-bioc/R/site-library/Rcpp/include' -I'/home/biocbuild/bbs-3.21-bioc/R/site-library/BH/include' -I/usr/local/include   -DNO_MAIN -DNO_DEBUG -DSTRICT_R_HEADERS -DR_NO_REMAP -fpic  -g -O2  -DR_NO_REMAP -c cluster.cc -o cluster.o
g++ -std=gnu++17 -I"/home/biocbuild/bbs-3.21-bioc/R/include" -DNDEBUG  -I'/home/biocbuild/bbs-3.21-bioc/R/site-library/Rcpp/include' -I'/home/biocbuild/bbs-3.21-bioc/R/site-library/BH/include' -I/usr/local/include   -DNO_MAIN -DNO_DEBUG -DSTRICT_R_HEADERS -DR_NO_REMAP -fpic  -g -O2  -DR_NO_REMAP -c cstrsplit.cc -o cstrsplit.o
In file included from /home/biocbuild/bbs-3.21-bioc/R/site-library/BH/include/boost/bind/mem_fn.hpp:23,
                 from /home/biocbuild/bbs-3.21-bioc/R/site-library/BH/include/boost/mem_fn.hpp:22,
                 from /home/biocbuild/bbs-3.21-bioc/R/site-library/BH/include/boost/function/function_template.hpp:16,
                 from /home/biocbuild/bbs-3.21-bioc/R/site-library/BH/include/boost/function.hpp:16,
                 from /home/biocbuild/bbs-3.21-bioc/R/site-library/BH/include/boost/algorithm/string/detail/find_iterator.hpp:18,
                 from /home/biocbuild/bbs-3.21-bioc/R/site-library/BH/include/boost/algorithm/string/find_iterator.hpp:24,
                 from /home/biocbuild/bbs-3.21-bioc/R/site-library/BH/include/boost/algorithm/string/iter_find.hpp:27,
                 from /home/biocbuild/bbs-3.21-bioc/R/site-library/BH/include/boost/algorithm/string/split.hpp:16,
                 from /home/biocbuild/bbs-3.21-bioc/R/site-library/BH/include/boost/algorithm/string.hpp:23,
                 from cstrsplit.cc:7:
/home/biocbuild/bbs-3.21-bioc/R/site-library/BH/include/boost/get_pointer.hpp:48:40: warning: ‘template<class> class std::auto_ptr’ is deprecated: use 'std::unique_ptr' instead [-Wdeprecated-declarations]
   48 | template<class T> T * get_pointer(std::auto_ptr<T> const& p)
      |                                        ^~~~~~~~
In file included from /usr/include/c++/13/memory:78,
                 from /home/biocbuild/bbs-3.21-bioc/R/site-library/BH/include/boost/function/function_base.hpp:23,
                 from /home/biocbuild/bbs-3.21-bioc/R/site-library/BH/include/boost/function/function_template.hpp:14:
/usr/include/c++/13/bits/unique_ptr.h:65:28: note: declared here
   65 |   template<typename> class auto_ptr;
      |                            ^~~~~~~~
In file included from /home/biocbuild/bbs-3.21-bioc/R/site-library/BH/include/boost/concept/assert.hpp:35,
                 from /home/biocbuild/bbs-3.21-bioc/R/site-library/BH/include/boost/concept_check.hpp:20,
                 from /home/biocbuild/bbs-3.21-bioc/R/site-library/BH/include/boost/range/concepts.hpp:19,
                 from /home/biocbuild/bbs-3.21-bioc/R/site-library/BH/include/boost/range/size_type.hpp:20,
                 from /home/biocbuild/bbs-3.21-bioc/R/site-library/BH/include/boost/range/size.hpp:21,
                 from /home/biocbuild/bbs-3.21-bioc/R/site-library/BH/include/boost/range/functions.hpp:20,
                 from /home/biocbuild/bbs-3.21-bioc/R/site-library/BH/include/boost/range/iterator_range_core.hpp:38,
                 from /home/biocbuild/bbs-3.21-bioc/R/site-library/BH/include/boost/range/iterator_range.hpp:13,
                 from /home/biocbuild/bbs-3.21-bioc/R/site-library/BH/include/boost/range/as_literal.hpp:18,
                 from /home/biocbuild/bbs-3.21-bioc/R/site-library/BH/include/boost/algorithm/string/trim.hpp:19,
                 from /home/biocbuild/bbs-3.21-bioc/R/site-library/BH/include/boost/algorithm/string.hpp:19:
/home/biocbuild/bbs-3.21-bioc/R/site-library/BH/include/boost/concept/detail/general.hpp: In instantiation of ‘static void boost::concepts::constraint<Model>::failed() [with Model = boost::algorithm::FinderConcept<boost::algorithm::detail::token_finderF<boost::algorithm::detail::is_any_ofF<char> >, const char*>]’:
/home/biocbuild/bbs-3.21-bioc/R/site-library/BH/include/boost/algorithm/string/iter_find.hpp:81:13:   required from ‘SequenceSequenceT& boost::algorithm::iter_split(SequenceSequenceT&, RangeT&&, FinderT) [with SequenceSequenceT = std::vector<std::__cxx11::basic_string<char> >; RangeT = const char*&; FinderT = detail::token_finderF<detail::is_any_ofF<char> >]’
/home/biocbuild/bbs-3.21-bioc/R/site-library/BH/include/boost/algorithm/string/split.hpp:158:50:   required from ‘SequenceSequenceT& boost::algorithm::split(SequenceSequenceT&, RangeT&&, PredicateT, token_compress_mode_type) [with SequenceSequenceT = std::vector<std::__cxx11::basic_string<char> >; RangeT = const char*&; PredicateT = detail::is_any_ofF<char>]’
cstrsplit.cc:14:15:   required from here
/home/biocbuild/bbs-3.21-bioc/R/site-library/BH/include/boost/concept/detail/general.hpp:65:52: warning: ‘this’ pointer is null [-Wnonnull]
   65 |     static void failed() { ((Model*)0)->constraints(); }
      |                            ~~~~~~~~~~~~~~~~~~~~~~~~^~
In file included from /home/biocbuild/bbs-3.21-bioc/R/site-library/BH/include/boost/algorithm/string/iter_find.hpp:26:
/home/biocbuild/bbs-3.21-bioc/R/site-library/BH/include/boost/algorithm/string/concept.hpp:40:18: note: in a call to non-static member function ‘void boost::algorithm::FinderConcept<FinderT, IteratorT>::constraints() [with FinderT = boost::algorithm::detail::token_finderF<boost::algorithm::detail::is_any_ofF<char> >; IteratorT = const char*]’
   40 |             void constraints()
      |                  ^~~~~~~~~~~
/home/biocbuild/bbs-3.21-bioc/R/site-library/BH/include/boost/concept/detail/general.hpp: In instantiation of ‘static void boost::concepts::requirement<boost::concepts::failed************ Model::************>::failed() [with Model = boost::concepts::usage_requirements<boost::CopyConstructible<const char*> >]’:
/home/biocbuild/bbs-3.21-bioc/R/site-library/BH/include/boost/concept_check.hpp:167:5:   required from ‘struct boost::CopyConstructible<const char*>’
/home/biocbuild/bbs-3.21-bioc/R/site-library/BH/include/boost/range/concepts.hpp:125:16:   required from ‘struct boost::range_detail::IncrementableIteratorConcept<const char*>’
/home/biocbuild/bbs-3.21-bioc/R/site-library/BH/include/boost/range/concepts.hpp:147:16:   required from ‘struct boost::range_detail::SinglePassIteratorConcept<const char*>’
/home/biocbuild/bbs-3.21-bioc/R/site-library/BH/include/boost/concept/detail/has_constraints.hpp:32:62:   required by substitution of ‘template<class Model> boost::concepts::detail::yes boost::concepts::detail::has_constraints_(Model*, wrap_constraints<Model, (& Model::constraints)>*) [with Model = boost::range_detail::SinglePassIteratorConcept<const char*>]’
/home/biocbuild/bbs-3.21-bioc/R/site-library/BH/include/boost/concept/detail/has_constraints.hpp:42:5:   required from ‘const bool boost::concepts::not_satisfied<boost::range_detail::SinglePassIteratorConcept<const char*> >::value’
/home/biocbuild/bbs-3.21-bioc/R/site-library/BH/include/boost/concept/detail/has_constraints.hpp:45:51:   [ skipping 14 instantiation contexts, use -ftemplate-backtrace-limit=0 to disable ]
/home/biocbuild/bbs-3.21-bioc/R/site-library/BH/include/boost/iterator/iterator_facade.hpp:982:3:   required from ‘typename boost::iterators::detail::enable_if_interoperable<Derived1, Derived2, typename boost::mpl::apply2<boost::iterators::detail::always_bool2, Derived1, Derived2>::type>::type boost::iterators::operator!=(const iterator_facade<Derived1, V1, TC1, Reference1, Difference1>&, const iterator_facade<Derived2, V2, TC2, Reference2, Difference2>&) [with Derived1 = transform_iterator<boost::algorithm::detail::copy_iterator_rangeF<std::__cxx11::basic_string<char>, const char*>, boost::algorithm::split_iterator<const char*>, boost::use_default, boost::use_default>; V1 = std::__cxx11::basic_string<char>; TC1 = forward_traversal_tag; Reference1 = std::__cxx11::basic_string<char>; Difference1 = long int; Derived2 = transform_iterator<boost::algorithm::detail::copy_iterator_rangeF<std::__cxx11::basic_string<char>, const char*>, boost::algorithm::split_iterator<const char*>, boost::use_default, boost::use_default>; V2 = std::__cxx11::basic_string<char>; TC2 = forward_traversal_tag; Reference2 = std::__cxx11::basic_string<char>; Difference2 = long int; typename detail::enable_if_interoperable<Derived1, Derived2, typename boost::mpl::apply2<detail::always_bool2, Derived1, Derived2>::type>::type = bool; typename boost::mpl::apply2<detail::always_bool2, Derived1, Derived2>::type = bool]’
/usr/include/c++/13/bits/stl_vector.h:1671:21:   required from ‘void std::vector<_Tp, _Alloc>::_M_range_initialize(_InputIterator, _InputIterator, std::input_iterator_tag) [with _InputIterator = boost::iterators::transform_iterator<boost::algorithm::detail::copy_iterator_rangeF<std::__cxx11::basic_string<char>, const char*>, boost::algorithm::split_iterator<const char*>, boost::use_default, boost::use_default>; _Tp = std::__cxx11::basic_string<char>; _Alloc = std::allocator<std::__cxx11::basic_string<char> >]’
/usr/include/c++/13/bits/stl_vector.h:711:23:   required from ‘std::vector<_Tp, _Alloc>::vector(_InputIterator, _InputIterator, const allocator_type&) [with _InputIterator = boost::iterators::transform_iterator<boost::algorithm::detail::copy_iterator_rangeF<std::__cxx11::basic_string<char>, const char*>, boost::algorithm::split_iterator<const char*>, boost::use_default, boost::use_default>; <template-parameter-2-2> = void; _Tp = std::__cxx11::basic_string<char>; _Alloc = std::allocator<std::__cxx11::basic_string<char> >; allocator_type = std::allocator<std::__cxx11::basic_string<char> >]’
/home/biocbuild/bbs-3.21-bioc/R/site-library/BH/include/boost/algorithm/string/iter_find.hpp:186:31:   required from ‘SequenceSequenceT& boost::algorithm::iter_split(SequenceSequenceT&, RangeT&&, FinderT) [with SequenceSequenceT = std::vector<std::__cxx11::basic_string<char> >; RangeT = const char*&; FinderT = detail::token_finderF<detail::is_any_ofF<char> >]’
/home/biocbuild/bbs-3.21-bioc/R/site-library/BH/include/boost/algorithm/string/split.hpp:158:50:   required from ‘SequenceSequenceT& boost::algorithm::split(SequenceSequenceT&, RangeT&&, PredicateT, token_compress_mode_type) [with SequenceSequenceT = std::vector<std::__cxx11::basic_string<char> >; RangeT = const char*&; PredicateT = detail::is_any_ofF<char>]’
cstrsplit.cc:14:15:   required from here
/home/biocbuild/bbs-3.21-bioc/R/site-library/BH/include/boost/concept/detail/general.hpp:50:47: warning: ‘this’ pointer is null [-Wnonnull]
   50 |     static void failed() { ((Model*)0)->~Model(); }
      |                            ~~~~~~~~~~~~~~~~~~~^~
In file included from /home/biocbuild/bbs-3.21-bioc/R/site-library/BH/include/boost/concept_check.hpp:31:
/home/biocbuild/bbs-3.21-bioc/R/site-library/BH/include/boost/concept/usage.hpp:20:5: note: in a call to non-static member function ‘boost::concepts::usage_requirements<Model>::~usage_requirements() [with Model = boost::CopyConstructible<const char*>]’
   20 |     ~usage_requirements() { ((Model*)0)->~Model(); }
      |     ^
/home/biocbuild/bbs-3.21-bioc/R/site-library/BH/include/boost/concept/detail/general.hpp: In instantiation of ‘static void boost::concepts::requirement<boost::concepts::failed************ Model::************>::failed() [with Model = boost::concepts::usage_requirements<boost::Convertible<boost::iterators::random_access_traversal_tag, boost::iterators::incrementable_traversal_tag> >]’:
/home/biocbuild/bbs-3.21-bioc/R/site-library/BH/include/boost/concept_check.hpp:208:5:   required from ‘struct boost::Convertible<boost::iterators::random_access_traversal_tag, boost::iterators::incrementable_traversal_tag>’
/home/biocbuild/bbs-3.21-bioc/R/site-library/BH/include/boost/concept/detail/has_constraints.hpp:32:62:   required by substitution of ‘template<class Model> boost::concepts::detail::yes boost::concepts::detail::has_constraints_(Model*, wrap_constraints<Model, (& Model::constraints)>*) [with Model = boost::Convertible<boost::iterators::random_access_traversal_tag, boost::iterators::incrementable_traversal_tag>]’
/home/biocbuild/bbs-3.21-bioc/R/site-library/BH/include/boost/concept/detail/has_constraints.hpp:42:5:   required from ‘const bool boost::concepts::not_satisfied<boost::Convertible<boost::iterators::random_access_traversal_tag, boost::iterators::incrementable_traversal_tag> >::value’
/home/biocbuild/bbs-3.21-bioc/R/site-library/BH/include/boost/concept/detail/has_constraints.hpp:45:51:   required from ‘struct boost::concepts::not_satisfied<boost::Convertible<boost::iterators::random_access_traversal_tag, boost::iterators::incrementable_traversal_tag> >’
/home/biocbuild/bbs-3.21-bioc/R/site-library/BH/include/boost/concept/detail/general.hpp:72:8:   required from ‘struct boost::concepts::requirement_<void (*)(boost::Convertible<boost::iterators::random_access_traversal_tag, boost::iterators::incrementable_traversal_tag>)>’
/home/biocbuild/bbs-3.21-bioc/R/site-library/BH/include/boost/iterator/iterator_concepts.hpp:114:7:   [ skipping 18 instantiation contexts, use -ftemplate-backtrace-limit=0 to disable ]
/home/biocbuild/bbs-3.21-bioc/R/site-library/BH/include/boost/iterator/iterator_facade.hpp:982:3:   required from ‘typename boost::iterators::detail::enable_if_interoperable<Derived1, Derived2, typename boost::mpl::apply2<boost::iterators::detail::always_bool2, Derived1, Derived2>::type>::type boost::iterators::operator!=(const iterator_facade<Derived1, V1, TC1, Reference1, Difference1>&, const iterator_facade<Derived2, V2, TC2, Reference2, Difference2>&) [with Derived1 = transform_iterator<boost::algorithm::detail::copy_iterator_rangeF<std::__cxx11::basic_string<char>, const char*>, boost::algorithm::split_iterator<const char*>, boost::use_default, boost::use_default>; V1 = std::__cxx11::basic_string<char>; TC1 = forward_traversal_tag; Reference1 = std::__cxx11::basic_string<char>; Difference1 = long int; Derived2 = transform_iterator<boost::algorithm::detail::copy_iterator_rangeF<std::__cxx11::basic_string<char>, const char*>, boost::algorithm::split_iterator<const char*>, boost::use_default, boost::use_default>; V2 = std::__cxx11::basic_string<char>; TC2 = forward_traversal_tag; Reference2 = std::__cxx11::basic_string<char>; Difference2 = long int; typename detail::enable_if_interoperable<Derived1, Derived2, typename boost::mpl::apply2<detail::always_bool2, Derived1, Derived2>::type>::type = bool; typename boost::mpl::apply2<detail::always_bool2, Derived1, Derived2>::type = bool]’
/usr/include/c++/13/bits/stl_vector.h:1671:21:   required from ‘void std::vector<_Tp, _Alloc>::_M_range_initialize(_InputIterator, _InputIterator, std::input_iterator_tag) [with _InputIterator = boost::iterators::transform_iterator<boost::algorithm::detail::copy_iterator_rangeF<std::__cxx11::basic_string<char>, const char*>, boost::algorithm::split_iterator<const char*>, boost::use_default, boost::use_default>; _Tp = std::__cxx11::basic_string<char>; _Alloc = std::allocator<std::__cxx11::basic_string<char> >]’
/usr/include/c++/13/bits/stl_vector.h:711:23:   required from ‘std::vector<_Tp, _Alloc>::vector(_InputIterator, _InputIterator, const allocator_type&) [with _InputIterator = boost::iterators::transform_iterator<boost::algorithm::detail::copy_iterator_rangeF<std::__cxx11::basic_string<char>, const char*>, boost::algorithm::split_iterator<const char*>, boost::use_default, boost::use_default>; <template-parameter-2-2> = void; _Tp = std::__cxx11::basic_string<char>; _Alloc = std::allocator<std::__cxx11::basic_string<char> >; allocator_type = std::allocator<std::__cxx11::basic_string<char> >]’
/home/biocbuild/bbs-3.21-bioc/R/site-library/BH/include/boost/algorithm/string/iter_find.hpp:186:31:   required from ‘SequenceSequenceT& boost::algorithm::iter_split(SequenceSequenceT&, RangeT&&, FinderT) [with SequenceSequenceT = std::vector<std::__cxx11::basic_string<char> >; RangeT = const char*&; FinderT = detail::token_finderF<detail::is_any_ofF<char> >]’
/home/biocbuild/bbs-3.21-bioc/R/site-library/BH/include/boost/algorithm/string/split.hpp:158:50:   required from ‘SequenceSequenceT& boost::algorithm::split(SequenceSequenceT&, RangeT&&, PredicateT, token_compress_mode_type) [with SequenceSequenceT = std::vector<std::__cxx11::basic_string<char> >; RangeT = const char*&; PredicateT = detail::is_any_ofF<char>]’
cstrsplit.cc:14:15:   required from here
/home/biocbuild/bbs-3.21-bioc/R/site-library/BH/include/boost/concept/detail/general.hpp:50:47: warning: ‘this’ pointer is null [-Wnonnull]
   50 |     static void failed() { ((Model*)0)->~Model(); }
      |                            ~~~~~~~~~~~~~~~~~~~^~
/home/biocbuild/bbs-3.21-bioc/R/site-library/BH/include/boost/concept/usage.hpp:20:5: note: in a call to non-static member function ‘boost::concepts::usage_requirements<Model>::~usage_requirements() [with Model = boost::Convertible<boost::iterators::random_access_traversal_tag, boost::iterators::incrementable_traversal_tag>]’
   20 |     ~usage_requirements() { ((Model*)0)->~Model(); }
      |     ^
/home/biocbuild/bbs-3.21-bioc/R/site-library/BH/include/boost/concept/detail/general.hpp: In instantiation of ‘static void boost::concepts::requirement<boost::concepts::failed************ Model::************>::failed() [with Model = boost::Convertible<boost::iterators::random_access_traversal_tag, boost::iterators::incrementable_traversal_tag>]’:
/home/biocbuild/bbs-3.21-bioc/R/site-library/BH/include/boost/iterator/iterator_concepts.hpp:114:7:   required from ‘struct boost::range_detail::IncrementableIteratorConcept<const char*>’
/home/biocbuild/bbs-3.21-bioc/R/site-library/BH/include/boost/range/concepts.hpp:147:16:   required from ‘struct boost::range_detail::SinglePassIteratorConcept<const char*>’
/home/biocbuild/bbs-3.21-bioc/R/site-library/BH/include/boost/concept/detail/has_constraints.hpp:32:62:   required by substitution of ‘template<class Model> boost::concepts::detail::yes boost::concepts::detail::has_constraints_(Model*, wrap_constraints<Model, (& Model::constraints)>*) [with Model = boost::range_detail::SinglePassIteratorConcept<const char*>]’
/home/biocbuild/bbs-3.21-bioc/R/site-library/BH/include/boost/concept/detail/has_constraints.hpp:42:5:   required from ‘const bool boost::concepts::not_satisfied<boost::range_detail::SinglePassIteratorConcept<const char*> >::value’
/home/biocbuild/bbs-3.21-bioc/R/site-library/BH/include/boost/concept/detail/has_constraints.hpp:45:51:   required from ‘struct boost::concepts::not_satisfied<boost::range_detail::SinglePassIteratorConcept<const char*> >’
/home/biocbuild/bbs-3.21-bioc/R/site-library/BH/include/boost/concept/detail/general.hpp:72:8:   [ skipping 13 instantiation contexts, use -ftemplate-backtrace-limit=0 to disable ]
/home/biocbuild/bbs-3.21-bioc/R/site-library/BH/include/boost/iterator/iterator_facade.hpp:982:3:   required from ‘typename boost::iterators::detail::enable_if_interoperable<Derived1, Derived2, typename boost::mpl::apply2<boost::iterators::detail::always_bool2, Derived1, Derived2>::type>::type boost::iterators::operator!=(const iterator_facade<Derived1, V1, TC1, Reference1, Difference1>&, const iterator_facade<Derived2, V2, TC2, Reference2, Difference2>&) [with Derived1 = transform_iterator<boost::algorithm::detail::copy_iterator_rangeF<std::__cxx11::basic_string<char>, const char*>, boost::algorithm::split_iterator<const char*>, boost::use_default, boost::use_default>; V1 = std::__cxx11::basic_string<char>; TC1 = forward_traversal_tag; Reference1 = std::__cxx11::basic_string<char>; Difference1 = long int; Derived2 = transform_iterator<boost::algorithm::detail::copy_iterator_rangeF<std::__cxx11::basic_string<char>, const char*>, boost::algorithm::split_iterator<const char*>, boost::use_default, boost::use_default>; V2 = std::__cxx11::basic_string<char>; TC2 = forward_traversal_tag; Reference2 = std::__cxx11::basic_string<char>; Difference2 = long int; typename detail::enable_if_interoperable<Derived1, Derived2, typename boost::mpl::apply2<detail::always_bool2, Derived1, Derived2>::type>::type = bool; typename boost::mpl::apply2<detail::always_bool2, Derived1, Derived2>::type = bool]’
/usr/include/c++/13/bits/stl_vector.h:1671:21:   required from ‘void std::vector<_Tp, _Alloc>::_M_range_initialize(_InputIterator, _InputIterator, std::input_iterator_tag) [with _InputIterator = boost::iterators::transform_iterator<boost::algorithm::detail::copy_iterator_rangeF<std::__cxx11::basic_string<char>, const char*>, boost::algorithm::split_iterator<const char*>, boost::use_default, boost::use_default>; _Tp = std::__cxx11::basic_string<char>; _Alloc = std::allocator<std::__cxx11::basic_string<char> >]’
/usr/include/c++/13/bits/stl_vector.h:711:23:   required from ‘std::vector<_Tp, _Alloc>::vector(_InputIterator, _InputIterator, const allocator_type&) [with _InputIterator = boost::iterators::transform_iterator<boost::algorithm::detail::copy_iterator_rangeF<std::__cxx11::basic_string<char>, const char*>, boost::algorithm::split_iterator<const char*>, boost::use_default, boost::use_default>; <template-parameter-2-2> = void; _Tp = std::__cxx11::basic_string<char>; _Alloc = std::allocator<std::__cxx11::basic_string<char> >; allocator_type = std::allocator<std::__cxx11::basic_string<char> >]’
/home/biocbuild/bbs-3.21-bioc/R/site-library/BH/include/boost/algorithm/string/iter_find.hpp:186:31:   required from ‘SequenceSequenceT& boost::algorithm::iter_split(SequenceSequenceT&, RangeT&&, FinderT) [with SequenceSequenceT = std::vector<std::__cxx11::basic_string<char> >; RangeT = const char*&; FinderT = detail::token_finderF<detail::is_any_ofF<char> >]’
/home/biocbuild/bbs-3.21-bioc/R/site-library/BH/include/boost/algorithm/string/split.hpp:158:50:   required from ‘SequenceSequenceT& boost::algorithm::split(SequenceSequenceT&, RangeT&&, PredicateT, token_compress_mode_type) [with SequenceSequenceT = std::vector<std::__cxx11::basic_string<char> >; RangeT = const char*&; PredicateT = detail::is_any_ofF<char>]’
cstrsplit.cc:14:15:   required from here
/home/biocbuild/bbs-3.21-bioc/R/site-library/BH/include/boost/concept/detail/general.hpp:50:47: warning: ‘this’ pointer is null [-Wnonnull]
   50 |     static void failed() { ((Model*)0)->~Model(); }
      |                            ~~~~~~~~~~~~~~~~~~~^~
/home/biocbuild/bbs-3.21-bioc/R/site-library/BH/include/boost/concept/usage.hpp:37:7: note: in a call to non-static member function ‘boost::Convertible<X, Y>::~Convertible() [with X = boost::iterators::random_access_traversal_tag; Y = boost::iterators::incrementable_traversal_tag]’
   37 |       ~model()
      |       ^
/home/biocbuild/bbs-3.21-bioc/R/site-library/BH/include/boost/concept_check.hpp:208:5: note: in expansion of macro ‘BOOST_CONCEPT_USAGE’
  208 |     BOOST_CONCEPT_USAGE(Convertible) {
      |     ^~~~~~~~~~~~~~~~~~~
/home/biocbuild/bbs-3.21-bioc/R/site-library/BH/include/boost/concept/detail/general.hpp: In instantiation of ‘static void boost::concepts::requirement<boost::concepts::failed************ Model::************>::failed() [with Model = boost::concepts::usage_requirements<boost::range_detail::IncrementableIteratorConcept<const char*> >]’:
/home/biocbuild/bbs-3.21-bioc/R/site-library/BH/include/boost/range/concepts.hpp:136:13:   required from ‘struct boost::range_detail::IncrementableIteratorConcept<const char*>’
/home/biocbuild/bbs-3.21-bioc/R/site-library/BH/include/boost/range/concepts.hpp:147:16:   required from ‘struct boost::range_detail::SinglePassIteratorConcept<const char*>’
/home/biocbuild/bbs-3.21-bioc/R/site-library/BH/include/boost/concept/detail/has_constraints.hpp:32:62:   required by substitution of ‘template<class Model> boost::concepts::detail::yes boost::concepts::detail::has_constraints_(Model*, wrap_constraints<Model, (& Model::constraints)>*) [with Model = boost::range_detail::SinglePassIteratorConcept<const char*>]’
/home/biocbuild/bbs-3.21-bioc/R/site-library/BH/include/boost/concept/detail/has_constraints.hpp:42:5:   required from ‘const bool boost::concepts::not_satisfied<boost::range_detail::SinglePassIteratorConcept<const char*> >::value’
/home/biocbuild/bbs-3.21-bioc/R/site-library/BH/include/boost/concept/detail/has_constraints.hpp:45:51:   required from ‘struct boost::concepts::not_satisfied<boost::range_detail::SinglePassIteratorConcept<const char*> >’
/home/biocbuild/bbs-3.21-bioc/R/site-library/BH/include/boost/concept/detail/general.hpp:72:8:   [ skipping 13 instantiation contexts, use -ftemplate-backtrace-limit=0 to disable ]
/home/biocbuild/bbs-3.21-bioc/R/site-library/BH/include/boost/iterator/iterator_facade.hpp:982:3:   required from ‘typename boost::iterators::detail::enable_if_interoperable<Derived1, Derived2, typename boost::mpl::apply2<boost::iterators::detail::always_bool2, Derived1, Derived2>::type>::type boost::iterators::operator!=(const iterator_facade<Derived1, V1, TC1, Reference1, Difference1>&, const iterator_facade<Derived2, V2, TC2, Reference2, Difference2>&) [with Derived1 = transform_iterator<boost::algorithm::detail::copy_iterator_rangeF<std::__cxx11::basic_string<char>, const char*>, boost::algorithm::split_iterator<const char*>, boost::use_default, boost::use_default>; V1 = std::__cxx11::basic_string<char>; TC1 = forward_traversal_tag; Reference1 = std::__cxx11::basic_string<char>; Difference1 = long int; Derived2 = transform_iterator<boost::algorithm::detail::copy_iterator_rangeF<std::__cxx11::basic_string<char>, const char*>, boost::algorithm::split_iterator<const char*>, boost::use_default, boost::use_default>; V2 = std::__cxx11::basic_string<char>; TC2 = forward_traversal_tag; Reference2 = std::__cxx11::basic_string<char>; Difference2 = long int; typename detail::enable_if_interoperable<Derived1, Derived2, typename boost::mpl::apply2<detail::always_bool2, Derived1, Derived2>::type>::type = bool; typename boost::mpl::apply2<detail::always_bool2, Derived1, Derived2>::type = bool]’
/usr/include/c++/13/bits/stl_vector.h:1671:21:   required from ‘void std::vector<_Tp, _Alloc>::_M_range_initialize(_InputIterator, _InputIterator, std::input_iterator_tag) [with _InputIterator = boost::iterators::transform_iterator<boost::algorithm::detail::copy_iterator_rangeF<std::__cxx11::basic_string<char>, const char*>, boost::algorithm::split_iterator<const char*>, boost::use_default, boost::use_default>; _Tp = std::__cxx11::basic_string<char>; _Alloc = std::allocator<std::__cxx11::basic_string<char> >]’
/usr/include/c++/13/bits/stl_vector.h:711:23:   required from ‘std::vector<_Tp, _Alloc>::vector(_InputIterator, _InputIterator, const allocator_type&) [with _InputIterator = boost::iterators::transform_iterator<boost::algorithm::detail::copy_iterator_rangeF<std::__cxx11::basic_string<char>, const char*>, boost::algorithm::split_iterator<const char*>, boost::use_default, boost::use_default>; <template-parameter-2-2> = void; _Tp = std::__cxx11::basic_string<char>; _Alloc = std::allocator<std::__cxx11::basic_string<char> >; allocator_type = std::allocator<std::__cxx11::basic_string<char> >]’
/home/biocbuild/bbs-3.21-bioc/R/site-library/BH/include/boost/algorithm/string/iter_find.hpp:186:31:   required from ‘SequenceSequenceT& boost::algorithm::iter_split(SequenceSequenceT&, RangeT&&, FinderT) [with SequenceSequenceT = std::vector<std::__cxx11::basic_string<char> >; RangeT = const char*&; FinderT = detail::token_finderF<detail::is_any_ofF<char> >]’
/home/biocbuild/bbs-3.21-bioc/R/site-library/BH/include/boost/algorithm/string/split.hpp:158:50:   required from ‘SequenceSequenceT& boost::algorithm::split(SequenceSequenceT&, RangeT&&, PredicateT, token_compress_mode_type) [with SequenceSequenceT = std::vector<std::__cxx11::basic_string<char> >; RangeT = const char*&; PredicateT = detail::is_any_ofF<char>]’
cstrsplit.cc:14:15:   required from here
/home/biocbuild/bbs-3.21-bioc/R/site-library/BH/include/boost/concept/detail/general.hpp:50:47: warning: ‘this’ pointer is null [-Wnonnull]
   50 |     static void failed() { ((Model*)0)->~Model(); }
      |                            ~~~~~~~~~~~~~~~~~~~^~
/home/biocbuild/bbs-3.21-bioc/R/site-library/BH/include/boost/concept/usage.hpp:20:5: note: in a call to non-static member function ‘boost::concepts::usage_requirements<Model>::~usage_requirements() [with Model = boost::range_detail::IncrementableIteratorConcept<const char*>]’
   20 |     ~usage_requirements() { ((Model*)0)->~Model(); }
      |     ^
/home/biocbuild/bbs-3.21-bioc/R/site-library/BH/include/boost/concept/detail/general.hpp: In instantiation of ‘static void boost::concepts::requirement<boost::concepts::failed************ Model::************>::failed() [with Model = boost::concepts::usage_requirements<boost::EqualityComparable<const char*> >]’:
/home/biocbuild/bbs-3.21-bioc/R/site-library/BH/include/boost/concept_check.hpp:233:5:   required from ‘struct boost::EqualityComparable<const char*>’
/home/biocbuild/bbs-3.21-bioc/R/site-library/BH/include/boost/range/concepts.hpp:147:16:   required from ‘struct boost::range_detail::SinglePassIteratorConcept<const char*>’
/home/biocbuild/bbs-3.21-bioc/R/site-library/BH/include/boost/concept/detail/has_constraints.hpp:32:62:   required by substitution of ‘template<class Model> boost::concepts::detail::yes boost::concepts::detail::has_constraints_(Model*, wrap_constraints<Model, (& Model::constraints)>*) [with Model = boost::range_detail::SinglePassIteratorConcept<const char*>]’
/home/biocbuild/bbs-3.21-bioc/R/site-library/BH/include/boost/concept/detail/has_constraints.hpp:42:5:   required from ‘const bool boost::concepts::not_satisfied<boost::range_detail::SinglePassIteratorConcept<const char*> >::value’
/home/biocbuild/bbs-3.21-bioc/R/site-library/BH/include/boost/concept/detail/has_constraints.hpp:45:51:   required from ‘struct boost::concepts::not_satisfied<boost::range_detail::SinglePassIteratorConcept<const char*> >’
/home/biocbuild/bbs-3.21-bioc/R/site-library/BH/include/boost/concept/detail/general.hpp:72:8:   [ skipping 13 instantiation contexts, use -ftemplate-backtrace-limit=0 to disable ]
/home/biocbuild/bbs-3.21-bioc/R/site-library/BH/include/boost/iterator/iterator_facade.hpp:982:3:   required from ‘typename boost::iterators::detail::enable_if_interoperable<Derived1, Derived2, typename boost::mpl::apply2<boost::iterators::detail::always_bool2, Derived1, Derived2>::type>::type boost::iterators::operator!=(const iterator_facade<Derived1, V1, TC1, Reference1, Difference1>&, const iterator_facade<Derived2, V2, TC2, Reference2, Difference2>&) [with Derived1 = transform_iterator<boost::algorithm::detail::copy_iterator_rangeF<std::__cxx11::basic_string<char>, const char*>, boost::algorithm::split_iterator<const char*>, boost::use_default, boost::use_default>; V1 = std::__cxx11::basic_string<char>; TC1 = forward_traversal_tag; Reference1 = std::__cxx11::basic_string<char>; Difference1 = long int; Derived2 = transform_iterator<boost::algorithm::detail::copy_iterator_rangeF<std::__cxx11::basic_string<char>, const char*>, boost::algorithm::split_iterator<const char*>, boost::use_default, boost::use_default>; V2 = std::__cxx11::basic_string<char>; TC2 = forward_traversal_tag; Reference2 = std::__cxx11::basic_string<char>; Difference2 = long int; typename detail::enable_if_interoperable<Derived1, Derived2, typename boost::mpl::apply2<detail::always_bool2, Derived1, Derived2>::type>::type = bool; typename boost::mpl::apply2<detail::always_bool2, Derived1, Derived2>::type = bool]’
/usr/include/c++/13/bits/stl_vector.h:1671:21:   required from ‘void std::vector<_Tp, _Alloc>::_M_range_initialize(_InputIterator, _InputIterator, std::input_iterator_tag) [with _InputIterator = boost::iterators::transform_iterator<boost::algorithm::detail::copy_iterator_rangeF<std::__cxx11::basic_string<char>, const char*>, boost::algorithm::split_iterator<const char*>, boost::use_default, boost::use_default>; _Tp = std::__cxx11::basic_string<char>; _Alloc = std::allocator<std::__cxx11::basic_string<char> >]’
/usr/include/c++/13/bits/stl_vector.h:711:23:   required from ‘std::vector<_Tp, _Alloc>::vector(_InputIterator, _InputIterator, const allocator_type&) [with _InputIterator = boost::iterators::transform_iterator<boost::algorithm::detail::copy_iterator_rangeF<std::__cxx11::basic_string<char>, const char*>, boost::algorithm::split_iterator<const char*>, boost::use_default, boost::use_default>; <template-parameter-2-2> = void; _Tp = std::__cxx11::basic_string<char>; _Alloc = std::allocator<std::__cxx11::basic_string<char> >; allocator_type = std::allocator<std::__cxx11::basic_string<char> >]’
/home/biocbuild/bbs-3.21-bioc/R/site-library/BH/include/boost/algorithm/string/iter_find.hpp:186:31:   required from ‘SequenceSequenceT& boost::algorithm::iter_split(SequenceSequenceT&, RangeT&&, FinderT) [with SequenceSequenceT = std::vector<std::__cxx11::basic_string<char> >; RangeT = const char*&; FinderT = detail::token_finderF<detail::is_any_ofF<char> >]’
/home/biocbuild/bbs-3.21-bioc/R/site-library/BH/include/boost/algorithm/string/split.hpp:158:50:   required from ‘SequenceSequenceT& boost::algorithm::split(SequenceSequenceT&, RangeT&&, PredicateT, token_compress_mode_type) [with SequenceSequenceT = std::vector<std::__cxx11::basic_string<char> >; RangeT = const char*&; PredicateT = detail::is_any_ofF<char>]’
cstrsplit.cc:14:15:   required from here
/home/biocbuild/bbs-3.21-bioc/R/site-library/BH/include/boost/concept/detail/general.hpp:50:47: warning: ‘this’ pointer is null [-Wnonnull]
   50 |     static void failed() { ((Model*)0)->~Model(); }
      |                            ~~~~~~~~~~~~~~~~~~~^~
/home/biocbuild/bbs-3.21-bioc/R/site-library/BH/include/boost/concept/usage.hpp:20:5: note: in a call to non-static member function ‘boost::concepts::usage_requirements<Model>::~usage_requirements() [with Model = boost::EqualityComparable<const char*>]’
   20 |     ~usage_requirements() { ((Model*)0)->~Model(); }
      |     ^
/home/biocbuild/bbs-3.21-bioc/R/site-library/BH/include/boost/concept/detail/general.hpp: In instantiation of ‘static void boost::concepts::requirement<boost::concepts::failed************ Model::************>::failed() [with Model = boost::concepts::usage_requirements<boost::Convertible<boost::iterators::random_access_traversal_tag, boost::iterators::single_pass_traversal_tag> >]’:
/home/biocbuild/bbs-3.21-bioc/R/site-library/BH/include/boost/concept_check.hpp:208:5:   required from ‘struct boost::Convertible<boost::iterators::random_access_traversal_tag, boost::iterators::single_pass_traversal_tag>’
/home/biocbuild/bbs-3.21-bioc/R/site-library/BH/include/boost/concept/detail/has_constraints.hpp:32:62:   required by substitution of ‘template<class Model> boost::concepts::detail::yes boost::concepts::detail::has_constraints_(Model*, wrap_constraints<Model, (& Model::constraints)>*) [with Model = boost::Convertible<boost::iterators::random_access_traversal_tag, boost::iterators::single_pass_traversal_tag>]’
/home/biocbuild/bbs-3.21-bioc/R/site-library/BH/include/boost/concept/detail/has_constraints.hpp:42:5:   required from ‘const bool boost::concepts::not_satisfied<boost::Convertible<boost::iterators::random_access_traversal_tag, boost::iterators::single_pass_traversal_tag> >::value’
/home/biocbuild/bbs-3.21-bioc/R/site-library/BH/include/boost/concept/detail/has_constraints.hpp:45:51:   required from ‘struct boost::concepts::not_satisfied<boost::Convertible<boost::iterators::random_access_traversal_tag, boost::iterators::single_pass_traversal_tag> >’
/home/biocbuild/bbs-3.21-bioc/R/site-library/BH/include/boost/concept/detail/general.hpp:72:8:   required from ‘struct boost::concepts::requirement_<void (*)(boost::Convertible<boost::iterators::random_access_traversal_tag, boost::iterators::single_pass_traversal_tag>)>’
/home/biocbuild/bbs-3.21-bioc/R/site-library/BH/include/boost/range/concepts.hpp:152:13:   [ skipping 17 instantiation contexts, use -ftemplate-backtrace-limit=0 to disable ]
/home/biocbuild/bbs-3.21-bioc/R/site-library/BH/include/boost/iterator/iterator_facade.hpp:982:3:   required from ‘typename boost::iterators::detail::enable_if_interoperable<Derived1, Derived2, typename boost::mpl::apply2<boost::iterators::detail::always_bool2, Derived1, Derived2>::type>::type boost::iterators::operator!=(const iterator_facade<Derived1, V1, TC1, Reference1, Difference1>&, const iterator_facade<Derived2, V2, TC2, Reference2, Difference2>&) [with Derived1 = transform_iterator<boost::algorithm::detail::copy_iterator_rangeF<std::__cxx11::basic_string<char>, const char*>, boost::algorithm::split_iterator<const char*>, boost::use_default, boost::use_default>; V1 = std::__cxx11::basic_string<char>; TC1 = forward_traversal_tag; Reference1 = std::__cxx11::basic_string<char>; Difference1 = long int; Derived2 = transform_iterator<boost::algorithm::detail::copy_iterator_rangeF<std::__cxx11::basic_string<char>, const char*>, boost::algorithm::split_iterator<const char*>, boost::use_default, boost::use_default>; V2 = std::__cxx11::basic_string<char>; TC2 = forward_traversal_tag; Reference2 = std::__cxx11::basic_string<char>; Difference2 = long int; typename detail::enable_if_interoperable<Derived1, Derived2, typename boost::mpl::apply2<detail::always_bool2, Derived1, Derived2>::type>::type = bool; typename boost::mpl::apply2<detail::always_bool2, Derived1, Derived2>::type = bool]’
/usr/include/c++/13/bits/stl_vector.h:1671:21:   required from ‘void std::vector<_Tp, _Alloc>::_M_range_initialize(_InputIterator, _InputIterator, std::input_iterator_tag) [with _InputIterator = boost::iterators::transform_iterator<boost::algorithm::detail::copy_iterator_rangeF<std::__cxx11::basic_string<char>, const char*>, boost::algorithm::split_iterator<const char*>, boost::use_default, boost::use_default>; _Tp = std::__cxx11::basic_string<char>; _Alloc = std::allocator<std::__cxx11::basic_string<char> >]’
/usr/include/c++/13/bits/stl_vector.h:711:23:   required from ‘std::vector<_Tp, _Alloc>::vector(_InputIterator, _InputIterator, const allocator_type&) [with _InputIterator = boost::iterators::transform_iterator<boost::algorithm::detail::copy_iterator_rangeF<std::__cxx11::basic_string<char>, const char*>, boost::algorithm::split_iterator<const char*>, boost::use_default, boost::use_default>; <template-parameter-2-2> = void; _Tp = std::__cxx11::basic_string<char>; _Alloc = std::allocator<std::__cxx11::basic_string<char> >; allocator_type = std::allocator<std::__cxx11::basic_string<char> >]’
/home/biocbuild/bbs-3.21-bioc/R/site-library/BH/include/boost/algorithm/string/iter_find.hpp:186:31:   required from ‘SequenceSequenceT& boost::algorithm::iter_split(SequenceSequenceT&, RangeT&&, FinderT) [with SequenceSequenceT = std::vector<std::__cxx11::basic_string<char> >; RangeT = const char*&; FinderT = detail::token_finderF<detail::is_any_ofF<char> >]’
/home/biocbuild/bbs-3.21-bioc/R/site-library/BH/include/boost/algorithm/string/split.hpp:158:50:   required from ‘SequenceSequenceT& boost::algorithm::split(SequenceSequenceT&, RangeT&&, PredicateT, token_compress_mode_type) [with SequenceSequenceT = std::vector<std::__cxx11::basic_string<char> >; RangeT = const char*&; PredicateT = detail::is_any_ofF<char>]’
cstrsplit.cc:14:15:   required from here
/home/biocbuild/bbs-3.21-bioc/R/site-library/BH/include/boost/concept/detail/general.hpp:50:47: warning: ‘this’ pointer is null [-Wnonnull]
   50 |     static void failed() { ((Model*)0)->~Model(); }
      |                            ~~~~~~~~~~~~~~~~~~~^~
/home/biocbuild/bbs-3.21-bioc/R/site-library/BH/include/boost/concept/usage.hpp:20:5: note: in a call to non-static member function ‘boost::concepts::usage_requirements<Model>::~usage_requirements() [with Model = boost::Convertible<boost::iterators::random_access_traversal_tag, boost::iterators::single_pass_traversal_tag>]’
   20 |     ~usage_requirements() { ((Model*)0)->~Model(); }
      |     ^
/home/biocbuild/bbs-3.21-bioc/R/site-library/BH/include/boost/concept/detail/general.hpp: In instantiation of ‘static void boost::concepts::requirement<boost::concepts::failed************ Model::************>::failed() [with Model = boost::Convertible<boost::iterators::random_access_traversal_tag, boost::iterators::single_pass_traversal_tag>]’:
/home/biocbuild/bbs-3.21-bioc/R/site-library/BH/include/boost/range/concepts.hpp:152:13:   required from ‘struct boost::range_detail::SinglePassIteratorConcept<const char*>’
/home/biocbuild/bbs-3.21-bioc/R/site-library/BH/include/boost/concept/detail/has_constraints.hpp:32:62:   required by substitution of ‘template<class Model> boost::concepts::detail::yes boost::concepts::detail::has_constraints_(Model*, wrap_constraints<Model, (& Model::constraints)>*) [with Model = boost::range_detail::SinglePassIteratorConcept<const char*>]’
/home/biocbuild/bbs-3.21-bioc/R/site-library/BH/include/boost/concept/detail/has_constraints.hpp:42:5:   required from ‘const bool boost::concepts::not_satisfied<boost::range_detail::SinglePassIteratorConcept<const char*> >::value’
/home/biocbuild/bbs-3.21-bioc/R/site-library/BH/include/boost/concept/detail/has_constraints.hpp:45:51:   required from ‘struct boost::concepts::not_satisfied<boost::range_detail::SinglePassIteratorConcept<const char*> >’
/home/biocbuild/bbs-3.21-bioc/R/site-library/BH/include/boost/concept/detail/general.hpp:72:8:   required from ‘struct boost::concepts::requirement_<void (*)(boost::range_detail::SinglePassIteratorConcept<const char*>)>’
/home/biocbuild/bbs-3.21-bioc/R/site-library/BH/include/boost/range/concepts.hpp:278:9:   [ skipping 12 instantiation contexts, use -ftemplate-backtrace-limit=0 to disable ]
/home/biocbuild/bbs-3.21-bioc/R/site-library/BH/include/boost/iterator/iterator_facade.hpp:982:3:   required from ‘typename boost::iterators::detail::enable_if_interoperable<Derived1, Derived2, typename boost::mpl::apply2<boost::iterators::detail::always_bool2, Derived1, Derived2>::type>::type boost::iterators::operator!=(const iterator_facade<Derived1, V1, TC1, Reference1, Difference1>&, const iterator_facade<Derived2, V2, TC2, Reference2, Difference2>&) [with Derived1 = transform_iterator<boost::algorithm::detail::copy_iterator_rangeF<std::__cxx11::basic_string<char>, const char*>, boost::algorithm::split_iterator<const char*>, boost::use_default, boost::use_default>; V1 = std::__cxx11::basic_string<char>; TC1 = forward_traversal_tag; Reference1 = std::__cxx11::basic_string<char>; Difference1 = long int; Derived2 = transform_iterator<boost::algorithm::detail::copy_iterator_rangeF<std::__cxx11::basic_string<char>, const char*>, boost::algorithm::split_iterator<const char*>, boost::use_default, boost::use_default>; V2 = std::__cxx11::basic_string<char>; TC2 = forward_traversal_tag; Reference2 = std::__cxx11::basic_string<char>; Difference2 = long int; typename detail::enable_if_interoperable<Derived1, Derived2, typename boost::mpl::apply2<detail::always_bool2, Derived1, Derived2>::type>::type = bool; typename boost::mpl::apply2<detail::always_bool2, Derived1, Derived2>::type = bool]’
/usr/include/c++/13/bits/stl_vector.h:1671:21:   required from ‘void std::vector<_Tp, _Alloc>::_M_range_initialize(_InputIterator, _InputIterator, std::input_iterator_tag) [with _InputIterator = boost::iterators::transform_iterator<boost::algorithm::detail::copy_iterator_rangeF<std::__cxx11::basic_string<char>, const char*>, boost::algorithm::split_iterator<const char*>, boost::use_default, boost::use_default>; _Tp = std::__cxx11::basic_string<char>; _Alloc = std::allocator<std::__cxx11::basic_string<char> >]’
/usr/include/c++/13/bits/stl_vector.h:711:23:   required from ‘std::vector<_Tp, _Alloc>::vector(_InputIterator, _InputIterator, const allocator_type&) [with _InputIterator = boost::iterators::transform_iterator<boost::algorithm::detail::copy_iterator_rangeF<std::__cxx11::basic_string<char>, const char*>, boost::algorithm::split_iterator<const char*>, boost::use_default, boost::use_default>; <template-parameter-2-2> = void; _Tp = std::__cxx11::basic_string<char>; _Alloc = std::allocator<std::__cxx11::basic_string<char> >; allocator_type = std::allocator<std::__cxx11::basic_string<char> >]’
/home/biocbuild/bbs-3.21-bioc/R/site-library/BH/include/boost/algorithm/string/iter_find.hpp:186:31:   required from ‘SequenceSequenceT& boost::algorithm::iter_split(SequenceSequenceT&, RangeT&&, FinderT) [with SequenceSequenceT = std::vector<std::__cxx11::basic_string<char> >; RangeT = const char*&; FinderT = detail::token_finderF<detail::is_any_ofF<char> >]’
/home/biocbuild/bbs-3.21-bioc/R/site-library/BH/include/boost/algorithm/string/split.hpp:158:50:   required from ‘SequenceSequenceT& boost::algorithm::split(SequenceSequenceT&, RangeT&&, PredicateT, token_compress_mode_type) [with SequenceSequenceT = std::vector<std::__cxx11::basic_string<char> >; RangeT = const char*&; PredicateT = detail::is_any_ofF<char>]’
cstrsplit.cc:14:15:   required from here
/home/biocbuild/bbs-3.21-bioc/R/site-library/BH/include/boost/concept/detail/general.hpp:50:47: warning: ‘this’ pointer is null [-Wnonnull]
   50 |     static void failed() { ((Model*)0)->~Model(); }
      |                            ~~~~~~~~~~~~~~~~~~~^~
/home/biocbuild/bbs-3.21-bioc/R/site-library/BH/include/boost/concept/usage.hpp:37:7: note: in a call to non-static member function ‘boost::Convertible<X, Y>::~Convertible() [with X = boost::iterators::random_access_traversal_tag; Y = boost::iterators::single_pass_traversal_tag]’
   37 |       ~model()
      |       ^
/home/biocbuild/bbs-3.21-bioc/R/site-library/BH/include/boost/concept_check.hpp:208:5: note: in expansion of macro ‘BOOST_CONCEPT_USAGE’
  208 |     BOOST_CONCEPT_USAGE(Convertible) {
      |     ^~~~~~~~~~~~~~~~~~~
/home/biocbuild/bbs-3.21-bioc/R/site-library/BH/include/boost/concept/detail/general.hpp: In instantiation of ‘static void boost::concepts::requirement<boost::concepts::failed************ Model::************>::failed() [with Model = boost::concepts::usage_requirements<boost::range_detail::SinglePassIteratorConcept<const char*> >]’:
/home/biocbuild/bbs-3.21-bioc/R/site-library/BH/include/boost/range/concepts.hpp:158:13:   required from ‘struct boost::range_detail::SinglePassIteratorConcept<const char*>’
/home/biocbuild/bbs-3.21-bioc/R/site-library/BH/include/boost/concept/detail/has_constraints.hpp:32:62:   required by substitution of ‘template<class Model> boost::concepts::detail::yes boost::concepts::detail::has_constraints_(Model*, wrap_constraints<Model, (& Model::constraints)>*) [with Model = boost::range_detail::SinglePassIteratorConcept<const char*>]’
/home/biocbuild/bbs-3.21-bioc/R/site-library/BH/include/boost/concept/detail/has_constraints.hpp:42:5:   required from ‘const bool boost::concepts::not_satisfied<boost::range_detail::SinglePassIteratorConcept<const char*> >::value’
/home/biocbuild/bbs-3.21-bioc/R/site-library/BH/include/boost/concept/detail/has_constraints.hpp:45:51:   required from ‘struct boost::concepts::not_satisfied<boost::range_detail::SinglePassIteratorConcept<const char*> >’
/home/biocbuild/bbs-3.21-bioc/R/site-library/BH/include/boost/concept/detail/general.hpp:72:8:   required from ‘struct boost::concepts::requirement_<void (*)(boost::range_detail::SinglePassIteratorConcept<const char*>)>’
/home/biocbuild/bbs-3.21-bioc/R/site-library/BH/include/boost/range/concepts.hpp:278:9:   [ skipping 12 instantiation contexts, use -ftemplate-backtrace-limit=0 to disable ]
/home/biocbuild/bbs-3.21-bioc/R/site-library/BH/include/boost/iterator/iterator_facade.hpp:982:3:   required from ‘typename boost::iterators::detail::enable_if_interoperable<Derived1, Derived2, typename boost::mpl::apply2<boost::iterators::detail::always_bool2, Derived1, Derived2>::type>::type boost::iterators::operator!=(const iterator_facade<Derived1, V1, TC1, Reference1, Difference1>&, const iterator_facade<Derived2, V2, TC2, Reference2, Difference2>&) [with Derived1 = transform_iterator<boost::algorithm::detail::copy_iterator_rangeF<std::__cxx11::basic_string<char>, const char*>, boost::algorithm::split_iterator<const char*>, boost::use_default, boost::use_default>; V1 = std::__cxx11::basic_string<char>; TC1 = forward_traversal_tag; Reference1 = std::__cxx11::basic_string<char>; Difference1 = long int; Derived2 = transform_iterator<boost::algorithm::detail::copy_iterator_rangeF<std::__cxx11::basic_string<char>, const char*>, boost::algorithm::split_iterator<const char*>, boost::use_default, boost::use_default>; V2 = std::__cxx11::basic_string<char>; TC2 = forward_traversal_tag; Reference2 = std::__cxx11::basic_string<char>; Difference2 = long int; typename detail::enable_if_interoperable<Derived1, Derived2, typename boost::mpl::apply2<detail::always_bool2, Derived1, Derived2>::type>::type = bool; typename boost::mpl::apply2<detail::always_bool2, Derived1, Derived2>::type = bool]’
/usr/include/c++/13/bits/stl_vector.h:1671:21:   required from ‘void std::vector<_Tp, _Alloc>::_M_range_initialize(_InputIterator, _InputIterator, std::input_iterator_tag) [with _InputIterator = boost::iterators::transform_iterator<boost::algorithm::detail::copy_iterator_rangeF<std::__cxx11::basic_string<char>, const char*>, boost::algorithm::split_iterator<const char*>, boost::use_default, boost::use_default>; _Tp = std::__cxx11::basic_string<char>; _Alloc = std::allocator<std::__cxx11::basic_string<char> >]’
/usr/include/c++/13/bits/stl_vector.h:711:23:   required from ‘std::vector<_Tp, _Alloc>::vector(_InputIterator, _InputIterator, const allocator_type&) [with _InputIterator = boost::iterators::transform_iterator<boost::algorithm::detail::copy_iterator_rangeF<std::__cxx11::basic_string<char>, const char*>, boost::algorithm::split_iterator<const char*>, boost::use_default, boost::use_default>; <template-parameter-2-2> = void; _Tp = std::__cxx11::basic_string<char>; _Alloc = std::allocator<std::__cxx11::basic_string<char> >; allocator_type = std::allocator<std::__cxx11::basic_string<char> >]’
/home/biocbuild/bbs-3.21-bioc/R/site-library/BH/include/boost/algorithm/string/iter_find.hpp:186:31:   required from ‘SequenceSequenceT& boost::algorithm::iter_split(SequenceSequenceT&, RangeT&&, FinderT) [with SequenceSequenceT = std::vector<std::__cxx11::basic_string<char> >; RangeT = const char*&; FinderT = detail::token_finderF<detail::is_any_ofF<char> >]’
/home/biocbuild/bbs-3.21-bioc/R/site-library/BH/include/boost/algorithm/string/split.hpp:158:50:   required from ‘SequenceSequenceT& boost::algorithm::split(SequenceSequenceT&, RangeT&&, PredicateT, token_compress_mode_type) [with SequenceSequenceT = std::vector<std::__cxx11::basic_string<char> >; RangeT = const char*&; PredicateT = detail::is_any_ofF<char>]’
cstrsplit.cc:14:15:   required from here
/home/biocbuild/bbs-3.21-bioc/R/site-library/BH/include/boost/concept/detail/general.hpp:50:47: warning: ‘this’ pointer is null [-Wnonnull]
   50 |     static void failed() { ((Model*)0)->~Model(); }
      |                            ~~~~~~~~~~~~~~~~~~~^~
/home/biocbuild/bbs-3.21-bioc/R/site-library/BH/include/boost/concept/usage.hpp:20:5: note: in a call to non-static member function ‘boost::concepts::usage_requirements<Model>::~usage_requirements() [with Model = boost::range_detail::SinglePassIteratorConcept<const char*>]’
   20 |     ~usage_requirements() { ((Model*)0)->~Model(); }
      |     ^
/home/biocbuild/bbs-3.21-bioc/R/site-library/BH/include/boost/concept/detail/general.hpp: In instantiation of ‘static void boost::concepts::requirement<boost::concepts::failed************ Model::************>::failed() [with Model = boost::range_detail::SinglePassIteratorConcept<const char*>]’:
/home/biocbuild/bbs-3.21-bioc/R/site-library/BH/include/boost/range/concepts.hpp:278:9:   required from ‘struct boost::SinglePassRangeConcept<const boost::iterator_range<const char*> >’
/home/biocbuild/bbs-3.21-bioc/R/site-library/BH/include/boost/concept/detail/has_constraints.hpp:32:62:   required by substitution of ‘template<class Model> boost::concepts::detail::yes boost::concepts::detail::has_constraints_(Model*, wrap_constraints<Model, (& Model::constraints)>*) [with Model = boost::SinglePassRangeConcept<const boost::iterator_range<const char*> >]’
/home/biocbuild/bbs-3.21-bioc/R/site-library/BH/include/boost/concept/detail/has_constraints.hpp:42:5:   required from ‘const bool boost::concepts::not_satisfied<boost::SinglePassRangeConcept<const boost::iterator_range<const char*> > >::value’
/home/biocbuild/bbs-3.21-bioc/R/site-library/BH/include/boost/concept/detail/has_constraints.hpp:45:51:   required from ‘struct boost::concepts::not_satisfied<boost::SinglePassRangeConcept<const boost::iterator_range<const char*> > >’
/home/biocbuild/bbs-3.21-bioc/R/site-library/BH/include/boost/concept/detail/general.hpp:72:8:   required from ‘struct boost::concepts::requirement_<void (*)(boost::SinglePassRangeConcept<const boost::iterator_range<const char*> >)>’
/home/biocbuild/bbs-3.21-bioc/R/site-library/BH/include/boost/range/algorithm/equal.hpp:174:13:   [ skipping 7 instantiation contexts, use -ftemplate-backtrace-limit=0 to disable ]
/home/biocbuild/bbs-3.21-bioc/R/site-library/BH/include/boost/iterator/iterator_facade.hpp:982:3:   required from ‘typename boost::iterators::detail::enable_if_interoperable<Derived1, Derived2, typename boost::mpl::apply2<boost::iterators::detail::always_bool2, Derived1, Derived2>::type>::type boost::iterators::operator!=(const iterator_facade<Derived1, V1, TC1, Reference1, Difference1>&, const iterator_facade<Derived2, V2, TC2, Reference2, Difference2>&) [with Derived1 = transform_iterator<boost::algorithm::detail::copy_iterator_rangeF<std::__cxx11::basic_string<char>, const char*>, boost::algorithm::split_iterator<const char*>, boost::use_default, boost::use_default>; V1 = std::__cxx11::basic_string<char>; TC1 = forward_traversal_tag; Reference1 = std::__cxx11::basic_string<char>; Difference1 = long int; Derived2 = transform_iterator<boost::algorithm::detail::copy_iterator_rangeF<std::__cxx11::basic_string<char>, const char*>, boost::algorithm::split_iterator<const char*>, boost::use_default, boost::use_default>; V2 = std::__cxx11::basic_string<char>; TC2 = forward_traversal_tag; Reference2 = std::__cxx11::basic_string<char>; Difference2 = long int; typename detail::enable_if_interoperable<Derived1, Derived2, typename boost::mpl::apply2<detail::always_bool2, Derived1, Derived2>::type>::type = bool; typename boost::mpl::apply2<detail::always_bool2, Derived1, Derived2>::type = bool]’
/usr/include/c++/13/bits/stl_vector.h:1671:21:   required from ‘void std::vector<_Tp, _Alloc>::_M_range_initialize(_InputIterator, _InputIterator, std::input_iterator_tag) [with _InputIterator = boost::iterators::transform_iterator<boost::algorithm::detail::copy_iterator_rangeF<std::__cxx11::basic_string<char>, const char*>, boost::algorithm::split_iterator<const char*>, boost::use_default, boost::use_default>; _Tp = std::__cxx11::basic_string<char>; _Alloc = std::allocator<std::__cxx11::basic_string<char> >]’
/usr/include/c++/13/bits/stl_vector.h:711:23:   required from ‘std::vector<_Tp, _Alloc>::vector(_InputIterator, _InputIterator, const allocator_type&) [with _InputIterator = boost::iterators::transform_iterator<boost::algorithm::detail::copy_iterator_rangeF<std::__cxx11::basic_string<char>, const char*>, boost::algorithm::split_iterator<const char*>, boost::use_default, boost::use_default>; <template-parameter-2-2> = void; _Tp = std::__cxx11::basic_string<char>; _Alloc = std::allocator<std::__cxx11::basic_string<char> >; allocator_type = std::allocator<std::__cxx11::basic_string<char> >]’
/home/biocbuild/bbs-3.21-bioc/R/site-library/BH/include/boost/algorithm/string/iter_find.hpp:186:31:   required from ‘SequenceSequenceT& boost::algorithm::iter_split(SequenceSequenceT&, RangeT&&, FinderT) [with SequenceSequenceT = std::vector<std::__cxx11::basic_string<char> >; RangeT = const char*&; FinderT = detail::token_finderF<detail::is_any_ofF<char> >]’
/home/biocbuild/bbs-3.21-bioc/R/site-library/BH/include/boost/algorithm/string/split.hpp:158:50:   required from ‘SequenceSequenceT& boost::algorithm::split(SequenceSequenceT&, RangeT&&, PredicateT, token_compress_mode_type) [with SequenceSequenceT = std::vector<std::__cxx11::basic_string<char> >; RangeT = const char*&; PredicateT = detail::is_any_ofF<char>]’
cstrsplit.cc:14:15:   required from here
/home/biocbuild/bbs-3.21-bioc/R/site-library/BH/include/boost/concept/detail/general.hpp:50:47: warning: ‘this’ pointer is null [-Wnonnull]
   50 |     static void failed() { ((Model*)0)->~Model(); }
      |                            ~~~~~~~~~~~~~~~~~~~^~
/home/biocbuild/bbs-3.21-bioc/R/site-library/BH/include/boost/concept/usage.hpp:37:7: note: in a call to non-static member function ‘boost::range_detail::SinglePassIteratorConcept<Iterator>::~SinglePassIteratorConcept() [with Iterator = const char*]’
   37 |       ~model()
      |       ^
/home/biocbuild/bbs-3.21-bioc/R/site-library/BH/include/boost/range/concepts.hpp:158:13: note: in expansion of macro ‘BOOST_CONCEPT_USAGE’
  158 |             BOOST_CONCEPT_USAGE(SinglePassIteratorConcept)
      |             ^~~~~~~~~~~~~~~~~~~
/home/biocbuild/bbs-3.21-bioc/R/site-library/BH/include/boost/concept/detail/general.hpp: In instantiation of ‘static void boost::concepts::requirement<boost::concepts::failed************ Model::************>::failed() [with Model = boost::concepts::usage_requirements<boost::SinglePassRangeConcept<const boost::iterator_range<const char*> > >]’:
/home/biocbuild/bbs-3.21-bioc/R/site-library/BH/include/boost/range/concepts.hpp:284:9:   required from ‘struct boost::SinglePassRangeConcept<const boost::iterator_range<const char*> >’
/home/biocbuild/bbs-3.21-bioc/R/site-library/BH/include/boost/concept/detail/has_constraints.hpp:32:62:   required by substitution of ‘template<class Model> boost::concepts::detail::yes boost::concepts::detail::has_constraints_(Model*, wrap_constraints<Model, (& Model::constraints)>*) [with Model = boost::SinglePassRangeConcept<const boost::iterator_range<const char*> >]’
/home/biocbuild/bbs-3.21-bioc/R/site-library/BH/include/boost/concept/detail/has_constraints.hpp:42:5:   required from ‘const bool boost::concepts::not_satisfied<boost::SinglePassRangeConcept<const boost::iterator_range<const char*> > >::value’
/home/biocbuild/bbs-3.21-bioc/R/site-library/BH/include/boost/concept/detail/has_constraints.hpp:45:51:   required from ‘struct boost::concepts::not_satisfied<boost::SinglePassRangeConcept<const boost::iterator_range<const char*> > >’
/home/biocbuild/bbs-3.21-bioc/R/site-library/BH/include/boost/concept/detail/general.hpp:72:8:   required from ‘struct boost::concepts::requirement_<void (*)(boost::SinglePassRangeConcept<const boost::iterator_range<const char*> >)>’
/home/biocbuild/bbs-3.21-bioc/R/site-library/BH/include/boost/range/algorithm/equal.hpp:174:13:   [ skipping 7 instantiation contexts, use -ftemplate-backtrace-limit=0 to disable ]
/home/biocbuild/bbs-3.21-bioc/R/site-library/BH/include/boost/iterator/iterator_facade.hpp:982:3:   required from ‘typename boost::iterators::detail::enable_if_interoperable<Derived1, Derived2, typename boost::mpl::apply2<boost::iterators::detail::always_bool2, Derived1, Derived2>::type>::type boost::iterators::operator!=(const iterator_facade<Derived1, V1, TC1, Reference1, Difference1>&, const iterator_facade<Derived2, V2, TC2, Reference2, Difference2>&) [with Derived1 = transform_iterator<boost::algorithm::detail::copy_iterator_rangeF<std::__cxx11::basic_string<char>, const char*>, boost::algorithm::split_iterator<const char*>, boost::use_default, boost::use_default>; V1 = std::__cxx11::basic_string<char>; TC1 = forward_traversal_tag; Reference1 = std::__cxx11::basic_string<char>; Difference1 = long int; Derived2 = transform_iterator<boost::algorithm::detail::copy_iterator_rangeF<std::__cxx11::basic_string<char>, const char*>, boost::algorithm::split_iterator<const char*>, boost::use_default, boost::use_default>; V2 = std::__cxx11::basic_string<char>; TC2 = forward_traversal_tag; Reference2 = std::__cxx11::basic_string<char>; Difference2 = long int; typename detail::enable_if_interoperable<Derived1, Derived2, typename boost::mpl::apply2<detail::always_bool2, Derived1, Derived2>::type>::type = bool; typename boost::mpl::apply2<detail::always_bool2, Derived1, Derived2>::type = bool]’
/usr/include/c++/13/bits/stl_vector.h:1671:21:   required from ‘void std::vector<_Tp, _Alloc>::_M_range_initialize(_InputIterator, _InputIterator, std::input_iterator_tag) [with _InputIterator = boost::iterators::transform_iterator<boost::algorithm::detail::copy_iterator_rangeF<std::__cxx11::basic_string<char>, const char*>, boost::algorithm::split_iterator<const char*>, boost::use_default, boost::use_default>; _Tp = std::__cxx11::basic_string<char>; _Alloc = std::allocator<std::__cxx11::basic_string<char> >]’
/usr/include/c++/13/bits/stl_vector.h:711:23:   required from ‘std::vector<_Tp, _Alloc>::vector(_InputIterator, _InputIterator, const allocator_type&) [with _InputIterator = boost::iterators::transform_iterator<boost::algorithm::detail::copy_iterator_rangeF<std::__cxx11::basic_string<char>, const char*>, boost::algorithm::split_iterator<const char*>, boost::use_default, boost::use_default>; <template-parameter-2-2> = void; _Tp = std::__cxx11::basic_string<char>; _Alloc = std::allocator<std::__cxx11::basic_string<char> >; allocator_type = std::allocator<std::__cxx11::basic_string<char> >]’
/home/biocbuild/bbs-3.21-bioc/R/site-library/BH/include/boost/algorithm/string/iter_find.hpp:186:31:   required from ‘SequenceSequenceT& boost::algorithm::iter_split(SequenceSequenceT&, RangeT&&, FinderT) [with SequenceSequenceT = std::vector<std::__cxx11::basic_string<char> >; RangeT = const char*&; FinderT = detail::token_finderF<detail::is_any_ofF<char> >]’
/home/biocbuild/bbs-3.21-bioc/R/site-library/BH/include/boost/algorithm/string/split.hpp:158:50:   required from ‘SequenceSequenceT& boost::algorithm::split(SequenceSequenceT&, RangeT&&, PredicateT, token_compress_mode_type) [with SequenceSequenceT = std::vector<std::__cxx11::basic_string<char> >; RangeT = const char*&; PredicateT = detail::is_any_ofF<char>]’
cstrsplit.cc:14:15:   required from here
/home/biocbuild/bbs-3.21-bioc/R/site-library/BH/include/boost/concept/detail/general.hpp:50:47: warning: ‘this’ pointer is null [-Wnonnull]
   50 |     static void failed() { ((Model*)0)->~Model(); }
      |                            ~~~~~~~~~~~~~~~~~~~^~
/home/biocbuild/bbs-3.21-bioc/R/site-library/BH/include/boost/concept/usage.hpp:20:5: note: in a call to non-static member function ‘boost::concepts::usage_requirements<Model>::~usage_requirements() [with Model = boost::SinglePassRangeConcept<const boost::iterator_range<const char*> >]’
   20 |     ~usage_requirements() { ((Model*)0)->~Model(); }
      |     ^
/home/biocbuild/bbs-3.21-bioc/R/site-library/BH/include/boost/concept/detail/general.hpp: In instantiation of ‘static void boost::concepts::requirement<boost::concepts::failed************ Model::************>::failed() [with Model = boost::SinglePassRangeConcept<const boost::iterator_range<const char*> >]’:
/home/biocbuild/bbs-3.21-bioc/R/site-library/BH/include/boost/range/algorithm/equal.hpp:174:13:   required from ‘bool boost::range::equal(const SinglePassRange1&, const SinglePassRange2&) [with SinglePassRange1 = boost::iterator_range<const char*>; SinglePassRange2 = boost::iterator_range<const char*>]’
/home/biocbuild/bbs-3.21-bioc/R/site-library/BH/include/boost/range/iterator_range_core.hpp:644:32:   required from ‘bool boost::operator==(const iterator_range<IteratorT>&, const iterator_range<Iterator2T>&) [with Iterator1T = const char*; Iterator2T = const char*]’
/home/biocbuild/bbs-3.21-bioc/R/site-library/BH/include/boost/algorithm/string/find_iterator.hpp:359:32:   required from ‘bool boost::algorithm::split_iterator<IteratorT>::equal(const boost::algorithm::split_iterator<IteratorT>&) const [with IteratorT = const char*]’
/home/biocbuild/bbs-3.21-bioc/R/site-library/BH/include/boost/iterator/iterator_facade.hpp:649:26:   required from ‘static bool boost::iterators::iterator_core_access::equal(const Facade1&, const Facade2&, mpl_::true_) [with Facade1 = boost::algorithm::split_iterator<const char*>; Facade2 = boost::algorithm::split_iterator<const char*>; mpl_::true_ = mpl_::bool_<true>]’
/home/biocbuild/bbs-3.21-bioc/R/site-library/BH/include/boost/iterator/iterator_facade.hpp:981:3:   required from ‘typename boost::iterators::detail::enable_if_interoperable<Derived1, Derived2, typename boost::mpl::apply2<boost::iterators::detail::always_bool2, Derived1, Derived2>::type>::type boost::iterators::operator==(const iterator_facade<Derived1, V1, TC1, Reference1, Difference1>&, const iterator_facade<Derived2, V2, TC2, Reference2, Difference2>&) [with Derived1 = boost::algorithm::split_iterator<const char*>; V1 = const boost::iterator_range<const char*>; TC1 = forward_traversal_tag; Reference1 = const boost::iterator_range<const char*>&; Difference1 = long int; Derived2 = boost::algorithm::split_iterator<const char*>; V2 = const boost::iterator_range<const char*>; TC2 = forward_traversal_tag; Reference2 = const boost::iterator_range<const char*>&; Difference2 = long int; typename detail::enable_if_interoperable<Derived1, Derived2, typename boost::mpl::apply2<detail::always_bool2, Derived1, Derived2>::type>::type = bool; typename boost::mpl::apply2<detail::always_bool2, Derived1, Derived2>::type = bool]’
/home/biocbuild/bbs-3.21-bioc/R/site-library/BH/include/boost/iterator/iterator_adaptor.hpp:305:29:   [ skipping 2 instantiation contexts, use -ftemplate-backtrace-limit=0 to disable ]
/home/biocbuild/bbs-3.21-bioc/R/site-library/BH/include/boost/iterator/iterator_facade.hpp:982:3:   required from ‘typename boost::iterators::detail::enable_if_interoperable<Derived1, Derived2, typename boost::mpl::apply2<boost::iterators::detail::always_bool2, Derived1, Derived2>::type>::type boost::iterators::operator!=(const iterator_facade<Derived1, V1, TC1, Reference1, Difference1>&, const iterator_facade<Derived2, V2, TC2, Reference2, Difference2>&) [with Derived1 = transform_iterator<boost::algorithm::detail::copy_iterator_rangeF<std::__cxx11::basic_string<char>, const char*>, boost::algorithm::split_iterator<const char*>, boost::use_default, boost::use_default>; V1 = std::__cxx11::basic_string<char>; TC1 = forward_traversal_tag; Reference1 = std::__cxx11::basic_string<char>; Difference1 = long int; Derived2 = transform_iterator<boost::algorithm::detail::copy_iterator_rangeF<std::__cxx11::basic_string<char>, const char*>, boost::algorithm::split_iterator<const char*>, boost::use_default, boost::use_default>; V2 = std::__cxx11::basic_string<char>; TC2 = forward_traversal_tag; Reference2 = std::__cxx11::basic_string<char>; Difference2 = long int; typename detail::enable_if_interoperable<Derived1, Derived2, typename boost::mpl::apply2<detail::always_bool2, Derived1, Derived2>::type>::type = bool; typename boost::mpl::apply2<detail::always_bool2, Derived1, Derived2>::type = bool]’
/usr/include/c++/13/bits/stl_vector.h:1671:21:   required from ‘void std::vector<_Tp, _Alloc>::_M_range_initialize(_InputIterator, _InputIterator, std::input_iterator_tag) [with _InputIterator = boost::iterators::transform_iterator<boost::algorithm::detail::copy_iterator_rangeF<std::__cxx11::basic_string<char>, const char*>, boost::algorithm::split_iterator<const char*>, boost::use_default, boost::use_default>; _Tp = std::__cxx11::basic_string<char>; _Alloc = std::allocator<std::__cxx11::basic_string<char> >]’
/usr/include/c++/13/bits/stl_vector.h:711:23:   required from ‘std::vector<_Tp, _Alloc>::vector(_InputIterator, _InputIterator, const allocator_type&) [with _InputIterator = boost::iterators::transform_iterator<boost::algorithm::detail::copy_iterator_rangeF<std::__cxx11::basic_string<char>, const char*>, boost::algorithm::split_iterator<const char*>, boost::use_default, boost::use_default>; <template-parameter-2-2> = void; _Tp = std::__cxx11::basic_string<char>; _Alloc = std::allocator<std::__cxx11::basic_string<char> >; allocator_type = std::allocator<std::__cxx11::basic_string<char> >]’
/home/biocbuild/bbs-3.21-bioc/R/site-library/BH/include/boost/algorithm/string/iter_find.hpp:186:31:   required from ‘SequenceSequenceT& boost::algorithm::iter_split(SequenceSequenceT&, RangeT&&, FinderT) [with SequenceSequenceT = std::vector<std::__cxx11::basic_string<char> >; RangeT = const char*&; FinderT = detail::token_finderF<detail::is_any_ofF<char> >]’
/home/biocbuild/bbs-3.21-bioc/R/site-library/BH/include/boost/algorithm/string/split.hpp:158:50:   required from ‘SequenceSequenceT& boost::algorithm::split(SequenceSequenceT&, RangeT&&, PredicateT, token_compress_mode_type) [with SequenceSequenceT = std::vector<std::__cxx11::basic_string<char> >; RangeT = const char*&; PredicateT = detail::is_any_ofF<char>]’
cstrsplit.cc:14:15:   required from here
/home/biocbuild/bbs-3.21-bioc/R/site-library/BH/include/boost/concept/detail/general.hpp:50:47: warning: ‘this’ pointer is null [-Wnonnull]
   50 |     static void failed() { ((Model*)0)->~Model(); }
      |                            ~~~~~~~~~~~~~~~~~~~^~
/home/biocbuild/bbs-3.21-bioc/R/site-library/BH/include/boost/concept/usage.hpp:37:7: note: in a call to non-static member function ‘boost::SinglePassRangeConcept<T>::~SinglePassRangeConcept() [with T = const boost::iterator_range<const char*>]’
   37 |       ~model()
      |       ^
/home/biocbuild/bbs-3.21-bioc/R/site-library/BH/include/boost/range/concepts.hpp:284:9: note: in expansion of macro ‘BOOST_CONCEPT_USAGE’
  284 |         BOOST_CONCEPT_USAGE(SinglePassRangeConcept)
      |         ^~~~~~~~~~~~~~~~~~~
/home/biocbuild/bbs-3.21-bioc/R/site-library/BH/include/boost/concept/usage.hpp: In instantiation of ‘boost::concepts::usage_requirements<Model>::~usage_requirements() [with Model = boost::CopyConstructible<const char*>]’:
/home/biocbuild/bbs-3.21-bioc/R/site-library/BH/include/boost/concept/detail/general.hpp:50:47:   required from ‘static void boost::concepts::requirement<boost::concepts::failed************ Model::************>::failed() [with Model = boost::concepts::usage_requirements<boost::CopyConstructible<const char*> >]’
/home/biocbuild/bbs-3.21-bioc/R/site-library/BH/include/boost/concept_check.hpp:167:5:   required from ‘struct boost::CopyConstructible<const char*>’
/home/biocbuild/bbs-3.21-bioc/R/site-library/BH/include/boost/range/concepts.hpp:125:16:   required from ‘struct boost::range_detail::IncrementableIteratorConcept<const char*>’
/home/biocbuild/bbs-3.21-bioc/R/site-library/BH/include/boost/range/concepts.hpp:147:16:   required from ‘struct boost::range_detail::SinglePassIteratorConcept<const char*>’
/home/biocbuild/bbs-3.21-bioc/R/site-library/BH/include/boost/concept/detail/has_constraints.hpp:32:62:   required by substitution of ‘template<class Model> boost::concepts::detail::yes boost::concepts::detail::has_constraints_(Model*, wrap_constraints<Model, (& Model::constraints)>*) [with Model = boost::range_detail::SinglePassIteratorConcept<const char*>]’
/home/biocbuild/bbs-3.21-bioc/R/site-library/BH/include/boost/concept/detail/has_constraints.hpp:42:5:   [ skipping 15 instantiation contexts, use -ftemplate-backtrace-limit=0 to disable ]
/home/biocbuild/bbs-3.21-bioc/R/site-library/BH/include/boost/iterator/iterator_facade.hpp:982:3:   required from ‘typename boost::iterators::detail::enable_if_interoperable<Derived1, Derived2, typename boost::mpl::apply2<boost::iterators::detail::always_bool2, Derived1, Derived2>::type>::type boost::iterators::operator!=(const iterator_facade<Derived1, V1, TC1, Reference1, Difference1>&, const iterator_facade<Derived2, V2, TC2, Reference2, Difference2>&) [with Derived1 = transform_iterator<boost::algorithm::detail::copy_iterator_rangeF<std::__cxx11::basic_string<char>, const char*>, boost::algorithm::split_iterator<const char*>, boost::use_default, boost::use_default>; V1 = std::__cxx11::basic_string<char>; TC1 = forward_traversal_tag; Reference1 = std::__cxx11::basic_string<char>; Difference1 = long int; Derived2 = transform_iterator<boost::algorithm::detail::copy_iterator_rangeF<std::__cxx11::basic_string<char>, const char*>, boost::algorithm::split_iterator<const char*>, boost::use_default, boost::use_default>; V2 = std::__cxx11::basic_string<char>; TC2 = forward_traversal_tag; Reference2 = std::__cxx11::basic_string<char>; Difference2 = long int; typename detail::enable_if_interoperable<Derived1, Derived2, typename boost::mpl::apply2<detail::always_bool2, Derived1, Derived2>::type>::type = bool; typename boost::mpl::apply2<detail::always_bool2, Derived1, Derived2>::type = bool]’
/usr/include/c++/13/bits/stl_vector.h:1671:21:   required from ‘void std::vector<_Tp, _Alloc>::_M_range_initialize(_InputIterator, _InputIterator, std::input_iterator_tag) [with _InputIterator = boost::iterators::transform_iterator<boost::algorithm::detail::copy_iterator_rangeF<std::__cxx11::basic_string<char>, const char*>, boost::algorithm::split_iterator<const char*>, boost::use_default, boost::use_default>; _Tp = std::__cxx11::basic_string<char>; _Alloc = std::allocator<std::__cxx11::basic_string<char> >]’
/usr/include/c++/13/bits/stl_vector.h:711:23:   required from ‘std::vector<_Tp, _Alloc>::vector(_InputIterator, _InputIterator, const allocator_type&) [with _InputIterator = boost::iterators::transform_iterator<boost::algorithm::detail::copy_iterator_rangeF<std::__cxx11::basic_string<char>, const char*>, boost::algorithm::split_iterator<const char*>, boost::use_default, boost::use_default>; <template-parameter-2-2> = void; _Tp = std::__cxx11::basic_string<char>; _Alloc = std::allocator<std::__cxx11::basic_string<char> >; allocator_type = std::allocator<std::__cxx11::basic_string<char> >]’
/home/biocbuild/bbs-3.21-bioc/R/site-library/BH/include/boost/algorithm/string/iter_find.hpp:186:31:   required from ‘SequenceSequenceT& boost::algorithm::iter_split(SequenceSequenceT&, RangeT&&, FinderT) [with SequenceSequenceT = std::vector<std::__cxx11::basic_string<char> >; RangeT = const char*&; FinderT = detail::token_finderF<detail::is_any_ofF<char> >]’
/home/biocbuild/bbs-3.21-bioc/R/site-library/BH/include/boost/algorithm/string/split.hpp:158:50:   required from ‘SequenceSequenceT& boost::algorithm::split(SequenceSequenceT&, RangeT&&, PredicateT, token_compress_mode_type) [with SequenceSequenceT = std::vector<std::__cxx11::basic_string<char> >; RangeT = const char*&; PredicateT = detail::is_any_ofF<char>]’
cstrsplit.cc:14:15:   required from here
/home/biocbuild/bbs-3.21-bioc/R/site-library/BH/include/boost/concept/usage.hpp:20:48: warning: ‘this’ pointer is null [-Wnonnull]
   20 |     ~usage_requirements() { ((Model*)0)->~Model(); }
      |                             ~~~~~~~~~~~~~~~~~~~^~
/home/biocbuild/bbs-3.21-bioc/R/site-library/BH/include/boost/concept/usage.hpp:37:7: note: in a call to non-static member function ‘boost::CopyConstructible<TT>::~CopyConstructible() [with TT = const char*]’
   37 |       ~model()
      |       ^
/home/biocbuild/bbs-3.21-bioc/R/site-library/BH/include/boost/concept_check.hpp:167:5: note: in expansion of macro ‘BOOST_CONCEPT_USAGE’
  167 |     BOOST_CONCEPT_USAGE(CopyConstructible) {
      |     ^~~~~~~~~~~~~~~~~~~
/home/biocbuild/bbs-3.21-bioc/R/site-library/BH/include/boost/concept/usage.hpp: In instantiation of ‘boost::concepts::usage_requirements<Model>::~usage_requirements() [with Model = boost::Convertible<boost::iterators::random_access_traversal_tag, boost::iterators::incrementable_traversal_tag>]’:
/home/biocbuild/bbs-3.21-bioc/R/site-library/BH/include/boost/concept/detail/general.hpp:50:47:   required from ‘static void boost::concepts::requirement<boost::concepts::failed************ Model::************>::failed() [with Model = boost::concepts::usage_requirements<boost::Convertible<boost::iterators::random_access_traversal_tag, boost::iterators::incrementable_traversal_tag> >]’
/home/biocbuild/bbs-3.21-bioc/R/site-library/BH/include/boost/concept_check.hpp:208:5:   required from ‘struct boost::Convertible<boost::iterators::random_access_traversal_tag, boost::iterators::incrementable_traversal_tag>’
/home/biocbuild/bbs-3.21-bioc/R/site-library/BH/include/boost/concept/detail/has_constraints.hpp:32:62:   required by substitution of ‘template<class Model> boost::concepts::detail::yes boost::concepts::detail::has_constraints_(Model*, wrap_constraints<Model, (& Model::constraints)>*) [with Model = boost::Convertible<boost::iterators::random_access_traversal_tag, boost::iterators::incrementable_traversal_tag>]’
/home/biocbuild/bbs-3.21-bioc/R/site-library/BH/include/boost/concept/detail/has_constraints.hpp:42:5:   required from ‘const bool boost::concepts::not_satisfied<boost::Convertible<boost::iterators::random_access_traversal_tag, boost::iterators::incrementable_traversal_tag> >::value’
/home/biocbuild/bbs-3.21-bioc/R/site-library/BH/include/boost/concept/detail/has_constraints.hpp:45:51:   required from ‘struct boost::concepts::not_satisfied<boost::Convertible<boost::iterators::random_access_traversal_tag, boost::iterators::incrementable_traversal_tag> >’
/home/biocbuild/bbs-3.21-bioc/R/site-library/BH/include/boost/concept/detail/general.hpp:72:8:   [ skipping 19 instantiation contexts, use -ftemplate-backtrace-limit=0 to disable ]
/home/biocbuild/bbs-3.21-bioc/R/site-library/BH/include/boost/iterator/iterator_facade.hpp:982:3:   required from ‘typename boost::iterators::detail::enable_if_interoperable<Derived1, Derived2, typename boost::mpl::apply2<boost::iterators::detail::always_bool2, Derived1, Derived2>::type>::type boost::iterators::operator!=(const iterator_facade<Derived1, V1, TC1, Reference1, Difference1>&, const iterator_facade<Derived2, V2, TC2, Reference2, Difference2>&) [with Derived1 = transform_iterator<boost::algorithm::detail::copy_iterator_rangeF<std::__cxx11::basic_string<char>, const char*>, boost::algorithm::split_iterator<const char*>, boost::use_default, boost::use_default>; V1 = std::__cxx11::basic_string<char>; TC1 = forward_traversal_tag; Reference1 = std::__cxx11::basic_string<char>; Difference1 = long int; Derived2 = transform_iterator<boost::algorithm::detail::copy_iterator_rangeF<std::__cxx11::basic_string<char>, const char*>, boost::algorithm::split_iterator<const char*>, boost::use_default, boost::use_default>; V2 = std::__cxx11::basic_string<char>; TC2 = forward_traversal_tag; Reference2 = std::__cxx11::basic_string<char>; Difference2 = long int; typename detail::enable_if_interoperable<Derived1, Derived2, typename boost::mpl::apply2<detail::always_bool2, Derived1, Derived2>::type>::type = bool; typename boost::mpl::apply2<detail::always_bool2, Derived1, Derived2>::type = bool]’
/usr/include/c++/13/bits/stl_vector.h:1671:21:   required from ‘void std::vector<_Tp, _Alloc>::_M_range_initialize(_InputIterator, _InputIterator, std::input_iterator_tag) [with _InputIterator = boost::iterators::transform_iterator<boost::algorithm::detail::copy_iterator_rangeF<std::__cxx11::basic_string<char>, const char*>, boost::algorithm::split_iterator<const char*>, boost::use_default, boost::use_default>; _Tp = std::__cxx11::basic_string<char>; _Alloc = std::allocator<std::__cxx11::basic_string<char> >]’
/usr/include/c++/13/bits/stl_vector.h:711:23:   required from ‘std::vector<_Tp, _Alloc>::vector(_InputIterator, _InputIterator, const allocator_type&) [with _InputIterator = boost::iterators::transform_iterator<boost::algorithm::detail::copy_iterator_rangeF<std::__cxx11::basic_string<char>, const char*>, boost::algorithm::split_iterator<const char*>, boost::use_default, boost::use_default>; <template-parameter-2-2> = void; _Tp = std::__cxx11::basic_string<char>; _Alloc = std::allocator<std::__cxx11::basic_string<char> >; allocator_type = std::allocator<std::__cxx11::basic_string<char> >]’
/home/biocbuild/bbs-3.21-bioc/R/site-library/BH/include/boost/algorithm/string/iter_find.hpp:186:31:   required from ‘SequenceSequenceT& boost::algorithm::iter_split(SequenceSequenceT&, RangeT&&, FinderT) [with SequenceSequenceT = std::vector<std::__cxx11::basic_string<char> >; RangeT = const char*&; FinderT = detail::token_finderF<detail::is_any_ofF<char> >]’
/home/biocbuild/bbs-3.21-bioc/R/site-library/BH/include/boost/algorithm/string/split.hpp:158:50:   required from ‘SequenceSequenceT& boost::algorithm::split(SequenceSequenceT&, RangeT&&, PredicateT, token_compress_mode_type) [with SequenceSequenceT = std::vector<std::__cxx11::basic_string<char> >; RangeT = const char*&; PredicateT = detail::is_any_ofF<char>]’
cstrsplit.cc:14:15:   required from here
/home/biocbuild/bbs-3.21-bioc/R/site-library/BH/include/boost/concept/usage.hpp:20:48: warning: ‘this’ pointer is null [-Wnonnull]
   20 |     ~usage_requirements() { ((Model*)0)->~Model(); }
      |                             ~~~~~~~~~~~~~~~~~~~^~
/home/biocbuild/bbs-3.21-bioc/R/site-library/BH/include/boost/concept/usage.hpp:37:7: note: in a call to non-static member function ‘boost::Convertible<X, Y>::~Convertible() [with X = boost::iterators::random_access_traversal_tag; Y = boost::iterators::incrementable_traversal_tag]’
   37 |       ~model()
      |       ^
/home/biocbuild/bbs-3.21-bioc/R/site-library/BH/include/boost/concept_check.hpp:208:5: note: in expansion of macro ‘BOOST_CONCEPT_USAGE’
  208 |     BOOST_CONCEPT_USAGE(Convertible) {
      |     ^~~~~~~~~~~~~~~~~~~
/home/biocbuild/bbs-3.21-bioc/R/site-library/BH/include/boost/concept/usage.hpp: In instantiation of ‘boost::concepts::usage_requirements<Model>::~usage_requirements() [with Model = boost::range_detail::IncrementableIteratorConcept<const char*>]’:
/home/biocbuild/bbs-3.21-bioc/R/site-library/BH/include/boost/concept/detail/general.hpp:50:47:   required from ‘static void boost::concepts::requirement<boost::concepts::failed************ Model::************>::failed() [with Model = boost::concepts::usage_requirements<boost::range_detail::IncrementableIteratorConcept<const char*> >]’
/home/biocbuild/bbs-3.21-bioc/R/site-library/BH/include/boost/range/concepts.hpp:136:13:   required from ‘struct boost::range_detail::IncrementableIteratorConcept<const char*>’
/home/biocbuild/bbs-3.21-bioc/R/site-library/BH/include/boost/range/concepts.hpp:147:16:   required from ‘struct boost::range_detail::SinglePassIteratorConcept<const char*>’
/home/biocbuild/bbs-3.21-bioc/R/site-library/BH/include/boost/concept/detail/has_constraints.hpp:32:62:   required by substitution of ‘template<class Model> boost::concepts::detail::yes boost::concepts::detail::has_constraints_(Model*, wrap_constraints<Model, (& Model::constraints)>*) [with Model = boost::range_detail::SinglePassIteratorConcept<const char*>]’
/home/biocbuild/bbs-3.21-bioc/R/site-library/BH/include/boost/concept/detail/has_constraints.hpp:42:5:   required from ‘const bool boost::concepts::not_satisfied<boost::range_detail::SinglePassIteratorConcept<const char*> >::value’
/home/biocbuild/bbs-3.21-bioc/R/site-library/BH/include/boost/concept/detail/has_constraints.hpp:45:51:   [ skipping 14 instantiation contexts, use -ftemplate-backtrace-limit=0 to disable ]
/home/biocbuild/bbs-3.21-bioc/R/site-library/BH/include/boost/iterator/iterator_facade.hpp:982:3:   required from ‘typename boost::iterators::detail::enable_if_interoperable<Derived1, Derived2, typename boost::mpl::apply2<boost::iterators::detail::always_bool2, Derived1, Derived2>::type>::type boost::iterators::operator!=(const iterator_facade<Derived1, V1, TC1, Reference1, Difference1>&, const iterator_facade<Derived2, V2, TC2, Reference2, Difference2>&) [with Derived1 = transform_iterator<boost::algorithm::detail::copy_iterator_rangeF<std::__cxx11::basic_string<char>, const char*>, boost::algorithm::split_iterator<const char*>, boost::use_default, boost::use_default>; V1 = std::__cxx11::basic_string<char>; TC1 = forward_traversal_tag; Reference1 = std::__cxx11::basic_string<char>; Difference1 = long int; Derived2 = transform_iterator<boost::algorithm::detail::copy_iterator_rangeF<std::__cxx11::basic_string<char>, const char*>, boost::algorithm::split_iterator<const char*>, boost::use_default, boost::use_default>; V2 = std::__cxx11::basic_string<char>; TC2 = forward_traversal_tag; Reference2 = std::__cxx11::basic_string<char>; Difference2 = long int; typename detail::enable_if_interoperable<Derived1, Derived2, typename boost::mpl::apply2<detail::always_bool2, Derived1, Derived2>::type>::type = bool; typename boost::mpl::apply2<detail::always_bool2, Derived1, Derived2>::type = bool]’
/usr/include/c++/13/bits/stl_vector.h:1671:21:   required from ‘void std::vector<_Tp, _Alloc>::_M_range_initialize(_InputIterator, _InputIterator, std::input_iterator_tag) [with _InputIterator = boost::iterators::transform_iterator<boost::algorithm::detail::copy_iterator_rangeF<std::__cxx11::basic_string<char>, const char*>, boost::algorithm::split_iterator<const char*>, boost::use_default, boost::use_default>; _Tp = std::__cxx11::basic_string<char>; _Alloc = std::allocator<std::__cxx11::basic_string<char> >]’
/usr/include/c++/13/bits/stl_vector.h:711:23:   required from ‘std::vector<_Tp, _Alloc>::vector(_InputIterator, _InputIterator, const allocator_type&) [with _InputIterator = boost::iterators::transform_iterator<boost::algorithm::detail::copy_iterator_rangeF<std::__cxx11::basic_string<char>, const char*>, boost::algorithm::split_iterator<const char*>, boost::use_default, boost::use_default>; <template-parameter-2-2> = void; _Tp = std::__cxx11::basic_string<char>; _Alloc = std::allocator<std::__cxx11::basic_string<char> >; allocator_type = std::allocator<std::__cxx11::basic_string<char> >]’
/home/biocbuild/bbs-3.21-bioc/R/site-library/BH/include/boost/algorithm/string/iter_find.hpp:186:31:   required from ‘SequenceSequenceT& boost::algorithm::iter_split(SequenceSequenceT&, RangeT&&, FinderT) [with SequenceSequenceT = std::vector<std::__cxx11::basic_string<char> >; RangeT = const char*&; FinderT = detail::token_finderF<detail::is_any_ofF<char> >]’
/home/biocbuild/bbs-3.21-bioc/R/site-library/BH/include/boost/algorithm/string/split.hpp:158:50:   required from ‘SequenceSequenceT& boost::algorithm::split(SequenceSequenceT&, RangeT&&, PredicateT, token_compress_mode_type) [with SequenceSequenceT = std::vector<std::__cxx11::basic_string<char> >; RangeT = const char*&; PredicateT = detail::is_any_ofF<char>]’
cstrsplit.cc:14:15:   required from here
/home/biocbuild/bbs-3.21-bioc/R/site-library/BH/include/boost/concept/usage.hpp:20:48: warning: ‘this’ pointer is null [-Wnonnull]
   20 |     ~usage_requirements() { ((Model*)0)->~Model(); }
      |                             ~~~~~~~~~~~~~~~~~~~^~
/home/biocbuild/bbs-3.21-bioc/R/site-library/BH/include/boost/concept/usage.hpp:37:7: note: in a call to non-static member function ‘boost::range_detail::IncrementableIteratorConcept<Iterator>::~IncrementableIteratorConcept() [with Iterator = const char*]’
   37 |       ~model()
      |       ^
/home/biocbuild/bbs-3.21-bioc/R/site-library/BH/include/boost/range/concepts.hpp:136:13: note: in expansion of macro ‘BOOST_CONCEPT_USAGE’
  136 |             BOOST_CONCEPT_USAGE(IncrementableIteratorConcept)
      |             ^~~~~~~~~~~~~~~~~~~
/home/biocbuild/bbs-3.21-bioc/R/site-library/BH/include/boost/concept/usage.hpp: In instantiation of ‘boost::concepts::usage_requirements<Model>::~usage_requirements() [with Model = boost::EqualityComparable<const char*>]’:
/home/biocbuild/bbs-3.21-bioc/R/site-library/BH/include/boost/concept/detail/general.hpp:50:47:   required from ‘static void boost::concepts::requirement<boost::concepts::failed************ Model::************>::failed() [with Model = boost::concepts::usage_requirements<boost::EqualityComparable<const char*> >]’
/home/biocbuild/bbs-3.21-bioc/R/site-library/BH/include/boost/concept_check.hpp:233:5:   required from ‘struct boost::EqualityComparable<const char*>’
/home/biocbuild/bbs-3.21-bioc/R/site-library/BH/include/boost/range/concepts.hpp:147:16:   required from ‘struct boost::range_detail::SinglePassIteratorConcept<const char*>’
/home/biocbuild/bbs-3.21-bioc/R/site-library/BH/include/boost/concept/detail/has_constraints.hpp:32:62:   required by substitution of ‘template<class Model> boost::concepts::detail::yes boost::concepts::detail::has_constraints_(Model*, wrap_constraints<Model, (& Model::constraints)>*) [with Model = boost::range_detail::SinglePassIteratorConcept<const char*>]’
/home/biocbuild/bbs-3.21-bioc/R/site-library/BH/include/boost/concept/detail/has_constraints.hpp:42:5:   required from ‘const bool boost::concepts::not_satisfied<boost::range_detail::SinglePassIteratorConcept<const char*> >::value’
/home/biocbuild/bbs-3.21-bioc/R/site-library/BH/include/boost/concept/detail/has_constraints.hpp:45:51:   [ skipping 14 instantiation contexts, use -ftemplate-backtrace-limit=0 to disable ]
/home/biocbuild/bbs-3.21-bioc/R/site-library/BH/include/boost/iterator/iterator_facade.hpp:982:3:   required from ‘typename boost::iterators::detail::enable_if_interoperable<Derived1, Derived2, typename boost::mpl::apply2<boost::iterators::detail::always_bool2, Derived1, Derived2>::type>::type boost::iterators::operator!=(const iterator_facade<Derived1, V1, TC1, Reference1, Difference1>&, const iterator_facade<Derived2, V2, TC2, Reference2, Difference2>&) [with Derived1 = transform_iterator<boost::algorithm::detail::copy_iterator_rangeF<std::__cxx11::basic_string<char>, const char*>, boost::algorithm::split_iterator<const char*>, boost::use_default, boost::use_default>; V1 = std::__cxx11::basic_string<char>; TC1 = forward_traversal_tag; Reference1 = std::__cxx11::basic_string<char>; Difference1 = long int; Derived2 = transform_iterator<boost::algorithm::detail::copy_iterator_rangeF<std::__cxx11::basic_string<char>, const char*>, boost::algorithm::split_iterator<const char*>, boost::use_default, boost::use_default>; V2 = std::__cxx11::basic_string<char>; TC2 = forward_traversal_tag; Reference2 = std::__cxx11::basic_string<char>; Difference2 = long int; typename detail::enable_if_interoperable<Derived1, Derived2, typename boost::mpl::apply2<detail::always_bool2, Derived1, Derived2>::type>::type = bool; typename boost::mpl::apply2<detail::always_bool2, Derived1, Derived2>::type = bool]’
/usr/include/c++/13/bits/stl_vector.h:1671:21:   required from ‘void std::vector<_Tp, _Alloc>::_M_range_initialize(_InputIterator, _InputIterator, std::input_iterator_tag) [with _InputIterator = boost::iterators::transform_iterator<boost::algorithm::detail::copy_iterator_rangeF<std::__cxx11::basic_string<char>, const char*>, boost::algorithm::split_iterator<const char*>, boost::use_default, boost::use_default>; _Tp = std::__cxx11::basic_string<char>; _Alloc = std::allocator<std::__cxx11::basic_string<char> >]’
/usr/include/c++/13/bits/stl_vector.h:711:23:   required from ‘std::vector<_Tp, _Alloc>::vector(_InputIterator, _InputIterator, const allocator_type&) [with _InputIterator = boost::iterators::transform_iterator<boost::algorithm::detail::copy_iterator_rangeF<std::__cxx11::basic_string<char>, const char*>, boost::algorithm::split_iterator<const char*>, boost::use_default, boost::use_default>; <template-parameter-2-2> = void; _Tp = std::__cxx11::basic_string<char>; _Alloc = std::allocator<std::__cxx11::basic_string<char> >; allocator_type = std::allocator<std::__cxx11::basic_string<char> >]’
/home/biocbuild/bbs-3.21-bioc/R/site-library/BH/include/boost/algorithm/string/iter_find.hpp:186:31:   required from ‘SequenceSequenceT& boost::algorithm::iter_split(SequenceSequenceT&, RangeT&&, FinderT) [with SequenceSequenceT = std::vector<std::__cxx11::basic_string<char> >; RangeT = const char*&; FinderT = detail::token_finderF<detail::is_any_ofF<char> >]’
/home/biocbuild/bbs-3.21-bioc/R/site-library/BH/include/boost/algorithm/string/split.hpp:158:50:   required from ‘SequenceSequenceT& boost::algorithm::split(SequenceSequenceT&, RangeT&&, PredicateT, token_compress_mode_type) [with SequenceSequenceT = std::vector<std::__cxx11::basic_string<char> >; RangeT = const char*&; PredicateT = detail::is_any_ofF<char>]’
cstrsplit.cc:14:15:   required from here
/home/biocbuild/bbs-3.21-bioc/R/site-library/BH/include/boost/concept/usage.hpp:20:48: warning: ‘this’ pointer is null [-Wnonnull]
   20 |     ~usage_requirements() { ((Model*)0)->~Model(); }
      |                             ~~~~~~~~~~~~~~~~~~~^~
/home/biocbuild/bbs-3.21-bioc/R/site-library/BH/include/boost/concept/usage.hpp:37:7: note: in a call to non-static member function ‘boost::EqualityComparable<TT>::~EqualityComparable() [with TT = const char*]’
   37 |       ~model()
      |       ^
/home/biocbuild/bbs-3.21-bioc/R/site-library/BH/include/boost/concept_check.hpp:233:5: note: in expansion of macro ‘BOOST_CONCEPT_USAGE’
  233 |     BOOST_CONCEPT_USAGE(EqualityComparable) {
      |     ^~~~~~~~~~~~~~~~~~~
/home/biocbuild/bbs-3.21-bioc/R/site-library/BH/include/boost/concept/usage.hpp: In instantiation of ‘boost::concepts::usage_requirements<Model>::~usage_requirements() [with Model = boost::Convertible<boost::iterators::random_access_traversal_tag, boost::iterators::single_pass_traversal_tag>]’:
/home/biocbuild/bbs-3.21-bioc/R/site-library/BH/include/boost/concept/detail/general.hpp:50:47:   required from ‘static void boost::concepts::requirement<boost::concepts::failed************ Model::************>::failed() [with Model = boost::concepts::usage_requirements<boost::Convertible<boost::iterators::random_access_traversal_tag, boost::iterators::single_pass_traversal_tag> >]’
/home/biocbuild/bbs-3.21-bioc/R/site-library/BH/include/boost/concept_check.hpp:208:5:   required from ‘struct boost::Convertible<boost::iterators::random_access_traversal_tag, boost::iterators::single_pass_traversal_tag>’
/home/biocbuild/bbs-3.21-bioc/R/site-library/BH/include/boost/concept/detail/has_constraints.hpp:32:62:   required by substitution of ‘template<class Model> boost::concepts::detail::yes boost::concepts::detail::has_constraints_(Model*, wrap_constraints<Model, (& Model::constraints)>*) [with Model = boost::Convertible<boost::iterators::random_access_traversal_tag, boost::iterators::single_pass_traversal_tag>]’
/home/biocbuild/bbs-3.21-bioc/R/site-library/BH/include/boost/concept/detail/has_constraints.hpp:42:5:   required from ‘const bool boost::concepts::not_satisfied<boost::Convertible<boost::iterators::random_access_traversal_tag, boost::iterators::single_pass_traversal_tag> >::value’
/home/biocbuild/bbs-3.21-bioc/R/site-library/BH/include/boost/concept/detail/has_constraints.hpp:45:51:   required from ‘struct boost::concepts::not_satisfied<boost::Convertible<boost::iterators::random_access_traversal_tag, boost::iterators::single_pass_traversal_tag> >’
/home/biocbuild/bbs-3.21-bioc/R/site-library/BH/include/boost/concept/detail/general.hpp:72:8:   [ skipping 18 instantiation contexts, use -ftemplate-backtrace-limit=0 to disable ]
/home/biocbuild/bbs-3.21-bioc/R/site-library/BH/include/boost/iterator/iterator_facade.hpp:982:3:   required from ‘typename boost::iterators::detail::enable_if_interoperable<Derived1, Derived2, typename boost::mpl::apply2<boost::iterators::detail::always_bool2, Derived1, Derived2>::type>::type boost::iterators::operator!=(const iterator_facade<Derived1, V1, TC1, Reference1, Difference1>&, const iterator_facade<Derived2, V2, TC2, Reference2, Difference2>&) [with Derived1 = transform_iterator<boost::algorithm::detail::copy_iterator_rangeF<std::__cxx11::basic_string<char>, const char*>, boost::algorithm::split_iterator<const char*>, boost::use_default, boost::use_default>; V1 = std::__cxx11::basic_string<char>; TC1 = forward_traversal_tag; Reference1 = std::__cxx11::basic_string<char>; Difference1 = long int; Derived2 = transform_iterator<boost::algorithm::detail::copy_iterator_rangeF<std::__cxx11::basic_string<char>, const char*>, boost::algorithm::split_iterator<const char*>, boost::use_default, boost::use_default>; V2 = std::__cxx11::basic_string<char>; TC2 = forward_traversal_tag; Reference2 = std::__cxx11::basic_string<char>; Difference2 = long int; typename detail::enable_if_interoperable<Derived1, Derived2, typename boost::mpl::apply2<detail::always_bool2, Derived1, Derived2>::type>::type = bool; typename boost::mpl::apply2<detail::always_bool2, Derived1, Derived2>::type = bool]’
/usr/include/c++/13/bits/stl_vector.h:1671:21:   required from ‘void std::vector<_Tp, _Alloc>::_M_range_initialize(_InputIterator, _InputIterator, std::input_iterator_tag) [with _InputIterator = boost::iterators::transform_iterator<boost::algorithm::detail::copy_iterator_rangeF<std::__cxx11::basic_string<char>, const char*>, boost::algorithm::split_iterator<const char*>, boost::use_default, boost::use_default>; _Tp = std::__cxx11::basic_string<char>; _Alloc = std::allocator<std::__cxx11::basic_string<char> >]’
/usr/include/c++/13/bits/stl_vector.h:711:23:   required from ‘std::vector<_Tp, _Alloc>::vector(_InputIterator, _InputIterator, const allocator_type&) [with _InputIterator = boost::iterators::transform_iterator<boost::algorithm::detail::copy_iterator_rangeF<std::__cxx11::basic_string<char>, const char*>, boost::algorithm::split_iterator<const char*>, boost::use_default, boost::use_default>; <template-parameter-2-2> = void; _Tp = std::__cxx11::basic_string<char>; _Alloc = std::allocator<std::__cxx11::basic_string<char> >; allocator_type = std::allocator<std::__cxx11::basic_string<char> >]’
/home/biocbuild/bbs-3.21-bioc/R/site-library/BH/include/boost/algorithm/string/iter_find.hpp:186:31:   required from ‘SequenceSequenceT& boost::algorithm::iter_split(SequenceSequenceT&, RangeT&&, FinderT) [with SequenceSequenceT = std::vector<std::__cxx11::basic_string<char> >; RangeT = const char*&; FinderT = detail::token_finderF<detail::is_any_ofF<char> >]’
/home/biocbuild/bbs-3.21-bioc/R/site-library/BH/include/boost/algorithm/string/split.hpp:158:50:   required from ‘SequenceSequenceT& boost::algorithm::split(SequenceSequenceT&, RangeT&&, PredicateT, token_compress_mode_type) [with SequenceSequenceT = std::vector<std::__cxx11::basic_string<char> >; RangeT = const char*&; PredicateT = detail::is_any_ofF<char>]’
cstrsplit.cc:14:15:   required from here
/home/biocbuild/bbs-3.21-bioc/R/site-library/BH/include/boost/concept/usage.hpp:20:48: warning: ‘this’ pointer is null [-Wnonnull]
   20 |     ~usage_requirements() { ((Model*)0)->~Model(); }
      |                             ~~~~~~~~~~~~~~~~~~~^~
/home/biocbuild/bbs-3.21-bioc/R/site-library/BH/include/boost/concept/usage.hpp:37:7: note: in a call to non-static member function ‘boost::Convertible<X, Y>::~Convertible() [with X = boost::iterators::random_access_traversal_tag; Y = boost::iterators::single_pass_traversal_tag]’
   37 |       ~model()
      |       ^
/home/biocbuild/bbs-3.21-bioc/R/site-library/BH/include/boost/concept_check.hpp:208:5: note: in expansion of macro ‘BOOST_CONCEPT_USAGE’
  208 |     BOOST_CONCEPT_USAGE(Convertible) {
      |     ^~~~~~~~~~~~~~~~~~~
/home/biocbuild/bbs-3.21-bioc/R/site-library/BH/include/boost/concept/usage.hpp: In instantiation of ‘boost::concepts::usage_requirements<Model>::~usage_requirements() [with Model = boost::range_detail::SinglePassIteratorConcept<const char*>]’:
/home/biocbuild/bbs-3.21-bioc/R/site-library/BH/include/boost/concept/detail/general.hpp:50:47:   required from ‘static void boost::concepts::requirement<boost::concepts::failed************ Model::************>::failed() [with Model = boost::concepts::usage_requirements<boost::range_detail::SinglePassIteratorConcept<const char*> >]’
/home/biocbuild/bbs-3.21-bioc/R/site-library/BH/include/boost/range/concepts.hpp:158:13:   required from ‘struct boost::range_detail::SinglePassIteratorConcept<const char*>’
/home/biocbuild/bbs-3.21-bioc/R/site-library/BH/include/boost/concept/detail/has_constraints.hpp:32:62:   required by substitution of ‘template<class Model> boost::concepts::detail::yes boost::concepts::detail::has_constraints_(Model*, wrap_constraints<Model, (& Model::constraints)>*) [with Model = boost::range_detail::SinglePassIteratorConcept<const char*>]’
/home/biocbuild/bbs-3.21-bioc/R/site-library/BH/include/boost/concept/detail/has_constraints.hpp:42:5:   required from ‘const bool boost::concepts::not_satisfied<boost::range_detail::SinglePassIteratorConcept<const char*> >::value’
/home/biocbuild/bbs-3.21-bioc/R/site-library/BH/include/boost/concept/detail/has_constraints.hpp:45:51:   required from ‘struct boost::concepts::not_satisfied<boost::range_detail::SinglePassIteratorConcept<const char*> >’
/home/biocbuild/bbs-3.21-bioc/R/site-library/BH/include/boost/concept/detail/general.hpp:72:8:   [ skipping 13 instantiation contexts, use -ftemplate-backtrace-limit=0 to disable ]
/home/biocbuild/bbs-3.21-bioc/R/site-library/BH/include/boost/iterator/iterator_facade.hpp:982:3:   required from ‘typename boost::iterators::detail::enable_if_interoperable<Derived1, Derived2, typename boost::mpl::apply2<boost::iterators::detail::always_bool2, Derived1, Derived2>::type>::type boost::iterators::operator!=(const iterator_facade<Derived1, V1, TC1, Reference1, Difference1>&, const iterator_facade<Derived2, V2, TC2, Reference2, Difference2>&) [with Derived1 = transform_iterator<boost::algorithm::detail::copy_iterator_rangeF<std::__cxx11::basic_string<char>, const char*>, boost::algorithm::split_iterator<const char*>, boost::use_default, boost::use_default>; V1 = std::__cxx11::basic_string<char>; TC1 = forward_traversal_tag; Reference1 = std::__cxx11::basic_string<char>; Difference1 = long int; Derived2 = transform_iterator<boost::algorithm::detail::copy_iterator_rangeF<std::__cxx11::basic_string<char>, const char*>, boost::algorithm::split_iterator<const char*>, boost::use_default, boost::use_default>; V2 = std::__cxx11::basic_string<char>; TC2 = forward_traversal_tag; Reference2 = std::__cxx11::basic_string<char>; Difference2 = long int; typename detail::enable_if_interoperable<Derived1, Derived2, typename boost::mpl::apply2<detail::always_bool2, Derived1, Derived2>::type>::type = bool; typename boost::mpl::apply2<detail::always_bool2, Derived1, Derived2>::type = bool]’
/usr/include/c++/13/bits/stl_vector.h:1671:21:   required from ‘void std::vector<_Tp, _Alloc>::_M_range_initialize(_InputIterator, _InputIterator, std::input_iterator_tag) [with _InputIterator = boost::iterators::transform_iterator<boost::algorithm::detail::copy_iterator_rangeF<std::__cxx11::basic_string<char>, const char*>, boost::algorithm::split_iterator<const char*>, boost::use_default, boost::use_default>; _Tp = std::__cxx11::basic_string<char>; _Alloc = std::allocator<std::__cxx11::basic_string<char> >]’
/usr/include/c++/13/bits/stl_vector.h:711:23:   required from ‘std::vector<_Tp, _Alloc>::vector(_InputIterator, _InputIterator, const allocator_type&) [with _InputIterator = boost::iterators::transform_iterator<boost::algorithm::detail::copy_iterator_rangeF<std::__cxx11::basic_string<char>, const char*>, boost::algorithm::split_iterator<const char*>, boost::use_default, boost::use_default>; <template-parameter-2-2> = void; _Tp = std::__cxx11::basic_string<char>; _Alloc = std::allocator<std::__cxx11::basic_string<char> >; allocator_type = std::allocator<std::__cxx11::basic_string<char> >]’
/home/biocbuild/bbs-3.21-bioc/R/site-library/BH/include/boost/algorithm/string/iter_find.hpp:186:31:   required from ‘SequenceSequenceT& boost::algorithm::iter_split(SequenceSequenceT&, RangeT&&, FinderT) [with SequenceSequenceT = std::vector<std::__cxx11::basic_string<char> >; RangeT = const char*&; FinderT = detail::token_finderF<detail::is_any_ofF<char> >]’
/home/biocbuild/bbs-3.21-bioc/R/site-library/BH/include/boost/algorithm/string/split.hpp:158:50:   required from ‘SequenceSequenceT& boost::algorithm::split(SequenceSequenceT&, RangeT&&, PredicateT, token_compress_mode_type) [with SequenceSequenceT = std::vector<std::__cxx11::basic_string<char> >; RangeT = const char*&; PredicateT = detail::is_any_ofF<char>]’
cstrsplit.cc:14:15:   required from here
/home/biocbuild/bbs-3.21-bioc/R/site-library/BH/include/boost/concept/usage.hpp:20:48: warning: ‘this’ pointer is null [-Wnonnull]
   20 |     ~usage_requirements() { ((Model*)0)->~Model(); }
      |                             ~~~~~~~~~~~~~~~~~~~^~
/home/biocbuild/bbs-3.21-bioc/R/site-library/BH/include/boost/concept/usage.hpp:37:7: note: in a call to non-static member function ‘boost::range_detail::SinglePassIteratorConcept<Iterator>::~SinglePassIteratorConcept() [with Iterator = const char*]’
   37 |       ~model()
      |       ^
/home/biocbuild/bbs-3.21-bioc/R/site-library/BH/include/boost/range/concepts.hpp:158:13: note: in expansion of macro ‘BOOST_CONCEPT_USAGE’
  158 |             BOOST_CONCEPT_USAGE(SinglePassIteratorConcept)
      |             ^~~~~~~~~~~~~~~~~~~
/home/biocbuild/bbs-3.21-bioc/R/site-library/BH/include/boost/concept/usage.hpp: In instantiation of ‘boost::concepts::usage_requirements<Model>::~usage_requirements() [with Model = boost::SinglePassRangeConcept<const boost::iterator_range<const char*> >]’:
/home/biocbuild/bbs-3.21-bioc/R/site-library/BH/include/boost/concept/detail/general.hpp:50:47:   required from ‘static void boost::concepts::requirement<boost::concepts::failed************ Model::************>::failed() [with Model = boost::concepts::usage_requirements<boost::SinglePassRangeConcept<const boost::iterator_range<const char*> > >]’
/home/biocbuild/bbs-3.21-bioc/R/site-library/BH/include/boost/range/concepts.hpp:284:9:   required from ‘struct boost::SinglePassRangeConcept<const boost::iterator_range<const char*> >’
/home/biocbuild/bbs-3.21-bioc/R/site-library/BH/include/boost/concept/detail/has_constraints.hpp:32:62:   required by substitution of ‘template<class Model> boost::concepts::detail::yes boost::concepts::detail::has_constraints_(Model*, wrap_constraints<Model, (& Model::constraints)>*) [with Model = boost::SinglePassRangeConcept<const boost::iterator_range<const char*> >]’
/home/biocbuild/bbs-3.21-bioc/R/site-library/BH/include/boost/concept/detail/has_constraints.hpp:42:5:   required from ‘const bool boost::concepts::not_satisfied<boost::SinglePassRangeConcept<const boost::iterator_range<const char*> > >::value’
/home/biocbuild/bbs-3.21-bioc/R/site-library/BH/include/boost/concept/detail/has_constraints.hpp:45:51:   required from ‘struct boost::concepts::not_satisfied<boost::SinglePassRangeConcept<const boost::iterator_range<const char*> > >’
/home/biocbuild/bbs-3.21-bioc/R/site-library/BH/include/boost/concept/detail/general.hpp:72:8:   [ skipping 8 instantiation contexts, use -ftemplate-backtrace-limit=0 to disable ]
/home/biocbuild/bbs-3.21-bioc/R/site-library/BH/include/boost/iterator/iterator_facade.hpp:982:3:   required from ‘typename boost::iterators::detail::enable_if_interoperable<Derived1, Derived2, typename boost::mpl::apply2<boost::iterators::detail::always_bool2, Derived1, Derived2>::type>::type boost::iterators::operator!=(const iterator_facade<Derived1, V1, TC1, Reference1, Difference1>&, const iterator_facade<Derived2, V2, TC2, Reference2, Difference2>&) [with Derived1 = transform_iterator<boost::algorithm::detail::copy_iterator_rangeF<std::__cxx11::basic_string<char>, const char*>, boost::algorithm::split_iterator<const char*>, boost::use_default, boost::use_default>; V1 = std::__cxx11::basic_string<char>; TC1 = forward_traversal_tag; Reference1 = std::__cxx11::basic_string<char>; Difference1 = long int; Derived2 = transform_iterator<boost::algorithm::detail::copy_iterator_rangeF<std::__cxx11::basic_string<char>, const char*>, boost::algorithm::split_iterator<const char*>, boost::use_default, boost::use_default>; V2 = std::__cxx11::basic_string<char>; TC2 = forward_traversal_tag; Reference2 = std::__cxx11::basic_string<char>; Difference2 = long int; typename detail::enable_if_interoperable<Derived1, Derived2, typename boost::mpl::apply2<detail::always_bool2, Derived1, Derived2>::type>::type = bool; typename boost::mpl::apply2<detail::always_bool2, Derived1, Derived2>::type = bool]’
/usr/include/c++/13/bits/stl_vector.h:1671:21:   required from ‘void std::vector<_Tp, _Alloc>::_M_range_initialize(_InputIterator, _InputIterator, std::input_iterator_tag) [with _InputIterator = boost::iterators::transform_iterator<boost::algorithm::detail::copy_iterator_rangeF<std::__cxx11::basic_string<char>, const char*>, boost::algorithm::split_iterator<const char*>, boost::use_default, boost::use_default>; _Tp = std::__cxx11::basic_string<char>; _Alloc = std::allocator<std::__cxx11::basic_string<char> >]’
/usr/include/c++/13/bits/stl_vector.h:711:23:   required from ‘std::vector<_Tp, _Alloc>::vector(_InputIterator, _InputIterator, const allocator_type&) [with _InputIterator = boost::iterators::transform_iterator<boost::algorithm::detail::copy_iterator_rangeF<std::__cxx11::basic_string<char>, const char*>, boost::algorithm::split_iterator<const char*>, boost::use_default, boost::use_default>; <template-parameter-2-2> = void; _Tp = std::__cxx11::basic_string<char>; _Alloc = std::allocator<std::__cxx11::basic_string<char> >; allocator_type = std::allocator<std::__cxx11::basic_string<char> >]’
/home/biocbuild/bbs-3.21-bioc/R/site-library/BH/include/boost/algorithm/string/iter_find.hpp:186:31:   required from ‘SequenceSequenceT& boost::algorithm::iter_split(SequenceSequenceT&, RangeT&&, FinderT) [with SequenceSequenceT = std::vector<std::__cxx11::basic_string<char> >; RangeT = const char*&; FinderT = detail::token_finderF<detail::is_any_ofF<char> >]’
/home/biocbuild/bbs-3.21-bioc/R/site-library/BH/include/boost/algorithm/string/split.hpp:158:50:   required from ‘SequenceSequenceT& boost::algorithm::split(SequenceSequenceT&, RangeT&&, PredicateT, token_compress_mode_type) [with SequenceSequenceT = std::vector<std::__cxx11::basic_string<char> >; RangeT = const char*&; PredicateT = detail::is_any_ofF<char>]’
cstrsplit.cc:14:15:   required from here
/home/biocbuild/bbs-3.21-bioc/R/site-library/BH/include/boost/concept/usage.hpp:20:48: warning: ‘this’ pointer is null [-Wnonnull]
   20 |     ~usage_requirements() { ((Model*)0)->~Model(); }
      |                             ~~~~~~~~~~~~~~~~~~~^~
/home/biocbuild/bbs-3.21-bioc/R/site-library/BH/include/boost/concept/usage.hpp:37:7: note: in a call to non-static member function ‘boost::SinglePassRangeConcept<T>::~SinglePassRangeConcept() [with T = const boost::iterator_range<const char*>]’
   37 |       ~model()
      |       ^
/home/biocbuild/bbs-3.21-bioc/R/site-library/BH/include/boost/range/concepts.hpp:284:9: note: in expansion of macro ‘BOOST_CONCEPT_USAGE’
  284 |         BOOST_CONCEPT_USAGE(SinglePassRangeConcept)
      |         ^~~~~~~~~~~~~~~~~~~
g++ -std=gnu++17 -I"/home/biocbuild/bbs-3.21-bioc/R/include" -DNDEBUG  -I'/home/biocbuild/bbs-3.21-bioc/R/site-library/Rcpp/include' -I'/home/biocbuild/bbs-3.21-bioc/R/site-library/BH/include' -I/usr/local/include   -DNO_MAIN -DNO_DEBUG -DSTRICT_R_HEADERS -DR_NO_REMAP -fpic  -g -O2  -DR_NO_REMAP -c desc.cc -o desc.o
g++ -std=gnu++17 -I"/home/biocbuild/bbs-3.21-bioc/R/include" -DNDEBUG  -I'/home/biocbuild/bbs-3.21-bioc/R/site-library/Rcpp/include' -I'/home/biocbuild/bbs-3.21-bioc/R/site-library/BH/include' -I/usr/local/include   -DNO_MAIN -DNO_DEBUG -DSTRICT_R_HEADERS -DR_NO_REMAP -fpic  -g -O2  -DR_NO_REMAP -c fingerprints.cc -o fingerprints.o
g++ -std=gnu++17 -I"/home/biocbuild/bbs-3.21-bioc/R/include" -DNDEBUG  -I'/home/biocbuild/bbs-3.21-bioc/R/site-library/Rcpp/include' -I'/home/biocbuild/bbs-3.21-bioc/R/site-library/BH/include' -I/usr/local/include   -DNO_MAIN -DNO_DEBUG -DSTRICT_R_HEADERS -DR_NO_REMAP -fpic  -g -O2  -DR_NO_REMAP -c formats.cc -o formats.o
g++ -std=gnu++17 -I"/home/biocbuild/bbs-3.21-bioc/R/include" -DNDEBUG  -I'/home/biocbuild/bbs-3.21-bioc/R/site-library/Rcpp/include' -I'/home/biocbuild/bbs-3.21-bioc/R/site-library/BH/include' -I/usr/local/include   -DNO_MAIN -DNO_DEBUG -DSTRICT_R_HEADERS -DR_NO_REMAP -fpic  -g -O2  -DR_NO_REMAP -c molecule.cc -o molecule.o
g++ -std=gnu++17 -I"/home/biocbuild/bbs-3.21-bioc/R/include" -DNDEBUG  -I'/home/biocbuild/bbs-3.21-bioc/R/site-library/Rcpp/include' -I'/home/biocbuild/bbs-3.21-bioc/R/site-library/BH/include' -I/usr/local/include   -DNO_MAIN -DNO_DEBUG -DSTRICT_R_HEADERS -DR_NO_REMAP -fpic  -g -O2  -DR_NO_REMAP -c r_wrap.cc -o r_wrap.o
r_wrap.cc:758: warning: "R_NO_REMAP" redefined
  758 | # define R_NO_REMAP
      | 
<command-line>: note: this is the location of the previous definition
r_wrap.cc:761: warning: "STRICT_R_HEADERS" redefined
  761 | # define STRICT_R_HEADERS
      | 
<command-line>: note: this is the location of the previous definition
g++ -std=gnu++17 -I"/home/biocbuild/bbs-3.21-bioc/R/include" -DNDEBUG  -I'/home/biocbuild/bbs-3.21-bioc/R/site-library/Rcpp/include' -I'/home/biocbuild/bbs-3.21-bioc/R/site-library/BH/include' -I/usr/local/include   -DNO_MAIN -DNO_DEBUG -DSTRICT_R_HEADERS -DR_NO_REMAP -fpic  -g -O2  -DR_NO_REMAP -c script.cc -o script.o
g++ -std=gnu++17 -I"/home/biocbuild/bbs-3.21-bioc/R/include" -DNDEBUG  -I'/home/biocbuild/bbs-3.21-bioc/R/site-library/Rcpp/include' -I'/home/biocbuild/bbs-3.21-bioc/R/site-library/BH/include' -I/usr/local/include   -DNO_MAIN -DNO_DEBUG -DSTRICT_R_HEADERS -DR_NO_REMAP -fpic  -g -O2  -DR_NO_REMAP -c similarity.cc -o similarity.o
g++ -std=gnu++17 -shared -L/home/biocbuild/bbs-3.21-bioc/R/lib -L/usr/local/lib -o ChemmineR.so DisjointSets.o cluster.o cstrsplit.o desc.o fingerprints.o formats.o molecule.o r_wrap.o script.o similarity.o -L/home/biocbuild/bbs-3.21-bioc/R/lib -lR
installing to /home/biocbuild/bbs-3.21-bioc/R/site-library/00LOCK-ChemmineR/00new/ChemmineR/libs
** R
** data
** inst
** byte-compile and prepare package for lazy loading
** help
*** installing help indices
** building package indices
** installing vignettes
** testing if installed package can be loaded from temporary location
** checking absolute paths in shared objects and dynamic libraries
** testing if installed package can be loaded from final location
** testing if installed package keeps a record of temporary installation path
* DONE (ChemmineR)

Tests output

ChemmineR.Rcheck/tests/runTests.Rout


R Under development (unstable) (2025-01-20 r87609) -- "Unsuffered Consequences"
Copyright (C) 2025 The R Foundation for Statistical Computing
Platform: x86_64-pc-linux-gnu

R is free software and comes with ABSOLUTELY NO WARRANTY.
You are welcome to redistribute it under certain conditions.
Type 'license()' or 'licence()' for distribution details.

R is a collaborative project with many contributors.
Type 'contributors()' for more information and
'citation()' on how to cite R or R packages in publications.

Type 'demo()' for some demos, 'help()' for on-line help, or
'help.start()' for an HTML browser interface to help.
Type 'q()' to quit R.

> BiocGenerics:::testPackage("ChemmineR")
======= testing fpset ===============================================
======= folding... 
Loading required package: RSQLite
[1] "createing db"
[1] "createing db"
[1] "loading first half, no features"
[1] "createing db"
[1] "loading first half,with features"
adding new features to existing compounds. This could take a while
[1] "loading incomplete features"
[1] "loading second half"
adding new features to existing compounds. This could take a while
[1] "done loading"
[1] "createing db"
adding new features to existing compounds. This could take a while
[1] "found 70  compounds"
[1] "found 20  compounds"
Timing stopped at: 0 0 0.001
Error in DEACTIVATED("local test") : local test
In addition: There were 14 warnings (use warnings() to see them)
Timing stopped at: 0 0 0
Error in DEACTIVATED("local test only") : local test only
found 100 ids
  [1] 201 202 203 204 205 206 207 208 209 210 211 212 213 214 215 216 217 218
 [19] 219 220 221 222 223 224 225 226 227 228 229 230 231 232 233 234 235 236
 [37] 237 238 239 240 241 242 243 244 245 246 247 248 249 250 251 252 253 254
 [55] 255 256 257 258 259 260 261 262 263 264 265 266 267 268 269 270 271 272
 [73] 273 274 275 276 277 278 279 280 281 282 283 284 285 286 287 288 289 290
 [91] 291 292 293 294 295 296 297 298 299 300
starting parBatchByIndex
Loading required package: snow
 int [1:100] 201 202 203 204 205 206 207 208 209 210 ...
NULL
[1] "results:  parBench-sub-1,parBench-sub-2,parBench-sub-3,parBench-sub-4,parBench-sub-5,parBench-sub-6,parBench-sub-7,parBench-sub-8,parBench-sub-9,parBench-sub-10"
[1] "loading duplications"
loading 1 new compounds, updating 1 compounds
fetching features: 
Timing stopped at: 0 0 0
Error in DEACTIVATED("causing timeout on bioc, disabling for now") : 
  causing timeout on bioc, disabling for now
Timing stopped at: 0 0 0.001
Error in DEACTIVATED("this test requires ChemmineOB, but not available") : 
  this test requires ChemmineOB, but not available
Timing stopped at: 0.001 0 0
Error in DEACTIVATED("this test requires ChemmineOB, but not available") : 
  this test requires ChemmineOB, but not available
Timing stopped at: 0 0 0
Error in DEACTIVATED("this test requires ChemmineOB, but not available") : 
  this test requires ChemmineOB, but not available
Timing stopped at: 0 0 0
Error in DEACTIVATED("this test requires ChemmineOB, but not available") : 
  this test requires ChemmineOB, but not available
Timing stopped at: 0 0 0
Error in DEACTIVATED("removed old version of function") : 
  removed old version of function
Timing stopped at: 0 0 0
Error in DEACTIVATED("just for manual testing") : just for manual testing
Timing stopped at: 0 0 0
Error in DEACTIVATED("this test requires ChemmineOB, but not available") : 
  this test requires ChemmineOB, but not available
Timing stopped at: 0 0 0
Error in DEACTIVATED("requires local files") : requires local files
Timing stopped at: 0 0 0
Error in DEACTIVATED("fails on ubuntu 16.04") : fails on ubuntu 16.04
Timing stopped at: 0 0 0
Error in DEACTIVATED("Causes SSL protocol version error on BioC") : 
  Causes SSL protocol version error on BioC
Timing stopped at: 0 0 0
Error in DEACTIVATED("this test requires ChemmineOB, but not available") : 
  this test requires ChemmineOB, but not available
Timing stopped at: 0.001 0 0
Error in DEACTIVATED("this test requires ChemmineOB, but not installed") : 
  this test requires ChemmineOB, but not installed


RUNIT TEST PROTOCOL -- Sun Feb 16 20:44:12 2025 
*********************************************** 
Number of test functions: 16 
Number of deactivated test functions: 15 
Number of errors: 0 
Number of failures: 0 

 
1 Test Suite : 
ChemmineR RUnit Tests - 16 test functions, 0 errors, 0 failures
Number of test functions: 16 
Number of deactivated test functions: 15 
Number of errors: 0 
Number of failures: 0 
> 
> proc.time()
   user  system elapsed 
 10.449   0.458  11.658 

Example timings

ChemmineR.Rcheck/ChemmineR-Ex.timings

nameusersystemelapsed
AP-class0.3200.1320.452
APset-class0.3560.1540.509
ExtSDF-class0.0010.0000.001
FP-class0.0640.0050.069
FPset-class0.1990.0330.233
SDF-class0.0390.0100.049
SDF2apcmp0.030.000.03
SDFDataTable000
SDFset-class0.3310.0460.377
SDFset2SDF0.050.020.07
SDFset2list0.0360.0590.095
SDFstr-class0.1870.0090.197
SMI-class0.0020.0010.003
SMIset-class0.0030.0010.004
addDescriptorType000
addNewFeatures2.2680.0602.328
ap0.0650.0200.085
apfp0.0020.0000.002
apset0.0030.0010.004
apset2descdb0.2920.1720.463
atomblock0.0550.0360.091
atomcount0.1150.0100.125
atomprop0.0010.0020.003
atomsubset0.0180.0020.021
batchByIndex000
bondblock0.0570.0160.073
bonds0.0220.0050.027
browseJob0.0000.0000.001
bufferLines000
bufferResultSet000
byCluster1.0090.0021.011
canonicalNumbering000
canonicalize0.0010.0000.000
cid0.0170.0010.018
cluster.sizestat0.6390.0050.643
cluster.visualize0.7990.0440.842
cmp.cluster2.1130.0422.155
cmp.duplicated0.0480.0010.049
cmp.parse0.0210.0010.023
cmp.parse1000
cmp.search0.8190.0160.834
cmp.similarity0.0220.0000.021
conMA0.0350.0200.055
connections0.1590.0040.164
datablock0.1470.0120.159
datablock2ma0.0240.0020.027
db.explain0.0230.0080.031
db.subset0.0010.0010.003
dbTransaction0.0160.0030.019
desc2fp0.0700.0040.074
draw_sdf0.4600.0200.471
exactMassOB0.0010.0000.000
findCompounds1.9460.0381.992
findCompoundsByName0.2200.0060.226
fingerprintOB000
fold0.0010.0000.001
foldCount0.0010.0000.001
fp2bit0.2160.0220.238
fpSim0.2240.0050.228
fptype0.0010.0000.001
fromNNMatrix1.0070.0081.015
genAPDescriptors0.0140.0010.015
genParameters0.2590.0010.260
generate3DCoords000
getAllCompoundIds0.2300.0050.234
getAtomAttr000
getBondAttr000
getCompoundFeatures2.0330.0082.040
getCompoundNames0.2450.0080.254
getCompounds0.2460.0060.250
getIds0.0010.0000.000
grepSDFset0.0370.0010.038
groups0.1160.0090.125
header0.0530.0050.059
initDb0.0170.0040.021
jarvisPatrick2.2860.0342.320
jobToken-class000
largestComponent000
launchCMTool000
listCMTools0.0000.0010.001
listFeatures0.2740.0050.280
loadSdf2.3410.0072.347
makeUnique0.0140.0010.015
maximallyDissimilar0.4180.0060.424
nearestNeighbors1.2970.0001.297
numBits0.0010.0000.001
obmol0.0000.0010.001
openBabelPlot000
parBatchByIndex0.0000.0000.001
plotStruc0.1640.0080.172
propOB000
pubchemCidToSDF0.0010.0000.001
pubchemFPencoding0.0020.0010.002
pubchemInchi2cid000
pubchemInchikey2sdf000
pubchemName2CID0.0000.0000.001
pubchemSDFSearch0.0010.0000.000
pubchemSmilesSearch000
read.AP0.0130.0010.015
read.SDFindex0.0120.0010.014
read.SDFset0.3900.0020.392
read.SDFstr0.5510.0000.550
read.SMIset0.0010.0000.001
regenerateCoords000
result0.0000.0000.001
rings0.4430.0050.448
sdf.subset0.0010.0000.001
sdf.visualize0.0140.0000.014
sdf2ap0.2990.1310.430
sdf2list0.0160.0190.034
sdf2smiles0.0000.0010.000
sdf2str0.0220.0040.026
sdfStream0.0130.0010.015
sdfid0.0140.0010.015
sdfsample0.0230.0070.030
sdfstr2list0.3860.6000.986
searchSim000
searchString0.0010.0000.001
selectInBatches0.0010.0000.000
setPriorities000
smartsSearchOB000
smiles2sdf0.0010.0000.001
smisample0.0020.0010.002
status000
toolDetails000
trimNeighbors1.7270.0321.760
validSDF0.0160.0010.017
view0.0320.0070.039
write.SDF0.1070.0080.115
write.SDFsplit0.0140.0000.014
write.SMI0.0010.0000.001