Back to Multiple platform build/check report for BioC 3.21:   simplified   long
A[B]CDEFGHIJKLMNOPQRSTUVWXYZ

This page was generated on 2025-02-13 11:39 -0500 (Thu, 13 Feb 2025).

HostnameOSArch (*)R versionInstalled pkgs
nebbiolo1Linux (Ubuntu 24.04.1 LTS)x86_64R Under development (unstable) (2025-01-20 r87609) -- "Unsuffered Consequences" 4719
palomino7Windows Server 2022 Datacenterx64R Under development (unstable) (2025-01-21 r87610 ucrt) -- "Unsuffered Consequences" 4481
lconwaymacOS 12.7.1 Montereyx86_64R Under development (unstable) (2025-01-22 r87618) -- "Unsuffered Consequences" 4492
kjohnson3macOS 13.7.1 Venturaarm64R Under development (unstable) (2025-01-20 r87609) -- "Unsuffered Consequences" 4445
Click on any hostname to see more info about the system (e.g. compilers)      (*) as reported by 'uname -p', except on Windows and Mac OS X

Package 182/2295HostnameOS / ArchINSTALLBUILDCHECKBUILD BIN
BiocGenerics 0.53.6  (landing page)
Hervé Pagès
Snapshot Date: 2025-02-12 13:40 -0500 (Wed, 12 Feb 2025)
git_url: https://git.bioconductor.org/packages/BiocGenerics
git_branch: devel
git_last_commit: 594119a
git_last_commit_date: 2025-02-06 19:02:19 -0500 (Thu, 06 Feb 2025)
nebbiolo1Linux (Ubuntu 24.04.1 LTS) / x86_64  OK    OK    WARNINGS  UNNEEDED, same version is already published
palomino7Windows Server 2022 Datacenter / x64  OK    OK    WARNINGS    OK  UNNEEDED, same version is already published
lconwaymacOS 12.7.1 Monterey / x86_64  OK    OK    WARNINGS    OK  UNNEEDED, same version is already published
kjohnson3macOS 13.7.1 Ventura / arm64  OK    OK    WARNINGS    OK  UNNEEDED, same version is already published


CHECK results for BiocGenerics on nebbiolo1

To the developers/maintainers of the BiocGenerics package:
- Allow up to 24 hours (and sometimes 48 hours) for your latest push to git@git.bioconductor.org:packages/BiocGenerics.git to reflect on this report. See Troubleshooting Build Report for more information.
- Use the following Renviron settings to reproduce errors and warnings.
- If 'R CMD check' started to fail recently on the Linux builder(s) over a missing dependency, add the missing dependency to 'Suggests:' in your DESCRIPTION file. See Renviron.bioc for more information.

raw results


Summary

Package: BiocGenerics
Version: 0.53.6
Command: /home/biocbuild/bbs-3.21-bioc/R/bin/R CMD check --install=check:BiocGenerics.install-out.txt --library=/home/biocbuild/bbs-3.21-bioc/R/site-library --timings BiocGenerics_0.53.6.tar.gz
StartedAt: 2025-02-12 20:19:16 -0500 (Wed, 12 Feb 2025)
EndedAt: 2025-02-12 20:20:05 -0500 (Wed, 12 Feb 2025)
EllapsedTime: 49.1 seconds
RetCode: 0
Status:   WARNINGS  
CheckDir: BiocGenerics.Rcheck
Warnings: 1

Command output

##############################################################################
##############################################################################
###
### Running command:
###
###   /home/biocbuild/bbs-3.21-bioc/R/bin/R CMD check --install=check:BiocGenerics.install-out.txt --library=/home/biocbuild/bbs-3.21-bioc/R/site-library --timings BiocGenerics_0.53.6.tar.gz
###
##############################################################################
##############################################################################


* using log directory ‘/home/biocbuild/bbs-3.21-bioc/meat/BiocGenerics.Rcheck’
* using R Under development (unstable) (2025-01-20 r87609)
* using platform: x86_64-pc-linux-gnu
* R was compiled by
    gcc (Ubuntu 13.3.0-6ubuntu2~24.04) 13.3.0
    GNU Fortran (Ubuntu 13.3.0-6ubuntu2~24.04) 13.3.0
* running under: Ubuntu 24.04.1 LTS
* using session charset: UTF-8
* checking for file ‘BiocGenerics/DESCRIPTION’ ... OK
* this is package ‘BiocGenerics’ version ‘0.53.6’
* package encoding: UTF-8
* checking package namespace information ... OK
* checking package dependencies ... OK
* checking if this is a source package ... OK
* checking if there is a namespace ... OK
* checking for hidden files and directories ... OK
* checking for portable file names ... OK
* checking for sufficient/correct file permissions ... OK
* checking whether package ‘BiocGenerics’ can be installed ... OK
* checking installed package size ... OK
* checking package directory ... OK
* checking DESCRIPTION meta-information ... NOTE
Packages listed in more than one of Depends, Imports, Suggests, Enhances:
  ‘methods’ ‘utils’ ‘graphics’ ‘stats’
A package should be listed in only one of these fields.
* checking top-level files ... OK
* checking for left-over files ... OK
* checking index information ... OK
* checking package subdirectories ... OK
* checking code files for non-ASCII characters ... OK
* checking R files for syntax errors ... OK
* checking whether the package can be loaded ... OK
* checking whether the package can be loaded with stated dependencies ... OK
* checking whether the package can be unloaded cleanly ... OK
* checking whether the namespace can be loaded with stated dependencies ... OK
* checking whether the namespace can be unloaded cleanly ... OK
* checking loading without being on the library search path ... OK
* checking dependencies in R code ... NOTE
'library' or 'require' call to ‘RUnit’ in package code.
  Please use :: or requireNamespace() instead.
  See section 'Suggested packages' in the 'Writing R Extensions' manual.
* checking S3 generic/method consistency ... OK
* checking replacement functions ... OK
* checking foreign function calls ... OK
* checking R code for possible problems ... OK
* checking Rd files ... OK
* checking Rd metadata ... OK
* checking Rd cross-references ... WARNING
Missing link(s) in Rd file 'as.data.frame.Rd':
  ‘[IRanges]{as.data.frame,IntegerRanges-method}’

Missing link(s) in Rd file 'order.Rd':
  ‘[IRanges]{order,IntegerRanges-method}’

See section 'Cross-references' in the 'Writing R Extensions' manual.
* checking for missing documentation entries ... OK
* checking for code/documentation mismatches ... OK
* checking Rd \usage sections ... OK
* checking Rd contents ... OK
* checking for unstated dependencies in examples ... OK
* checking examples ... OK
Examples with CPU (user + system) or elapsed time > 5s
          user system elapsed
fileName 5.266  0.206   5.474
* checking for unstated dependencies in ‘tests’ ... OK
* checking tests ...
  Running ‘run_unitTests.R’
 OK
* checking PDF version of manual ... OK
* DONE

Status: 1 WARNING, 2 NOTEs
See
  ‘/home/biocbuild/bbs-3.21-bioc/meat/BiocGenerics.Rcheck/00check.log’
for details.


Installation output

BiocGenerics.Rcheck/00install.out

##############################################################################
##############################################################################
###
### Running command:
###
###   /home/biocbuild/bbs-3.21-bioc/R/bin/R CMD INSTALL BiocGenerics
###
##############################################################################
##############################################################################


* installing to library ‘/home/biocbuild/bbs-3.21-bioc/R/site-library’
* installing *source* package ‘BiocGenerics’ ...
** this is package ‘BiocGenerics’ version ‘0.53.6’
** using staged installation
** R
** inst
** byte-compile and prepare package for lazy loading
Creating a new generic function for ‘aperm’ in package ‘BiocGenerics’
Creating a new generic function for ‘append’ in package ‘BiocGenerics’
Creating a new generic function for ‘as.data.frame’ in package ‘BiocGenerics’
Creating a new generic function for ‘cbind’ in package ‘BiocGenerics’
Creating a new generic function for ‘rbind’ in package ‘BiocGenerics’
Creating a new generic function for ‘do.call’ in package ‘BiocGenerics’
Creating a new generic function for ‘duplicated’ in package ‘BiocGenerics’
Creating a new generic function for ‘anyDuplicated’ in package ‘BiocGenerics’
Creating a new generic function for ‘eval’ in package ‘BiocGenerics’
Creating a new generic function for ‘pmax’ in package ‘BiocGenerics’
Creating a new generic function for ‘pmin’ in package ‘BiocGenerics’
Creating a new generic function for ‘pmax.int’ in package ‘BiocGenerics’
Creating a new generic function for ‘pmin.int’ in package ‘BiocGenerics’
Creating a new generic function for ‘Reduce’ in package ‘BiocGenerics’
Creating a new generic function for ‘Filter’ in package ‘BiocGenerics’
Creating a new generic function for ‘Find’ in package ‘BiocGenerics’
Creating a new generic function for ‘Map’ in package ‘BiocGenerics’
Creating a new generic function for ‘Position’ in package ‘BiocGenerics’
Creating a new generic function for ‘get’ in package ‘BiocGenerics’
Creating a new generic function for ‘mget’ in package ‘BiocGenerics’
Creating a new generic function for ‘grep’ in package ‘BiocGenerics’
Creating a new generic function for ‘grepl’ in package ‘BiocGenerics’
Creating a new generic function for ‘is.unsorted’ in package ‘BiocGenerics’
Creating a new generic function for ‘lapply’ in package ‘BiocGenerics’
Creating a new generic function for ‘sapply’ in package ‘BiocGenerics’
Creating a new generic function for ‘mapply’ in package ‘BiocGenerics’
Creating a new generic function for ‘match’ in package ‘BiocGenerics’
Creating a new generic function for ‘order’ in package ‘BiocGenerics’
Creating a new generic function for ‘paste’ in package ‘BiocGenerics’
Creating a new generic function for ‘rank’ in package ‘BiocGenerics’
Creating a new generic function for ‘rownames’ in package ‘BiocGenerics’
Creating a new generic function for ‘colnames’ in package ‘BiocGenerics’
Creating a new generic function for ‘saveRDS’ in package ‘BiocGenerics’
Creating a new generic function for ‘table’ in package ‘BiocGenerics’
Creating a new generic function for ‘tapply’ in package ‘BiocGenerics’
Creating a new generic function for ‘unique’ in package ‘BiocGenerics’
Creating a new generic function for ‘unsplit’ in package ‘BiocGenerics’
Creating a new generic function for ‘which.min’ in package ‘BiocGenerics’
Creating a new generic function for ‘which.max’ in package ‘BiocGenerics’
Creating a new generic function for ‘IQR’ in package ‘BiocGenerics’
Creating a new generic function for ‘mad’ in package ‘BiocGenerics’
Creating a new generic function for ‘var’ in package ‘BiocGenerics’
Creating a new generic function for ‘sd’ in package ‘BiocGenerics’
Creating a new generic function for ‘xtabs’ in package ‘BiocGenerics’
Creating a new generic function for ‘basename’ in package ‘BiocGenerics’
Creating a new generic function for ‘dirname’ in package ‘BiocGenerics’
** help
*** installing help indices
** building package indices
** testing if installed package can be loaded from temporary location
** testing if installed package can be loaded from final location
** testing if installed package keeps a record of temporary installation path
* DONE (BiocGenerics)

Tests output

BiocGenerics.Rcheck/tests/run_unitTests.Rout


R Under development (unstable) (2025-01-20 r87609) -- "Unsuffered Consequences"
Copyright (C) 2025 The R Foundation for Statistical Computing
Platform: x86_64-pc-linux-gnu

R is free software and comes with ABSOLUTELY NO WARRANTY.
You are welcome to redistribute it under certain conditions.
Type 'license()' or 'licence()' for distribution details.

R is a collaborative project with many contributors.
Type 'contributors()' for more information and
'citation()' on how to cite R or R packages in publications.

Type 'demo()' for some demos, 'help()' for on-line help, or
'help.start()' for an HTML browser interface to help.
Type 'q()' to quit R.

> require("BiocGenerics") || stop("unable to load BiocGenerics package")
Loading required package: BiocGenerics
Loading required package: generics

Attaching package: 'generics'

The following objects are masked from 'package:base':

    as.difftime, as.factor, as.ordered, intersect, is.element, setdiff,
    setequal, union


Attaching package: 'BiocGenerics'

The following objects are masked from 'package:stats':

    IQR, mad, sd, var, xtabs

The following objects are masked from 'package:base':

    Filter, Find, Map, Position, Reduce, anyDuplicated, aperm, append,
    as.data.frame, basename, cbind, colnames, dirname, do.call,
    duplicated, eval, evalq, get, grep, grepl, is.unsorted, lapply,
    mapply, match, mget, order, paste, pmax, pmax.int, pmin, pmin.int,
    rank, rbind, rownames, sapply, saveRDS, table, tapply, unique,
    unsplit, which.max, which.min

[1] TRUE
> BiocGenerics:::.test()
Loading required package: S4Vectors
Loading required package: stats4

Attaching package: 'S4Vectors'

The following object is masked from 'package:utils':

    findMatches

The following objects are masked from 'package:base':

    I, expand.grid, unname



RUNIT TEST PROTOCOL -- Wed Feb 12 20:19:58 2025 
*********************************************** 
Number of test functions: 25 
Number of errors: 0 
Number of failures: 0 

 
1 Test Suite : 
BiocGenerics RUnit Tests - 25 test functions, 0 errors, 0 failures
Number of test functions: 25 
Number of errors: 0 
Number of failures: 0 
> 
> proc.time()
   user  system elapsed 
  1.946   0.133   2.065 

Example timings

BiocGenerics.Rcheck/BiocGenerics-Ex.timings

nameusersystemelapsed
BiocGenerics-package0.0010.0020.002
Extremes0.0060.0020.008
IQR0.0020.0000.002
Ontology3.2100.1623.373
annotation0.0100.0030.012
aperm0.0010.0000.002
append0.0020.0000.002
as.data.frame0.0020.0000.002
as.list0.0230.0010.025
as.vector0.0030.0000.003
boxplot0.1160.0100.126
cbind0.0200.0010.021
combine0.0380.0040.044
containsOutOfMemoryData3.9050.1944.100
dbconn0.0760.0050.082
density0.0060.0000.007
dims0.0280.0020.029
do.call0.0020.0010.002
duplicated0.0040.0000.004
eval0.0000.0010.003
evalq000
fileName5.2660.2065.474
format0.0110.0010.011
funprog0.0040.0040.008
get0.0020.0010.004
grep0.0010.0010.002
image0.0320.0010.034
is.unsorted0.0020.0010.002
lapply0.0030.0010.004
longForm0.1110.0030.114
mad0.0020.0000.002
mapply0.0020.0000.002
match0.0120.0020.014
mean0.0100.0010.011
normalize0.0230.0030.025
nrow0.040.000.04
order0.0020.0010.003
organism_species0.2750.0050.281
paste0.0020.0000.003
paste20.0040.0010.006
path0.0240.0030.027
plotMA3.2830.1793.463
plotPCA1.7230.0331.757
rank0.0030.0010.004
relist0.0110.0000.011
rep0.0110.0010.012
residuals0.0100.0000.011
row_colnames0.0290.0020.032
saveRDS0.0020.0010.002
score0.0810.0010.083
setops0.0440.0030.047
sort0.0100.0010.011
start0.0760.0050.081
strand0.0730.0050.080
subset0.0370.0010.038
t0.0120.0010.012
table0.0030.0000.003
tapply0.0010.0010.003
testPackage0.3270.0060.334
toTable0.0690.0020.071
type0.3190.0110.330
unique0.0040.0000.004
unlist0.0020.0020.003
unsplit0.0020.0000.002
updateObject0.1630.0030.165
var0.0020.0010.002
weights0.0080.0030.011
which0.1450.0080.153
which.min0.0520.0020.055
xtabs0.0300.0020.032