| Back to Multiple platform build/check report for BioC 3.21: simplified long |
|
This page was generated on 2025-04-22 13:17 -0400 (Tue, 22 Apr 2025).
| Hostname | OS | Arch (*) | R version | Installed pkgs |
|---|---|---|---|---|
| nebbiolo1 | Linux (Ubuntu 24.04.1 LTS) | x86_64 | 4.5.0 RC (2025-04-04 r88126) -- "How About a Twenty-Six" | 4831 |
| palomino7 | Windows Server 2022 Datacenter | x64 | 4.5.0 RC (2025-04-04 r88126 ucrt) -- "How About a Twenty-Six" | 4573 |
| lconway | macOS 12.7.1 Monterey | x86_64 | 4.5.0 RC (2025-04-04 r88126) -- "How About a Twenty-Six" | 4599 |
| kjohnson3 | macOS 13.7.1 Ventura | arm64 | 4.5.0 RC (2025-04-04 r88126) -- "How About a Twenty-Six" | 4553 |
| kunpeng2 | Linux (openEuler 24.03 LTS) | aarch64 | R Under development (unstable) (2025-02-19 r87757) -- "Unsuffered Consequences" | 4570 |
| Click on any hostname to see more info about the system (e.g. compilers) (*) as reported by 'uname -p', except on Windows and Mac OS X | ||||
| Package 76/2341 | Hostname | OS / Arch | INSTALL | BUILD | CHECK | BUILD BIN | ||||||||
| AnnotationHubData 1.38.0 (landing page) Bioconductor Package Maintainer
| nebbiolo1 | Linux (Ubuntu 24.04.1 LTS) / x86_64 | OK | OK | WARNINGS | |||||||||
| palomino7 | Windows Server 2022 Datacenter / x64 | OK | OK | WARNINGS | OK | |||||||||
| lconway | macOS 12.7.1 Monterey / x86_64 | OK | OK | WARNINGS | OK | |||||||||
| kjohnson3 | macOS 13.7.1 Ventura / arm64 | OK | OK | WARNINGS | OK | |||||||||
| kunpeng2 | Linux (openEuler 24.03 LTS) / aarch64 | OK | OK | WARNINGS | ||||||||||
|
To the developers/maintainers of the AnnotationHubData package: - Allow up to 24 hours (and sometimes 48 hours) for your latest push to git@git.bioconductor.org:packages/AnnotationHubData.git to reflect on this report. See Troubleshooting Build Report for more information. - Use the following Renviron settings to reproduce errors and warnings. - If 'R CMD check' started to fail recently on the Linux builder(s) over a missing dependency, add the missing dependency to 'Suggests:' in your DESCRIPTION file. See Renviron.bioc for more information. |
| Package: AnnotationHubData |
| Version: 1.38.0 |
| Command: /Library/Frameworks/R.framework/Resources/bin/R CMD check --install=check:AnnotationHubData.install-out.txt --library=/Library/Frameworks/R.framework/Resources/library --no-vignettes --timings AnnotationHubData_1.38.0.tar.gz |
| StartedAt: 2025-04-21 18:08:20 -0400 (Mon, 21 Apr 2025) |
| EndedAt: 2025-04-21 18:12:59 -0400 (Mon, 21 Apr 2025) |
| EllapsedTime: 279.7 seconds |
| RetCode: 0 |
| Status: WARNINGS |
| CheckDir: AnnotationHubData.Rcheck |
| Warnings: 1 |
##############################################################################
##############################################################################
###
### Running command:
###
### /Library/Frameworks/R.framework/Resources/bin/R CMD check --install=check:AnnotationHubData.install-out.txt --library=/Library/Frameworks/R.framework/Resources/library --no-vignettes --timings AnnotationHubData_1.38.0.tar.gz
###
##############################################################################
##############################################################################
* using log directory ‘/Users/biocbuild/bbs-3.21-bioc/meat/AnnotationHubData.Rcheck’
* using R version 4.5.0 RC (2025-04-04 r88126)
* using platform: aarch64-apple-darwin20
* R was compiled by
Apple clang version 14.0.0 (clang-1400.0.29.202)
GNU Fortran (GCC) 14.2.0
* running under: macOS Ventura 13.7.1
* using session charset: UTF-8
* using option ‘--no-vignettes’
* checking for file ‘AnnotationHubData/DESCRIPTION’ ... OK
* checking extension type ... Package
* this is package ‘AnnotationHubData’ version ‘1.38.0’
* package encoding: UTF-8
* checking package namespace information ... OK
* checking package dependencies ... OK
* checking if this is a source package ... OK
* checking if there is a namespace ... OK
* checking for hidden files and directories ... OK
* checking for portable file names ... OK
* checking for sufficient/correct file permissions ... OK
* checking whether package ‘AnnotationHubData’ can be installed ... OK
* checking installed package size ... OK
* checking package directory ... OK
* checking ‘build’ directory ... OK
* checking DESCRIPTION meta-information ... OK
* checking top-level files ... OK
* checking for left-over files ... OK
* checking index information ... OK
* checking package subdirectories ... OK
* checking code files for non-ASCII characters ... OK
* checking R files for syntax errors ... OK
* checking whether the package can be loaded ... OK
* checking whether the package can be loaded with stated dependencies ... OK
* checking whether the package can be unloaded cleanly ... OK
* checking whether the namespace can be loaded with stated dependencies ... OK
* checking whether the namespace can be unloaded cleanly ... OK
* checking whether startup messages can be suppressed ... NOTE
No methods found in package ‘rtracklayer’ for request: ‘trackName<-’ when loading ‘AnnotationHubData’
It looks like this package (or a package it requires) has a startup
message which cannot be suppressed: see ?packageStartupMessage.
* checking dependencies in R code ... WARNING
'::' or ':::' import not declared from: ‘stringr’
Missing objects imported by ':::' calls:
‘AnnotationHub:::.db_connection’
‘GenomicFeatures:::.makeUCSCChrominfo’
‘GenomicFeatures:::lookup_organism_by_UCSC_genome’
Unexported objects imported by ':::' calls:
‘BiocCheck:::getParent’ ‘GenomeInfoDb:::check_tax_id’
‘GenomeInfoDb:::fetch_species_index_from_Ensembl_FTP’
‘GenomeInfoDb:::lookup_organism_by_tax_id’
‘GenomeInfoDb:::lookup_tax_id_by_organism’
See the note in ?`:::` about the use of this operator.
* checking S3 generic/method consistency ... OK
* checking replacement functions ... OK
* checking foreign function calls ... OK
* checking R code for possible problems ... NOTE
.NCBIMetadataFromUrl: no visible binding for global variable ‘results’
.NCBIMetadataFromUrl: no visible binding for global variable ‘specData’
.makeComplexGR: no visible binding for global variable ‘seqname’
.ucscTableQuery: no visible global function definition for
‘trackName<-’
needToRerunNonStandardOrgDb: no visible binding for global variable
‘results’
needToRerunNonStandardOrgDb: no visible binding for global variable
‘specData’
needToRerunNonStandardOrgDb: no visible binding for global variable
‘currentMetadata’
oldAWSS3_needToRerunNonStandardOrgDb: no visible binding for global
variable ‘results’
oldAWSS3_needToRerunNonStandardOrgDb: no visible binding for global
variable ‘specData’
trackWithAuxiliaryTablesToGRanges: no visible binding for global
variable ‘seqname’
Undefined global functions or variables:
currentMetadata results seqname specData trackName<-
* checking Rd files ... NOTE
checkRd: (-1) makeAnnotationHubMetadata.Rd:31-36: Lost braces in \itemize; meant \describe ?
checkRd: (-1) makeAnnotationHubMetadata.Rd:40-187: Lost braces in \itemize; meant \describe ?
* checking Rd metadata ... OK
* checking Rd cross-references ... OK
* checking for missing documentation entries ... OK
* checking for code/documentation mismatches ... OK
* checking Rd \usage sections ... OK
* checking Rd contents ... OK
* checking for unstated dependencies in examples ... OK
* checking include directives in Makefiles ... OK
* checking files in ‘vignettes’ ... OK
* checking examples ... OK
Examples with CPU (user + system) or elapsed time > 5s
user system elapsed
validationFunctions 35.889 0.35 36.35
* checking for unstated dependencies in ‘tests’ ... OK
* checking tests ...
Running ‘AnnotationHubData_unit_tests.R’
OK
* checking for unstated dependencies in vignettes ... OK
* checking package vignettes ... OK
* checking running R code from vignettes ... SKIPPED
* checking re-building of vignette outputs ... SKIPPED
* checking PDF version of manual ... OK
* DONE
Status: 1 WARNING, 3 NOTEs
See
‘/Users/biocbuild/bbs-3.21-bioc/meat/AnnotationHubData.Rcheck/00check.log’
for details.
AnnotationHubData.Rcheck/00install.out
############################################################################## ############################################################################## ### ### Running command: ### ### /Library/Frameworks/R.framework/Resources/bin/R CMD INSTALL AnnotationHubData ### ############################################################################## ############################################################################## * installing to library ‘/Library/Frameworks/R.framework/Versions/4.5-arm64/Resources/library’ * installing *source* package ‘AnnotationHubData’ ... ** this is package ‘AnnotationHubData’ version ‘1.38.0’ ** using staged installation ** R ** inst ** byte-compile and prepare package for lazy loading No methods found in package ‘rtracklayer’ for request: ‘trackName<-’ when loading ‘AnnotationHubData’ ** help *** installing help indices ** building package indices ** installing vignettes ** testing if installed package can be loaded from temporary location No methods found in package ‘rtracklayer’ for request: ‘trackName<-’ when loading ‘AnnotationHubData’ ** testing if installed package can be loaded from final location No methods found in package ‘rtracklayer’ for request: ‘trackName<-’ when loading ‘AnnotationHubData’ ** testing if installed package keeps a record of temporary installation path * DONE (AnnotationHubData)
AnnotationHubData.Rcheck/tests/AnnotationHubData_unit_tests.Rout
R version 4.5.0 RC (2025-04-04 r88126) -- "How About a Twenty-Six"
Copyright (C) 2025 The R Foundation for Statistical Computing
Platform: aarch64-apple-darwin20
R is free software and comes with ABSOLUTELY NO WARRANTY.
You are welcome to redistribute it under certain conditions.
Type 'license()' or 'licence()' for distribution details.
R is a collaborative project with many contributors.
Type 'contributors()' for more information and
'citation()' on how to cite R or R packages in publications.
Type 'demo()' for some demos, 'help()' for on-line help, or
'help.start()' for an HTML browser interface to help.
Type 'q()' to quit R.
> BiocGenerics:::testPackage("AnnotationHubData")
Attaching package: 'generics'
The following objects are masked from 'package:base':
as.difftime, as.factor, as.ordered, intersect, is.element, setdiff,
setequal, union
Attaching package: 'BiocGenerics'
The following objects are masked from 'package:stats':
IQR, mad, sd, var, xtabs
The following objects are masked from 'package:base':
Filter, Find, Map, Position, Reduce, anyDuplicated, aperm, append,
as.data.frame, basename, cbind, colnames, dirname, do.call,
duplicated, eval, evalq, get, grep, grepl, is.unsorted, lapply,
mapply, match, mget, order, paste, pmax, pmax.int, pmin, pmin.int,
rank, rbind, rownames, sapply, saveRDS, table, tapply, unique,
unsplit, which.max, which.min
Attaching package: 'S4Vectors'
The following object is masked from 'package:utils':
findMatches
The following objects are masked from 'package:base':
I, expand.grid, unname
No methods found in package 'rtracklayer' for request: 'trackName<-' when loading 'AnnotationHubData'
INFO [2025-04-21 18:11:07] Preparer Class: ChEAImportPreparer
complete!
INFO [2025-04-21 18:11:07] Preparer Class: EncodeImportPreparer
getting file info: wgEncodeAffyRnaChipFiltTransfragsGm12878CellTotal.broadPeak.gz
getting file info: wgEncodeAffyRnaChipFiltTransfragsGm12878CytosolLongnonpolya.broadPeak.gz
getting file info: wgEncodeAffyRnaChipFiltTransfragsGm12878CytosolLongpolya.broadPeak.gz
getting file info: wgEncodeAffyRnaChipFiltTransfragsGm12878NucleolusTotal.broadPeak.gz
getting file info: wgEncodeAffyRnaChipFiltTransfragsGm12878NucleusLongnonpolya.broadPeak.gz
complete!
INFO [2025-04-21 18:11:10] Preparer Class: Grasp2ImportPreparer
complete!
INFO [2025-04-21 18:11:10] Preparer Class: NCBIImportPreparer
looking up value for: 495146
looking up value for: 4565
looking up value for: 8296
looking up value for: 214697
looking up value for: 3708
looking up value for: 3818
sh: azcopy: command not found
Processing 10 files.
complete!
INFO [2025-04-21 18:11:14] Preparer Class: RefNetImportPreparer
complete!
INFO [2025-04-21 18:11:15] Preparer Class: dbSNPVCFPreparer
ftp://ftp.ncbi.nlm.nih.gov/pub/clinvar/vcf_GRCh37/archive_1.0/2016/
complete!
Found invalid DispatchClass.
[1] "somethingNotThere"
For currently available DispatchClass run
'AnnotationHub::DispatchClassList()'
Found invalid DispatchClass.
[1] "somethingNotThere"
For currently available DispatchClass run
'AnnotationHub::DispatchClassList()'
Loading valid species information.
ftp://ftp.ensembl.org/pub/release-98/gtf/homo_sapiens/
ftp://ftp.ensembl.org/pub/release-98/gtf/homo_sapiens/
ftp://ftp.ensembl.org/pub/release-98/gtf/homo_sapiens/
RUNIT TEST PROTOCOL -- Mon Apr 21 18:12:54 2025
***********************************************
Number of test functions: 20
Number of errors: 0
Number of failures: 0
1 Test Suite :
AnnotationHubData RUnit Tests - 20 test functions, 0 errors, 0 failures
Number of test functions: 20
Number of errors: 0
Number of failures: 0
>
> proc.time()
user system elapsed
64.595 1.097 129.685
AnnotationHubData.Rcheck/AnnotationHubData-Ex.timings
| name | user | system | elapsed | |
| AnnotationHubMetadata-class | 0.000 | 0.001 | 0.001 | |
| ImportPreparer-class | 0 | 0 | 0 | |
| makeAnnotationHubMetadata | 0.001 | 0.001 | 0.001 | |
| makeEnsemblFasta | 0 | 0 | 0 | |
| makeGencodeFasta | 0 | 0 | 0 | |
| makeStandardOrgDbs | 0 | 0 | 0 | |
| updateResources | 0.000 | 0.001 | 0.000 | |
| upload_to_S3 | 0 | 0 | 0 | |
| upload_to_azure | 0 | 0 | 0 | |
| validationFunctions | 35.889 | 0.350 | 36.350 | |