Back to Multiple platform build/check report for BioC 3.21:   simplified   long
[A]BCDEFGHIJKLMNOPQRSTUVWXYZ

This page was generated on 2025-02-18 11:39 -0500 (Tue, 18 Feb 2025).

HostnameOSArch (*)R versionInstalled pkgs
nebbiolo1Linux (Ubuntu 24.04.1 LTS)x86_64R Under development (unstable) (2025-01-20 r87609) -- "Unsuffered Consequences" 4720
palomino7Windows Server 2022 Datacenterx64R Under development (unstable) (2025-01-21 r87610 ucrt) -- "Unsuffered Consequences" 4482
lconwaymacOS 12.7.1 Montereyx86_64R Under development (unstable) (2025-01-22 r87618) -- "Unsuffered Consequences" 4493
kjohnson3macOS 13.7.1 Venturaarm64R Under development (unstable) (2025-01-20 r87609) -- "Unsuffered Consequences" 4446
Click on any hostname to see more info about the system (e.g. compilers)      (*) as reported by 'uname -p', except on Windows and Mac OS X

Package 57/2295HostnameOS / ArchINSTALLBUILDCHECKBUILD BIN
AlphaMissenseR 1.3.0  (landing page)
Martin Morgan
Snapshot Date: 2025-02-17 13:40 -0500 (Mon, 17 Feb 2025)
git_url: https://git.bioconductor.org/packages/AlphaMissenseR
git_branch: devel
git_last_commit: 2fc3e2c
git_last_commit_date: 2024-10-29 11:26:16 -0500 (Tue, 29 Oct 2024)
nebbiolo1Linux (Ubuntu 24.04.1 LTS) / x86_64  OK    ERROR  skipped
palomino7Windows Server 2022 Datacenter / x64  OK    OK    OK    OK  UNNEEDED, same version is already published
lconwaymacOS 12.7.1 Monterey / x86_64  OK    OK    OK    OK  UNNEEDED, same version is already published
kjohnson3macOS 13.7.1 Ventura / arm64  OK    OK    OK    OK  UNNEEDED, same version is already published


BUILD results for AlphaMissenseR on nebbiolo1

To the developers/maintainers of the AlphaMissenseR package:
- Allow up to 24 hours (and sometimes 48 hours) for your latest push to git@git.bioconductor.org:packages/AlphaMissenseR.git to reflect on this report. See Troubleshooting Build Report for more information.
- Use the following Renviron settings to reproduce errors and warnings.
- If 'R CMD check' started to fail recently on the Linux builder(s) over a missing dependency, add the missing dependency to 'Suggests:' in your DESCRIPTION file. See Renviron.bioc for more information.

raw results


Summary

Package: AlphaMissenseR
Version: 1.3.0
Command: /home/biocbuild/bbs-3.21-bioc/R/bin/R CMD build --keep-empty-dirs --no-resave-data AlphaMissenseR
StartedAt: 2025-02-17 16:06:29 -0500 (Mon, 17 Feb 2025)
EndedAt: 2025-02-17 16:28:55 -0500 (Mon, 17 Feb 2025)
EllapsedTime: 1346.3 seconds
RetCode: 1
Status:   ERROR  
PackageFile: None
PackageFileSize: NA

Command output

##############################################################################
##############################################################################
###
### Running command:
###
###   /home/biocbuild/bbs-3.21-bioc/R/bin/R CMD build --keep-empty-dirs --no-resave-data AlphaMissenseR
###
##############################################################################
##############################################################################


* checking for file ‘AlphaMissenseR/DESCRIPTION’ ... OK
* preparing ‘AlphaMissenseR’:
* checking DESCRIPTION meta-information ... OK
* installing the package to build vignettes
* creating vignettes ... ERROR
--- re-building ‘alphafold.Rmd’ using rmarkdown
--- finished re-building ‘alphafold.Rmd’

--- re-building ‘benchmarking.Rmd’ using rmarkdown
--- finished re-building ‘benchmarking.Rmd’

--- re-building ‘clinvar.Rmd’ using rmarkdown
--- finished re-building ‘clinvar.Rmd’

--- re-building ‘introduction.Rmd’ using rmarkdown
--- finished re-building ‘introduction.Rmd’

--- re-building ‘issues.Rmd’ using rmarkdown

Quitting from lines 74-75 [unnamed-chunk-4] (issues.Rmd)
Error: processing vignette 'issues.Rmd' failed with diagnostics:
attempt to write a readonly database
--- failed re-building ‘issues.Rmd’

SUMMARY: processing the following file failed:
  ‘issues.Rmd’

Error: Vignette re-building failed.
Execution halted