Back to Multiple platform build/check report for BioC 3.21:   simplified   long
[A]BCDEFGHIJKLMNOPQRSTUVWXYZ

This page was generated on 2025-02-13 11:39 -0500 (Thu, 13 Feb 2025).

HostnameOSArch (*)R versionInstalled pkgs
nebbiolo1Linux (Ubuntu 24.04.1 LTS)x86_64R Under development (unstable) (2025-01-20 r87609) -- "Unsuffered Consequences" 4719
palomino7Windows Server 2022 Datacenterx64R Under development (unstable) (2025-01-21 r87610 ucrt) -- "Unsuffered Consequences" 4481
lconwaymacOS 12.7.1 Montereyx86_64R Under development (unstable) (2025-01-22 r87618) -- "Unsuffered Consequences" 4492
kjohnson3macOS 13.7.1 Venturaarm64R Under development (unstable) (2025-01-20 r87609) -- "Unsuffered Consequences" 4445
Click on any hostname to see more info about the system (e.g. compilers)      (*) as reported by 'uname -p', except on Windows and Mac OS X

Package 104/2295HostnameOS / ArchINSTALLBUILDCHECKBUILD BIN
ASpli 2.17.0  (landing page)
Ariel Chernomoretz
Snapshot Date: 2025-02-12 13:40 -0500 (Wed, 12 Feb 2025)
git_url: https://git.bioconductor.org/packages/ASpli
git_branch: devel
git_last_commit: 5b28a12
git_last_commit_date: 2024-10-29 10:12:56 -0500 (Tue, 29 Oct 2024)
nebbiolo1Linux (Ubuntu 24.04.1 LTS) / x86_64  OK    OK    WARNINGS  UNNEEDED, same version is already published
palomino7Windows Server 2022 Datacenter / x64  OK    OK    WARNINGS    OK  UNNEEDED, same version is already published
lconwaymacOS 12.7.1 Monterey / x86_64  OK    OK    WARNINGS    OK  UNNEEDED, same version is already published
kjohnson3macOS 13.7.1 Ventura / arm64  OK    OK    WARNINGS    OK  UNNEEDED, same version is already published


CHECK results for ASpli on nebbiolo1

To the developers/maintainers of the ASpli package:
- Allow up to 24 hours (and sometimes 48 hours) for your latest push to git@git.bioconductor.org:packages/ASpli.git to reflect on this report. See Troubleshooting Build Report for more information.
- Use the following Renviron settings to reproduce errors and warnings.
- If 'R CMD check' started to fail recently on the Linux builder(s) over a missing dependency, add the missing dependency to 'Suggests:' in your DESCRIPTION file. See Renviron.bioc for more information.

raw results


Summary

Package: ASpli
Version: 2.17.0
Command: /home/biocbuild/bbs-3.21-bioc/R/bin/R CMD check --install=check:ASpli.install-out.txt --library=/home/biocbuild/bbs-3.21-bioc/R/site-library --timings ASpli_2.17.0.tar.gz
StartedAt: 2025-02-12 19:59:52 -0500 (Wed, 12 Feb 2025)
EndedAt: 2025-02-12 20:19:23 -0500 (Wed, 12 Feb 2025)
EllapsedTime: 1170.7 seconds
RetCode: 0
Status:   WARNINGS  
CheckDir: ASpli.Rcheck
Warnings: 1

Command output

##############################################################################
##############################################################################
###
### Running command:
###
###   /home/biocbuild/bbs-3.21-bioc/R/bin/R CMD check --install=check:ASpli.install-out.txt --library=/home/biocbuild/bbs-3.21-bioc/R/site-library --timings ASpli_2.17.0.tar.gz
###
##############################################################################
##############################################################################


* using log directory ‘/home/biocbuild/bbs-3.21-bioc/meat/ASpli.Rcheck’
* using R Under development (unstable) (2025-01-20 r87609)
* using platform: x86_64-pc-linux-gnu
* R was compiled by
    gcc (Ubuntu 13.3.0-6ubuntu2~24.04) 13.3.0
    GNU Fortran (Ubuntu 13.3.0-6ubuntu2~24.04) 13.3.0
* running under: Ubuntu 24.04.1 LTS
* using session charset: UTF-8
* checking for file ‘ASpli/DESCRIPTION’ ... OK
* checking extension type ... Package
* this is package ‘ASpli’ version ‘2.17.0’
* checking package namespace information ... OK
* checking package dependencies ... OK
* checking if this is a source package ... OK
* checking if there is a namespace ... OK
* checking for hidden files and directories ... OK
* checking for portable file names ... OK
* checking for sufficient/correct file permissions ... OK
* checking whether package ‘ASpli’ can be installed ... WARNING
Found the following significant warnings:
  Warning: replacing previous import ‘utils::findMatches’ by ‘S4Vectors::findMatches’ when loading ‘ASpli’
See ‘/home/biocbuild/bbs-3.21-bioc/meat/ASpli.Rcheck/00install.out’ for details.
* checking installed package size ... OK
* checking package directory ... OK
* checking ‘build’ directory ... OK
* checking DESCRIPTION meta-information ... OK
* checking top-level files ... OK
* checking for left-over files ... OK
* checking index information ... OK
* checking package subdirectories ... OK
* checking code files for non-ASCII characters ... OK
* checking R files for syntax errors ... OK
* checking whether the package can be loaded ... OK
* checking whether the package can be loaded with stated dependencies ... OK
* checking whether the package can be unloaded cleanly ... OK
* checking whether the namespace can be loaded with stated dependencies ... OK
* checking whether the namespace can be unloaded cleanly ... OK
* checking loading without being on the library search path ... OK
* checking dependencies in R code ... NOTE
Namespace in Imports field not imported from: 'txdbmaker'
  All declared Imports should be used.
* checking S3 generic/method consistency ... OK
* checking replacement functions ... OK
* checking foreign function calls ... OK
* checking R code for possible problems ... OK
* checking Rd files ... OK
* checking Rd metadata ... OK
* checking Rd cross-references ... NOTE
Found the following Rd file(s) with Rd \link{} targets missing package
anchors:
  DUreport.Rd: edgeR
  DUreport.norm.Rd: edgeR
  DUreport.offset.Rd: edgeR
  DUreportBinSplice-method.Rd: edgeR
  gbDUreport-method.Rd: edgeR
  jDUreport.Rd: edgeR
  junctionDUreport.Rd: edgeR
Please provide package anchors for all Rd \link{} targets not in the
package itself and the base packages.
* checking for missing documentation entries ... OK
* checking for code/documentation mismatches ... OK
* checking Rd \usage sections ... OK
* checking Rd contents ... OK
* checking for unstated dependencies in examples ... OK
* checking installed files from ‘inst/doc’ ... OK
* checking files in ‘vignettes’ ... OK
* checking examples ... OK
Examples with CPU (user + system) or elapsed time > 5s
                           user system elapsed
ASpli-package           132.898  0.342 133.026
integrateSignals         78.651  0.040  78.570
splicingReport           78.402  0.018  78.307
jCounts-methods          77.897  0.033  77.816
exportSplicingReports    74.481  1.604  75.984
jDUreport                74.098  0.030  74.020
exportIntegratedSignals  72.220  0.172  72.279
gbDUreport-method        66.817  0.070  66.782
gbCounts                 66.284  0.227  66.401
* checking for unstated dependencies in vignettes ... OK
* checking package vignettes ... OK
* checking re-building of vignette outputs ... OK
* checking PDF version of manual ... OK
* DONE

Status: 1 WARNING, 2 NOTEs
See
  ‘/home/biocbuild/bbs-3.21-bioc/meat/ASpli.Rcheck/00check.log’
for details.


Installation output

ASpli.Rcheck/00install.out

##############################################################################
##############################################################################
###
### Running command:
###
###   /home/biocbuild/bbs-3.21-bioc/R/bin/R CMD INSTALL ASpli
###
##############################################################################
##############################################################################


* installing to library ‘/home/biocbuild/bbs-3.21-bioc/R/site-library’
* installing *source* package ‘ASpli’ ...
** this is package ‘ASpli’ version ‘2.17.0’
** using staged installation
** R
** inst
** byte-compile and prepare package for lazy loading
Warning: replacing previous import ‘utils::findMatches’ by ‘S4Vectors::findMatches’ when loading ‘ASpli’
** help
*** installing help indices
** building package indices
** installing vignettes
** testing if installed package can be loaded from temporary location
Warning: replacing previous import ‘utils::findMatches’ by ‘S4Vectors::findMatches’ when loading ‘ASpli’
** testing if installed package can be loaded from final location
Warning: replacing previous import ‘utils::findMatches’ by ‘S4Vectors::findMatches’ when loading ‘ASpli’
** testing if installed package keeps a record of temporary installation path
* DONE (ASpli)

Tests output


Example timings

ASpli.Rcheck/ASpli-Ex.timings

nameusersystemelapsed
ASpli-package132.898 0.342133.026
DUreport0.0000.0010.000
DUreport.norm000
DUreport.offset0.0010.0000.000
DUreportBinSplice-method000
acc_AS0.0000.0000.001
acc_DU000
acc_counts000
acc_features0.1960.0060.201
binGenome3.1940.0033.197
containsJunctions-function000
example_data0.0010.0000.001
exportIntegratedSignals72.220 0.17272.279
exportSplicingReports74.481 1.60475.984
filterDU-method0.0000.0000.001
filterSignals0.0000.0000.001
gbCounts66.284 0.22766.401
gbDUreport-method66.817 0.07066.782
getConditions-function0.0000.0010.001
integrateSignals78.651 0.04078.570
jCounts-methods77.897 0.03377.816
jDUreport74.098 0.03074.020
junctionDUreport0.0000.0000.001
loadBAM0.0000.0000.001
mergeBinDUAS-method0.0000.0000.001
plotBins0.0000.0010.001
plotGenomicRegions0.0010.0000.001
rds0.0000.0000.001
splicingReport78.402 0.01878.307
subset-methods0.0000.0010.000