| Back to Multiple platform build/check report for BioC 3.21: simplified long | 
  | 
This page was generated on 2025-10-16 11:41 -0400 (Thu, 16 Oct 2025).
| Hostname | OS | Arch (*) | R version | Installed pkgs | 
|---|---|---|---|---|
| nebbiolo1 | Linux (Ubuntu 24.04.3 LTS) | x86_64 | 4.5.1 (2025-06-13) -- "Great Square Root" | 4833 | 
| merida1 | macOS 12.7.6 Monterey | x86_64 | 4.5.1 RC (2025-06-05 r88288) -- "Great Square Root" | 4614 | 
| kjohnson1 | macOS 13.7.5 Ventura | arm64 | 4.5.1 Patched (2025-06-14 r88325) -- "Great Square Root" | 4555 | 
| kunpeng2 | Linux (openEuler 24.03 LTS) | aarch64 | R Under development (unstable) (2025-02-19 r87757) -- "Unsuffered Consequences" | 4586 | 
| Click on any hostname to see more info about the system (e.g. compilers) (*) as reported by 'uname -p', except on Windows and Mac OS X | ||||
| Package 89/2341 | Hostname | OS / Arch | INSTALL | BUILD | CHECK | BUILD BIN | ||||||||
| APAlyzer 1.22.0  (landing page) Ruijia Wang 
  | nebbiolo1 | Linux (Ubuntu 24.04.3 LTS) / x86_64 | OK | OK | ERROR | |||||||||
| merida1 | macOS 12.7.6 Monterey / x86_64 | OK | OK | ERROR | OK | |||||||||
| kjohnson1 | macOS 13.7.5 Ventura / arm64 | OK | OK | ERROR | OK | |||||||||
| kunpeng2 | Linux (openEuler 24.03 LTS) / aarch64 | OK | OK | TIMEOUT | ||||||||||
| 
To the developers/maintainers of the APAlyzer package: - Allow up to 24 hours (and sometimes 48 hours) for your latest push to git@git.bioconductor.org:packages/APAlyzer.git to reflect on this report. See Troubleshooting Build Report for more information. - Use the following Renviron settings to reproduce errors and warnings. - If 'R CMD check' started to fail recently on the Linux builder(s) over a missing dependency, add the missing dependency to 'Suggests:' in your DESCRIPTION file. See Renviron.bioc for more information. - See Martin Grigorov's blog post for how to debug Linux ARM64 related issues on a x86_64 host.  | 
| Package: APAlyzer | 
| Version: 1.22.0 | 
| Command: /home/biocbuild/R/R/bin/R CMD check --install=check:APAlyzer.install-out.txt --library=/home/biocbuild/R/R/site-library --no-vignettes --timings APAlyzer_1.22.0.tar.gz | 
| StartedAt: 2025-10-14 06:14:41 -0000 (Tue, 14 Oct 2025) | 
| EndedAt: 2025-10-14 06:56:25 -0000 (Tue, 14 Oct 2025) | 
| EllapsedTime: 2504.7 seconds | 
| RetCode: None | 
| Status: TIMEOUT | 
| CheckDir: APAlyzer.Rcheck | 
| Warnings: NA | 
##############################################################################
##############################################################################
###
### Running command:
###
###   /home/biocbuild/R/R/bin/R CMD check --install=check:APAlyzer.install-out.txt --library=/home/biocbuild/R/R/site-library --no-vignettes --timings APAlyzer_1.22.0.tar.gz
###
##############################################################################
##############################################################################
* using log directory ‘/home/biocbuild/bbs-3.21-bioc/meat/APAlyzer.Rcheck’
* using R Under development (unstable) (2025-02-19 r87757)
* using platform: aarch64-unknown-linux-gnu
* R was compiled by
    aarch64-unknown-linux-gnu-gcc (GCC) 14.2.0
    GNU Fortran (GCC) 14.2.0
* running under: openEuler 24.03 (LTS-SP1)
* using session charset: UTF-8
* using option ‘--no-vignettes’
* checking for file ‘APAlyzer/DESCRIPTION’ ... OK
* checking extension type ... Package
* this is package ‘APAlyzer’ version ‘1.22.0’
* package encoding: UTF-8
* checking package namespace information ... OK
* checking package dependencies ... OK
* checking if this is a source package ... OK
* checking if there is a namespace ... OK
* checking for hidden files and directories ... NOTE
Found the following hidden files and directories:
  .BBSoptions
  .travis.yml
These were most likely included in error. See section ‘Package
structure’ in the ‘Writing R Extensions’ manual.
* checking for portable file names ... OK
* checking for sufficient/correct file permissions ... OK
* checking whether package ‘APAlyzer’ can be installed ... OK
* checking installed package size ... OK
* checking package directory ... OK
* checking ‘build’ directory ... OK
* checking DESCRIPTION meta-information ... OK
* checking top-level files ... NOTE
File
  LICENSE
is not mentioned in the DESCRIPTION file.
* checking for left-over files ... OK
* checking index information ... OK
* checking package subdirectories ... OK
* checking code files for non-ASCII characters ... OK
* checking R files for syntax errors ... OK
* checking whether the package can be loaded ... OK
* checking whether the package can be loaded with stated dependencies ... OK
* checking whether the package can be unloaded cleanly ... OK
* checking whether the namespace can be loaded with stated dependencies ... OK
* checking whether the namespace can be unloaded cleanly ... OK
* checking loading without being on the library search path ... OK
* checking dependencies in R code ... WARNING
'library' or 'require' call not declared from: ‘HybridMTest’
'library' or 'require' call to ‘HybridMTest’ in package code.
  Please use :: or requireNamespace() instead.
  See section 'Suggested packages' in the 'Writing R Extensions' manual.
* checking S3 generic/method consistency ... OK
* checking replacement functions ... OK
* checking foreign function calls ... OK
* checking R code for possible problems ... NOTE
.GTF2LE: no visible binding for global variable ‘group_name’
.GTF2refUTRraw: no visible binding for global variable ‘GENEID’
.annotatePASRegion: no visible global function definition for
  ‘queryHits’
APABox: no visible binding for global variable ‘APAreg’
APABox: no visible binding for global variable ‘RED’
APAVolcano: no visible binding for global variable ‘APAreg’
APAVolcano: no visible binding for global variable ‘color’
PASEXP_IPA: no visible global function definition for ‘Print’
ThreeMostPairBam: no visible global function definition for ‘Print’
download_testbam: no visible global function definition for
  ‘download.file’
Undefined global functions or variables:
  APAreg GENEID Print RED color download.file group_name queryHits
Consider adding
  importFrom("utils", "download.file")
to your NAMESPACE file.
* checking Rd files ... NOTE
prepare_Rd: download_testbam.Rd:7-8: Dropping empty section \arguments
* checking Rd metadata ... OK
* checking Rd cross-references ... OK
* checking for missing documentation entries ... OK
* checking for code/documentation mismatches ... OK
* checking Rd \usage sections ... OK
* checking Rd contents ... OK
* checking for unstated dependencies in examples ... OK
* checking files in ‘vignettes’ ... OK
* checking examples ... ERROR
Running examples in ‘APAlyzer-Ex.R’ failed
The error most likely occurred in:
> base::assign(".ptime", proc.time(), pos = "CheckExEnv")
> ### Name: download_testbam
> ### Title: download_testbam, download bam files of mouse testis and heart
> ### Aliases: download_testbam
> 
> ### ** Examples
> 
> 	download_testbam()
[1] "Download  Heart_rep1"
trying URL 'https://media.githubusercontent.com/media/RJWANGbioinfo/PAS_reference_RData_and_testing_data/master/bam/Heart_rep1.bam'
Content type 'application/octet-stream' length 358373738 bytes (341.8 MB)
==================================================
downloaded 341.8 MB
[1] "Download  Heart_rep2"
trying URL 'https://media.githubusercontent.com/media/RJWANGbioinfo/PAS_reference_RData_and_testing_data/master/bam/Heart_rep2.bam'
Content type 'application/octet-stream' length 341667659 bytes (325.8 MB)
==================================================
downloaded 325.8 MB
[1] "Download  Heart_rep3"
trying URL 'https://media.githubusercontent.com/media/RJWANGbioinfo/PAS_reference_RData_and_testing_data/master/bam/Heart_rep3.bam'
Content type 'application/octet-stream' length 384305345 bytes (366.5 MB)
==================================================
downloaded 366.5 MB
[1] "Download  Heart_rep4"
trying URL 'https://media.githubusercontent.com/media/RJWANGbioinfo/PAS_reference_RData_and_testing_data/master/bam/Heart_rep4.bam'
Content type 'application/octet-stream' length 364028034 bytes (347.2 MB)
=====================
Examples with CPU (user + system) or elapsed time > 5s
              user system elapsed
PASEXP_3UTR 16.110  3.471  26.661
GENEXP_CDS  14.963  2.217  19.962
PASEXP_IPA  14.511  0.505  22.521
PAS2GEF      0.055  0.269  52.688
* checking for unstated dependencies in ‘tests’ ... OK
* checking tests ...
  Running ‘runTests.R’
APAlyzer.Rcheck/00install.out
############################################################################## ############################################################################## ### ### Running command: ### ### /home/biocbuild/R/R/bin/R CMD INSTALL APAlyzer ### ############################################################################## ############################################################################## * installing to library ‘/home/biocbuild/R/R-devel_2025-02-19/site-library’ * installing *source* package ‘APAlyzer’ ... ** this is package ‘APAlyzer’ version ‘1.22.0’ ** using staged installation ** R ** inst ** byte-compile and prepare package for lazy loading ** help *** installing help indices ** building package indices ** installing vignettes ** testing if installed package can be loaded from temporary location ** testing if installed package can be loaded from final location ** testing if installed package keeps a record of temporary installation path * DONE (APAlyzer)
APAlyzer.Rcheck/tests/runTests.Rout
R Under development (unstable) (2025-02-19 r87757) -- "Unsuffered Consequences"
Copyright (C) 2025 The R Foundation for Statistical Computing
Platform: aarch64-unknown-linux-gnu
R is free software and comes with ABSOLUTELY NO WARRANTY.
You are welcome to redistribute it under certain conditions.
Type 'license()' or 'licence()' for distribution details.
R is a collaborative project with many contributors.
Type 'contributors()' for more information and
'citation()' on how to cite R or R packages in publications.
Type 'demo()' for some demos, 'help()' for on-line help, or
'help.start()' for an HTML browser interface to help.
Type 'q()' to quit R.
> require("APAlyzer") || stop("unable to load Package:APAlyzer")
Loading required package: APAlyzer
APAlyzer.Rcheck/APAlyzer-Ex.timings
| name | user | system | elapsed | |
| APABox | 0.769 | 0.060 | 0.868 | |
| APAVolcano | 0.613 | 0.023 | 0.711 | |
| APAdiff | 1.066 | 0.032 | 1.115 | |
| GENEXP_CDS | 14.963 | 2.217 | 19.962 | |
| PAS2GEF | 0.055 | 0.269 | 52.688 | |
| PASEXP_3UTR | 16.110 | 3.471 | 26.661 | |
| PASEXP_IPA | 14.511 | 0.505 | 22.521 | |
| REF3UTR | 0.189 | 0.016 | 2.923 | |
| REF4PAS | 0.179 | 0.021 | 1.589 | |
| REFCDS | 0.693 | 0.100 | 0.795 | |
| ThreeMostPairBam | 1.479 | 0.084 | 1.827 | |