Back to Build/check report for BioC 3.20 experimental data
AB[C]DEFGHIJKLMNOPQRSTUVWXYZ

This page was generated on 2025-01-30 15:42 -0500 (Thu, 30 Jan 2025).

HostnameOSArch (*)R versionInstalled pkgs
nebbiolo2Linux (Ubuntu 24.04.1 LTS)x86_644.4.2 (2024-10-31) -- "Pile of Leaves" 4746
Click on any hostname to see more info about the system (e.g. compilers)      (*) as reported by 'uname -p', except on Windows and Mac OS X

Package 88/431HostnameOS / ArchINSTALLBUILDCHECK
CytoMethIC 1.2.0  (landing page)
Jacob Fanale
Snapshot Date: 2025-01-30 07:30 -0500 (Thu, 30 Jan 2025)
git_url: https://git.bioconductor.org/packages/CytoMethIC
git_branch: RELEASE_3_20
git_last_commit: 0ab3d8b
git_last_commit_date: 2024-10-29 09:55:37 -0500 (Tue, 29 Oct 2024)
nebbiolo2Linux (Ubuntu 24.04.1 LTS) / x86_64  OK    ERROR  skipped


BUILD results for CytoMethIC on nebbiolo2

To the developers/maintainers of the CytoMethIC package:
- Use the following Renviron settings to reproduce errors and warnings.
- If 'R CMD check' started to fail recently on the Linux builder(s) over a missing dependency, add the missing dependency to 'Suggests:' in your DESCRIPTION file. See Renviron.bioc for more information.

raw results


Summary

Package: CytoMethIC
Version: 1.2.0
Command: /home/biocbuild/bbs-3.20-bioc/R/bin/R CMD build --keep-empty-dirs --no-resave-data CytoMethIC
StartedAt: 2025-01-30 11:12:30 -0500 (Thu, 30 Jan 2025)
EndedAt: 2025-01-30 11:13:50 -0500 (Thu, 30 Jan 2025)
EllapsedTime: 79.9 seconds
RetCode: 1
Status:   ERROR  
PackageFile: None
PackageFileSize: NA

Command output

##############################################################################
##############################################################################
###
### Running command:
###
###   /home/biocbuild/bbs-3.20-bioc/R/bin/R CMD build --keep-empty-dirs --no-resave-data CytoMethIC
###
##############################################################################
##############################################################################


* checking for file ‘CytoMethIC/DESCRIPTION’ ... OK
* preparing ‘CytoMethIC’:
* checking DESCRIPTION meta-information ... OK
* installing the package to build vignettes
* creating vignettes ... ERROR
--- re-building ‘CytoMethIC.Rmd’ using knitr

Quitting from lines 107-111 [cyto8] (CytoMethIC.Rmd)
Error: processing vignette 'CytoMethIC.Rmd' failed with diagnostics:
cannot open the connection to 'https://github.com/zhou-lab/CytoMethIC_models/raw/main/models/Race3_rfcTCGA_InfHum3.rds'
--- failed re-building ‘CytoMethIC.Rmd’

SUMMARY: processing the following file failed:
  ‘CytoMethIC.Rmd’

Error: Vignette re-building failed.
Execution halted