| Back to Multiple platform build/check report for BioC 3.20: simplified long |
|
This page was generated on 2024-11-20 12:08 -0500 (Wed, 20 Nov 2024).
| Hostname | OS | Arch (*) | R version | Installed pkgs |
|---|---|---|---|---|
| teran2 | Linux (Ubuntu 24.04.1 LTS) | x86_64 | 4.4.2 (2024-10-31) -- "Pile of Leaves" | 4481 |
| nebbiolo2 | Linux (Ubuntu 24.04.1 LTS) | x86_64 | 4.4.2 (2024-10-31) -- "Pile of Leaves" | 4479 |
| palomino8 | Windows Server 2022 Datacenter | x64 | 4.4.2 (2024-10-31 ucrt) -- "Pile of Leaves" | 4359 |
| lconway | macOS 12.7.1 Monterey | x86_64 | 4.4.1 (2024-06-14) -- "Race for Your Life" | 4539 |
| kunpeng2 | Linux (openEuler 22.03 LTS-SP1) | aarch64 | 4.4.1 (2024-06-14) -- "Race for Your Life" | 4493 |
| Click on any hostname to see more info about the system (e.g. compilers) (*) as reported by 'uname -p', except on Windows and Mac OS X | ||||
| Package 2256/2289 | Hostname | OS / Arch | INSTALL | BUILD | CHECK | BUILD BIN | ||||||||
| vsclust 1.8.0 (landing page) Veit Schwaemmle
| teran2 | Linux (Ubuntu 24.04.1 LTS) / x86_64 | OK | OK | WARNINGS | |||||||||
| nebbiolo2 | Linux (Ubuntu 24.04.1 LTS) / x86_64 | OK | OK | WARNINGS | ||||||||||
| palomino8 | Windows Server 2022 Datacenter / x64 | OK | OK | WARNINGS | OK | |||||||||
| lconway | macOS 12.7.1 Monterey / x86_64 | OK | OK | WARNINGS | OK | |||||||||
| kunpeng2 | Linux (openEuler 22.03 LTS-SP1) / aarch64 | OK | OK | WARNINGS | ||||||||||
|
To the developers/maintainers of the vsclust package: - Allow up to 24 hours (and sometimes 48 hours) for your latest push to git@git.bioconductor.org:packages/vsclust.git to reflect on this report. See Troubleshooting Build Report for more information. - Use the following Renviron settings to reproduce errors and warnings. - If 'R CMD check' started to fail recently on the Linux builder(s) over a missing dependency, add the missing dependency to 'Suggests:' in your DESCRIPTION file. See Renviron.bioc for more information. - See Martin Grigorov's blog post for how to debug Linux ARM64 related issues on a x86_64 host. |
| Package: vsclust |
| Version: 1.8.0 |
| Command: /home/biocbuild/R/R/bin/R CMD check --install=check:vsclust.install-out.txt --library=/home/biocbuild/R/R/site-library --no-vignettes --timings vsclust_1.8.0.tar.gz |
| StartedAt: 2024-11-20 13:41:30 -0000 (Wed, 20 Nov 2024) |
| EndedAt: 2024-11-20 13:47:24 -0000 (Wed, 20 Nov 2024) |
| EllapsedTime: 353.6 seconds |
| RetCode: 0 |
| Status: WARNINGS |
| CheckDir: vsclust.Rcheck |
| Warnings: 1 |
##############################################################################
##############################################################################
###
### Running command:
###
### /home/biocbuild/R/R/bin/R CMD check --install=check:vsclust.install-out.txt --library=/home/biocbuild/R/R/site-library --no-vignettes --timings vsclust_1.8.0.tar.gz
###
##############################################################################
##############################################################################
* using log directory ‘/home/biocbuild/bbs-3.20-bioc/meat/vsclust.Rcheck’
* using R version 4.4.1 (2024-06-14)
* using platform: aarch64-unknown-linux-gnu
* R was compiled by
gcc (GCC) 12.2.1 20220819 (openEuler 12.2.1-14)
GNU Fortran (GCC) 10.3.1
* running under: openEuler 22.03 (LTS-SP1)
* using session charset: UTF-8
* using option ‘--no-vignettes’
* checking for file ‘vsclust/DESCRIPTION’ ... OK
* checking extension type ... Package
* this is package ‘vsclust’ version ‘1.8.0’
* checking package namespace information ... OK
* checking package dependencies ... OK
* checking if this is a source package ... OK
* checking if there is a namespace ... OK
* checking for hidden files and directories ... OK
* checking for portable file names ... OK
* checking for sufficient/correct file permissions ... OK
* checking whether package ‘vsclust’ can be installed ... OK
* used C++ compiler: ‘g++ (conda-forge gcc 14.2.0-1) 14.2.0’
* checking installed package size ... OK
* checking package directory ... OK
* checking ‘build’ directory ... OK
* checking DESCRIPTION meta-information ... OK
* checking top-level files ... NOTE
File
LICENSE
is not mentioned in the DESCRIPTION file.
* checking for left-over files ... OK
* checking index information ... OK
* checking package subdirectories ... OK
* checking code files for non-ASCII characters ... OK
* checking R files for syntax errors ... OK
* checking whether the package can be loaded ... OK
* checking whether the package can be loaded with stated dependencies ... OK
* checking whether the package can be unloaded cleanly ... OK
* checking whether the namespace can be loaded with stated dependencies ... OK
* checking whether the namespace can be unloaded cleanly ... OK
* checking loading without being on the library search path ... OK
* checking dependencies in R code ... OK
* checking S3 generic/method consistency ... OK
* checking replacement functions ... OK
* checking foreign function calls ... OK
* checking R code for possible problems ... NOTE
runFuncEnrich: no visible global function definition for
‘compareCluster’
runFuncEnrich: no visible global function definition for ‘new’
Undefined global functions or variables:
compareCluster new
Consider adding
importFrom("methods", "new")
to your NAMESPACE file (and ensure that your DESCRIPTION Imports field
contains 'methods').
* checking Rd files ... NOTE
prepare_Rd: vsclust-package.Rd:29-31: Dropping empty section \seealso
prepare_Rd: vsclust-package.Rd:32-33: Dropping empty section \examples
* checking Rd metadata ... OK
* checking Rd cross-references ... OK
* checking for missing documentation entries ... OK
* checking for code/documentation mismatches ... WARNING
Codoc mismatches from Rd file 'estimClustNum.Rd':
estimClustNum
Code: function(dat, maxClust = 25, scaling = "standardize", cores =
1)
Docs: function(dat, maxClust = 25, cores = 1)
Argument names in code not in docs:
scaling
Mismatches in argument names:
Position: 3 Code: scaling Docs: cores
Codoc mismatches from Rd file 'runClustWrapper.Rd':
runClustWrapper
Code: function(dat, NClust, proteins = NULL, VSClust = TRUE, scaling
= "standardize", cores, verbose = FALSE)
Docs: function(dat, NClust, proteins = NULL, VSClust = TRUE, cores,
verbose = FALSE)
Argument names in code not in docs:
scaling
Mismatches in argument names:
Position: 5 Code: scaling Docs: cores
Position: 6 Code: cores Docs: verbose
* checking Rd \usage sections ... OK
* checking Rd contents ... OK
* checking for unstated dependencies in examples ... OK
* checking contents of ‘data’ directory ... OK
* checking data for non-ASCII characters ... OK
* checking data for ASCII and uncompressed saves ... OK
* checking line endings in C/C++/Fortran sources/headers ... OK
* checking compiled code ... NOTE
Note: information on .o files is not available
* checking files in ‘vignettes’ ... OK
* checking examples ... OK
Examples with CPU (user + system) or elapsed time > 5s
user system elapsed
calcBHI 7.226 0.119 10.097
estimClust.plot 0.110 0.072 16.137
optimalClustNum 0.113 0.033 17.171
estimClustNum 0.060 0.041 14.297
runClustWrapper 0.046 0.004 10.846
ClustComp 0.011 0.010 10.491
* checking for unstated dependencies in ‘tests’ ... OK
* checking tests ...
Running ‘testthat.R’
OK
* checking for unstated dependencies in vignettes ... OK
* checking package vignettes ... OK
* checking running R code from vignettes ... SKIPPED
* checking re-building of vignette outputs ... SKIPPED
* checking PDF version of manual ... OK
* DONE
Status: 1 WARNING, 4 NOTEs
See
‘/home/biocbuild/bbs-3.20-bioc/meat/vsclust.Rcheck/00check.log’
for details.
vsclust.Rcheck/00install.out
##############################################################################
##############################################################################
###
### Running command:
###
### /home/biocbuild/R/R/bin/R CMD INSTALL vsclust
###
##############################################################################
##############################################################################
* installing to library ‘/home/biocbuild/R/R-4.4.1/site-library’
* installing *source* package ‘vsclust’ ...
** using staged installation
** libs
using C++ compiler: ‘g++ (conda-forge gcc 14.2.0-1) 14.2.0’
g++ -std=gnu++17 -I"/home/biocbuild/R/R-4.4.1/include" -DNDEBUG -I'/home/biocbuild/R/R-4.4.1/site-library/Rcpp/include' -I/usr/local/include -fPIC -g -O2 -Wall -c RcppExports.cpp -o RcppExports.o
g++ -std=gnu++17 -I"/home/biocbuild/R/R-4.4.1/include" -DNDEBUG -I'/home/biocbuild/R/R-4.4.1/site-library/Rcpp/include' -I/usr/local/include -fPIC -g -O2 -Wall -c vsclust_algo.cpp -o vsclust_algo.o
vsclust_algo.cpp: In function 'double c_plusplus_means(const Rcpp::NumericMatrix&, Rcpp::NumericMatrix&, Rcpp::NumericVector&, Rcpp::NumericVector&, int, int, double, int, Rcpp::NumericMatrix&, double, Rcpp::IntegerVector&, double, double)':
vsclust_algo.cpp:380:7: warning: this 'if' clause does not guard... [-Wmisleading-indentation]
380 | if(verbose)
| ^~
vsclust_algo.cpp:383:9: note: ...this statement, but the latter is misleadingly indented as if it were guarded by the 'if'
383 | ermin = new_fitness;
| ^~~~~
g++ -std=gnu++17 -shared -L/home/biocbuild/R/R-4.4.1/lib -L/usr/local/lib -o vsclust.so RcppExports.o vsclust_algo.o -L/home/biocbuild/R/R-4.4.1/lib -lR
installing to /home/biocbuild/R/R-4.4.1/site-library/00LOCK-vsclust/00new/vsclust/libs
** R
** data
** inst
** byte-compile and prepare package for lazy loading
** help
*** installing help indices
** building package indices
** installing vignettes
** testing if installed package can be loaded from temporary location
** checking absolute paths in shared objects and dynamic libraries
** testing if installed package can be loaded from final location
** testing if installed package keeps a record of temporary installation path
* DONE (vsclust)
vsclust.Rcheck/tests/testthat.Rout
R version 4.4.1 (2024-06-14) -- "Race for Your Life"
Copyright (C) 2024 The R Foundation for Statistical Computing
Platform: aarch64-unknown-linux-gnu
R is free software and comes with ABSOLUTELY NO WARRANTY.
You are welcome to redistribute it under certain conditions.
Type 'license()' or 'licence()' for distribution details.
R is a collaborative project with many contributors.
Type 'contributors()' for more information and
'citation()' on how to cite R or R packages in publications.
Type 'demo()' for some demos, 'help()' for on-line help, or
'help.start()' for an HTML browser interface to help.
Type 'q()' to quit R.
> # This file is part of the standard setup for testthat.
> # It is recommended that you do not modify it.
> #
> # Where should you do additional test configuration?
> # Learn more about the roles of various files in:
> # * https://r-pkgs.org/tests.html
> # * https://testthat.r-lib.org/reference/test_package.html#special-files
>
> library(testthat)
> library(vsclust)
>
> test_check("vsclust")
Running cluster number 3
Running cluster number 4
Running cluster number 5
Running cluster number 6
Running cluster number 7
Running cluster number 8
Running cluster number 9
Running cluster number 10
[ FAIL 0 | WARN 0 | SKIP 0 | PASS 6 ]
Warning message:
In for (v in val) { : closing unused connection 5 (<-localhost:11890)
>
> proc.time()
user system elapsed
10.793 0.697 54.200
vsclust.Rcheck/vsclust-Ex.timings
| name | user | system | elapsed | |
| ClustComp | 0.011 | 0.010 | 10.491 | |
| PrepareForVSClust | 0.190 | 0.011 | 0.203 | |
| PrepareSEForVSClust | 0.960 | 0.020 | 0.964 | |
| SignAnalysis | 0.040 | 0.000 | 0.019 | |
| SignAnalysisPaired | 0.04 | 0.00 | 0.02 | |
| SwitchOrder | 0.017 | 0.000 | 0.010 | |
| averageCond | 0.000 | 0.000 | 0.001 | |
| calcBHI | 7.226 | 0.119 | 10.097 | |
| cvalidate.xiebeni | 0.008 | 0.000 | 0.008 | |
| determine_fuzz | 0.006 | 0.000 | 0.006 | |
| estimClust.plot | 0.110 | 0.072 | 16.137 | |
| estimClustNum | 0.060 | 0.041 | 14.297 | |
| mfuzz.plot | 0.063 | 0.067 | 0.130 | |
| optimalClustNum | 0.113 | 0.033 | 17.171 | |
| pcaWithVar | 0.012 | 0.000 | 0.012 | |
| runClustWrapper | 0.046 | 0.004 | 10.846 | |
| runVSClustApp | 0 | 0 | 0 | |
| vsclust_algorithm | 0.008 | 0.000 | 0.008 | |