| Back to Multiple platform build/check report for BioC 3.20: simplified long |
|
This page was generated on 2025-04-02 19:34 -0400 (Wed, 02 Apr 2025).
| Hostname | OS | Arch (*) | R version | Installed pkgs |
|---|---|---|---|---|
| nebbiolo2 | Linux (Ubuntu 24.04.1 LTS) | x86_64 | 4.4.3 (2025-02-28) -- "Trophy Case" | 4764 |
| palomino8 | Windows Server 2022 Datacenter | x64 | 4.4.3 (2025-02-28 ucrt) -- "Trophy Case" | 4495 |
| merida1 | macOS 12.7.5 Monterey | x86_64 | 4.4.3 (2025-02-28) -- "Trophy Case" | 4522 |
| kjohnson1 | macOS 13.6.6 Ventura | arm64 | 4.4.3 (2025-02-28) -- "Trophy Case" | 4449 |
| taishan | Linux (openEuler 24.03 LTS) | aarch64 | 4.4.3 (2025-02-28) -- "Trophy Case" | 4426 |
| Click on any hostname to see more info about the system (e.g. compilers) (*) as reported by 'uname -p', except on Windows and Mac OS X | ||||
| Package 1897/2289 | Hostname | OS / Arch | INSTALL | BUILD | CHECK | BUILD BIN | ||||||||
| scran 1.34.0 (landing page) Aaron Lun
| nebbiolo2 | Linux (Ubuntu 24.04.1 LTS) / x86_64 | OK | OK | WARNINGS | |||||||||
| palomino8 | Windows Server 2022 Datacenter / x64 | OK | OK | WARNINGS | OK | |||||||||
| merida1 | macOS 12.7.5 Monterey / x86_64 | OK | OK | WARNINGS | OK | |||||||||
| kjohnson1 | macOS 13.6.6 Ventura / arm64 | OK | OK | WARNINGS | OK | |||||||||
| taishan | Linux (openEuler 24.03 LTS) / aarch64 | OK | OK | WARNINGS | ||||||||||
|
To the developers/maintainers of the scran package: - Allow up to 24 hours (and sometimes 48 hours) for your latest push to git@git.bioconductor.org:packages/scran.git to reflect on this report. See Troubleshooting Build Report for more information. - Use the following Renviron settings to reproduce errors and warnings. - If 'R CMD check' started to fail recently on the Linux builder(s) over a missing dependency, add the missing dependency to 'Suggests:' in your DESCRIPTION file. See Renviron.bioc for more information. |
| Package: scran |
| Version: 1.34.0 |
| Command: /Library/Frameworks/R.framework/Resources/bin/R CMD check --install=check:scran.install-out.txt --library=/Library/Frameworks/R.framework/Resources/library --no-vignettes --timings scran_1.34.0.tar.gz |
| StartedAt: 2025-04-02 08:05:54 -0400 (Wed, 02 Apr 2025) |
| EndedAt: 2025-04-02 08:18:36 -0400 (Wed, 02 Apr 2025) |
| EllapsedTime: 761.9 seconds |
| RetCode: 0 |
| Status: WARNINGS |
| CheckDir: scran.Rcheck |
| Warnings: 1 |
##############################################################################
##############################################################################
###
### Running command:
###
### /Library/Frameworks/R.framework/Resources/bin/R CMD check --install=check:scran.install-out.txt --library=/Library/Frameworks/R.framework/Resources/library --no-vignettes --timings scran_1.34.0.tar.gz
###
##############################################################################
##############################################################################
* using log directory ‘/Users/biocbuild/bbs-3.20-bioc/meat/scran.Rcheck’
* using R version 4.4.3 (2025-02-28)
* using platform: aarch64-apple-darwin20
* R was compiled by
Apple clang version 14.0.0 (clang-1400.0.29.202)
GNU Fortran (GCC) 12.2.0
* running under: macOS Ventura 13.7.1
* using session charset: UTF-8
* using option ‘--no-vignettes’
* checking for file ‘scran/DESCRIPTION’ ... OK
* this is package ‘scran’ version ‘1.34.0’
* checking package namespace information ... OK
* checking package dependencies ... OK
* checking if this is a source package ... OK
* checking if there is a namespace ... OK
* checking for hidden files and directories ... OK
* checking for portable file names ... OK
* checking for sufficient/correct file permissions ... OK
* checking whether package ‘scran’ can be installed ... OK
* used C++ compiler: ‘Apple clang version 15.0.0 (clang-1500.0.40.1)’
* used SDK: ‘MacOSX11.3.sdk’
* checking C++ specification ... NOTE
Specified C++11: please drop specification unless essential
* checking installed package size ... OK
* checking package directory ... OK
* checking ‘build’ directory ... OK
* checking DESCRIPTION meta-information ... OK
* checking top-level files ... OK
* checking for left-over files ... OK
* checking index information ... OK
* checking package subdirectories ... OK
* checking code files for non-ASCII characters ... OK
* checking R files for syntax errors ... OK
* checking whether the package can be loaded ... OK
* checking whether the package can be loaded with stated dependencies ... OK
* checking whether the package can be unloaded cleanly ... OK
* checking whether the namespace can be loaded with stated dependencies ... OK
* checking whether the namespace can be unloaded cleanly ... OK
* checking dependencies in R code ... OK
* checking S3 generic/method consistency ... OK
* checking replacement functions ... OK
* checking foreign function calls ... OK
* checking R code for possible problems ... OK
* checking Rd files ... OK
* checking Rd metadata ... OK
* checking Rd cross-references ... OK
* checking for missing documentation entries ... OK
* checking for code/documentation mismatches ... OK
* checking Rd \usage sections ... OK
* checking Rd contents ... OK
* checking for unstated dependencies in examples ... OK
* checking line endings in C/C++/Fortran sources/headers ... OK
* checking line endings in Makefiles ... OK
* checking compilation flags in Makevars ... OK
* checking for GNU extensions in Makefiles ... OK
* checking for portable use of $(BLAS_LIBS) and $(LAPACK_LIBS) ... OK
* checking use of PKG_*FLAGS in Makefiles ... OK
* checking compiled code ... NOTE
Note: information on .o files is not available
* checking files in ‘vignettes’ ... OK
* checking examples ... WARNING
Found the following significant warnings:
Warning in combinePValues(p1, p2, p3) : 'combinePValues' is deprecated.
Deprecated functions may be defunct as soon as of the next release of
R.
See ?Deprecated.
Examples with CPU (user + system) or elapsed time > 5s
user system elapsed
cyclone 9.820 1.414 11.257
buildSNNGraph 7.879 0.097 8.047
* checking for unstated dependencies in ‘tests’ ... OK
* checking tests ...
Running ‘testthat.R’
OK
* checking for unstated dependencies in vignettes ... OK
* checking package vignettes ... OK
* checking running R code from vignettes ... SKIPPED
* checking re-building of vignette outputs ... SKIPPED
* checking PDF version of manual ... OK
* DONE
Status: 1 WARNING, 2 NOTEs
See
‘/Users/biocbuild/bbs-3.20-bioc/meat/scran.Rcheck/00check.log’
for details.
scran.Rcheck/00install.out
##############################################################################
##############################################################################
###
### Running command:
###
### /Library/Frameworks/R.framework/Resources/bin/R CMD INSTALL scran
###
##############################################################################
##############################################################################
* installing to library ‘/Library/Frameworks/R.framework/Versions/4.4-arm64/Resources/library’
* installing *source* package ‘scran’ ...
** using staged installation
** libs
using C++ compiler: ‘Apple clang version 15.0.0 (clang-1500.0.40.1)’
using C++11
using SDK: ‘MacOSX11.3.sdk’
clang++ -arch arm64 -std=gnu++11 -I"/Library/Frameworks/R.framework/Resources/include" -DNDEBUG -I'/Library/Frameworks/R.framework/Versions/4.4-arm64/Resources/library/Rcpp/include' -I'/Library/Frameworks/R.framework/Versions/4.4-arm64/Resources/library/beachmat/include' -I'/Library/Frameworks/R.framework/Versions/4.4-arm64/Resources/library/BH/include' -I'/Library/Frameworks/R.framework/Versions/4.4-arm64/Resources/library/dqrng/include' -I'/Library/Frameworks/R.framework/Versions/4.4-arm64/Resources/library/scuttle/include' -I/opt/R/arm64/include -fPIC -falign-functions=64 -Wall -g -O2 -c RcppExports.cpp -o RcppExports.o
clang++ -arch arm64 -std=gnu++11 -I"/Library/Frameworks/R.framework/Resources/include" -DNDEBUG -I'/Library/Frameworks/R.framework/Versions/4.4-arm64/Resources/library/Rcpp/include' -I'/Library/Frameworks/R.framework/Versions/4.4-arm64/Resources/library/beachmat/include' -I'/Library/Frameworks/R.framework/Versions/4.4-arm64/Resources/library/BH/include' -I'/Library/Frameworks/R.framework/Versions/4.4-arm64/Resources/library/dqrng/include' -I'/Library/Frameworks/R.framework/Versions/4.4-arm64/Resources/library/scuttle/include' -I/opt/R/arm64/include -fPIC -falign-functions=64 -Wall -g -O2 -c choose_effect_size.cpp -o choose_effect_size.o
clang++ -arch arm64 -std=gnu++11 -I"/Library/Frameworks/R.framework/Resources/include" -DNDEBUG -I'/Library/Frameworks/R.framework/Versions/4.4-arm64/Resources/library/Rcpp/include' -I'/Library/Frameworks/R.framework/Versions/4.4-arm64/Resources/library/beachmat/include' -I'/Library/Frameworks/R.framework/Versions/4.4-arm64/Resources/library/BH/include' -I'/Library/Frameworks/R.framework/Versions/4.4-arm64/Resources/library/dqrng/include' -I'/Library/Frameworks/R.framework/Versions/4.4-arm64/Resources/library/scuttle/include' -I/opt/R/arm64/include -fPIC -falign-functions=64 -Wall -g -O2 -c combine_rho.cpp -o combine_rho.o
clang++ -arch arm64 -std=gnu++11 -I"/Library/Frameworks/R.framework/Resources/include" -DNDEBUG -I'/Library/Frameworks/R.framework/Versions/4.4-arm64/Resources/library/Rcpp/include' -I'/Library/Frameworks/R.framework/Versions/4.4-arm64/Resources/library/beachmat/include' -I'/Library/Frameworks/R.framework/Versions/4.4-arm64/Resources/library/BH/include' -I'/Library/Frameworks/R.framework/Versions/4.4-arm64/Resources/library/dqrng/include' -I'/Library/Frameworks/R.framework/Versions/4.4-arm64/Resources/library/scuttle/include' -I/opt/R/arm64/include -fPIC -falign-functions=64 -Wall -g -O2 -c compute_blocked_stats.cpp -o compute_blocked_stats.o
In file included from compute_blocked_stats.cpp:2:
In file included from /Library/Frameworks/R.framework/Versions/4.4-arm64/Resources/library/beachmat/include/beachmat3/beachmat.h:24:
In file included from /Library/Frameworks/R.framework/Versions/4.4-arm64/Resources/library/beachmat/include/beachmat3/read_lin_block.h:11:
/Library/Frameworks/R.framework/Versions/4.4-arm64/Resources/library/beachmat/include/beachmat3/lin_matrix.h:218:43: warning: 'beachmat::lin_sparse_matrix::get_row' hides overloaded virtual functions [-Woverloaded-virtual]
virtual sparse_index<const int*, int> get_row(size_t r, int* work_x, int* work_i, size_t first, size_t last) = 0;
^
/Library/Frameworks/R.framework/Versions/4.4-arm64/Resources/library/beachmat/include/beachmat3/lin_matrix.h:66:24: note: hidden overloaded virtual function 'beachmat::lin_matrix::get_row' declared here: different number of parameters (4 vs 5)
virtual const int* get_row(size_t r, int* work, size_t first, size_t last) = 0;
^
/Library/Frameworks/R.framework/Versions/4.4-arm64/Resources/library/beachmat/include/beachmat3/lin_matrix.h:95:27: note: hidden overloaded virtual function 'beachmat::lin_matrix::get_row' declared here: different number of parameters (4 vs 5)
virtual const double* get_row(size_t r, double* work, size_t first, size_t last) = 0;
^
/Library/Frameworks/R.framework/Versions/4.4-arm64/Resources/library/beachmat/include/beachmat3/lin_matrix.h:236:43: warning: 'beachmat::lin_sparse_matrix::get_col' hides overloaded virtual functions [-Woverloaded-virtual]
virtual sparse_index<const int*, int> get_col(size_t c, int* work_x, int* work_i, size_t first, size_t last) = 0;
^
/Library/Frameworks/R.framework/Versions/4.4-arm64/Resources/library/beachmat/include/beachmat3/lin_matrix.h:52:24: note: hidden overloaded virtual function 'beachmat::lin_matrix::get_col' declared here: different number of parameters (4 vs 5)
virtual const int* get_col(size_t c, int* work, size_t first, size_t last) = 0;
^
/Library/Frameworks/R.framework/Versions/4.4-arm64/Resources/library/beachmat/include/beachmat3/lin_matrix.h:81:27: note: hidden overloaded virtual function 'beachmat::lin_matrix::get_col' declared here: different number of parameters (4 vs 5)
virtual const double* get_col(size_t c, double* work, size_t first, size_t last) = 0;
^
/Library/Frameworks/R.framework/Versions/4.4-arm64/Resources/library/beachmat/include/beachmat3/lin_matrix.h:254:46: warning: 'beachmat::lin_sparse_matrix::get_row' hides overloaded virtual functions [-Woverloaded-virtual]
virtual sparse_index<const double*, int> get_row(size_t r, double* work_x, int* work_i, size_t first, size_t last) = 0;
^
/Library/Frameworks/R.framework/Versions/4.4-arm64/Resources/library/beachmat/include/beachmat3/lin_matrix.h:66:24: note: hidden overloaded virtual function 'beachmat::lin_matrix::get_row' declared here: different number of parameters (4 vs 5)
virtual const int* get_row(size_t r, int* work, size_t first, size_t last) = 0;
^
/Library/Frameworks/R.framework/Versions/4.4-arm64/Resources/library/beachmat/include/beachmat3/lin_matrix.h:95:27: note: hidden overloaded virtual function 'beachmat::lin_matrix::get_row' declared here: different number of parameters (4 vs 5)
virtual const double* get_row(size_t r, double* work, size_t first, size_t last) = 0;
^
/Library/Frameworks/R.framework/Versions/4.4-arm64/Resources/library/beachmat/include/beachmat3/lin_matrix.h:272:46: warning: 'beachmat::lin_sparse_matrix::get_col' hides overloaded virtual functions [-Woverloaded-virtual]
virtual sparse_index<const double*, int> get_col(size_t c, double* work_x, int* work_i, size_t first, size_t last) = 0;
^
/Library/Frameworks/R.framework/Versions/4.4-arm64/Resources/library/beachmat/include/beachmat3/lin_matrix.h:52:24: note: hidden overloaded virtual function 'beachmat::lin_matrix::get_col' declared here: different number of parameters (4 vs 5)
virtual const int* get_col(size_t c, int* work, size_t first, size_t last) = 0;
^
/Library/Frameworks/R.framework/Versions/4.4-arm64/Resources/library/beachmat/include/beachmat3/lin_matrix.h:81:27: note: hidden overloaded virtual function 'beachmat::lin_matrix::get_col' declared here: different number of parameters (4 vs 5)
virtual const double* get_col(size_t c, double* work, size_t first, size_t last) = 0;
^
/Library/Frameworks/R.framework/Versions/4.4-arm64/Resources/library/beachmat/include/beachmat3/lin_matrix.h:287:35: warning: 'beachmat::lin_sparse_matrix::get_col' hides overloaded virtual functions [-Woverloaded-virtual]
sparse_index<const int*, int> get_col(size_t c, int* work_x, int* work_i) {
^
/Library/Frameworks/R.framework/Versions/4.4-arm64/Resources/library/beachmat/include/beachmat3/lin_matrix.h:52:24: note: hidden overloaded virtual function 'beachmat::lin_matrix::get_col' declared here: different number of parameters (4 vs 3)
virtual const int* get_col(size_t c, int* work, size_t first, size_t last) = 0;
^
/Library/Frameworks/R.framework/Versions/4.4-arm64/Resources/library/beachmat/include/beachmat3/lin_matrix.h:81:27: note: hidden overloaded virtual function 'beachmat::lin_matrix::get_col' declared here: different number of parameters (4 vs 3)
virtual const double* get_col(size_t c, double* work, size_t first, size_t last) = 0;
^
/Library/Frameworks/R.framework/Versions/4.4-arm64/Resources/library/beachmat/include/beachmat3/lin_matrix.h:304:35: warning: 'beachmat::lin_sparse_matrix::get_row' hides overloaded virtual functions [-Woverloaded-virtual]
sparse_index<const int*, int> get_row(size_t r, int* work_x, int* work_i) {
^
/Library/Frameworks/R.framework/Versions/4.4-arm64/Resources/library/beachmat/include/beachmat3/lin_matrix.h:66:24: note: hidden overloaded virtual function 'beachmat::lin_matrix::get_row' declared here: different number of parameters (4 vs 3)
virtual const int* get_row(size_t r, int* work, size_t first, size_t last) = 0;
^
/Library/Frameworks/R.framework/Versions/4.4-arm64/Resources/library/beachmat/include/beachmat3/lin_matrix.h:95:27: note: hidden overloaded virtual function 'beachmat::lin_matrix::get_row' declared here: different number of parameters (4 vs 3)
virtual const double* get_row(size_t r, double* work, size_t first, size_t last) = 0;
^
/Library/Frameworks/R.framework/Versions/4.4-arm64/Resources/library/beachmat/include/beachmat3/lin_matrix.h:321:38: warning: 'beachmat::lin_sparse_matrix::get_col' hides overloaded virtual functions [-Woverloaded-virtual]
sparse_index<const double*, int> get_col(size_t c, double* work_x, int* work_i) {
^
/Library/Frameworks/R.framework/Versions/4.4-arm64/Resources/library/beachmat/include/beachmat3/lin_matrix.h:52:24: note: hidden overloaded virtual function 'beachmat::lin_matrix::get_col' declared here: different number of parameters (4 vs 3)
virtual const int* get_col(size_t c, int* work, size_t first, size_t last) = 0;
^
/Library/Frameworks/R.framework/Versions/4.4-arm64/Resources/library/beachmat/include/beachmat3/lin_matrix.h:81:27: note: hidden overloaded virtual function 'beachmat::lin_matrix::get_col' declared here: different number of parameters (4 vs 3)
virtual const double* get_col(size_t c, double* work, size_t first, size_t last) = 0;
^
/Library/Frameworks/R.framework/Versions/4.4-arm64/Resources/library/beachmat/include/beachmat3/lin_matrix.h:338:38: warning: 'beachmat::lin_sparse_matrix::get_row' hides overloaded virtual functions [-Woverloaded-virtual]
sparse_index<const double*, int> get_row(size_t r, double* work_x, int* work_i) {
^
/Library/Frameworks/R.framework/Versions/4.4-arm64/Resources/library/beachmat/include/beachmat3/lin_matrix.h:66:24: note: hidden overloaded virtual function 'beachmat::lin_matrix::get_row' declared here: different number of parameters (4 vs 3)
virtual const int* get_row(size_t r, int* work, size_t first, size_t last) = 0;
^
/Library/Frameworks/R.framework/Versions/4.4-arm64/Resources/library/beachmat/include/beachmat3/lin_matrix.h:95:27: note: hidden overloaded virtual function 'beachmat::lin_matrix::get_row' declared here: different number of parameters (4 vs 3)
virtual const double* get_row(size_t r, double* work, size_t first, size_t last) = 0;
^
8 warnings generated.
clang++ -arch arm64 -std=gnu++11 -I"/Library/Frameworks/R.framework/Resources/include" -DNDEBUG -I'/Library/Frameworks/R.framework/Versions/4.4-arm64/Resources/library/Rcpp/include' -I'/Library/Frameworks/R.framework/Versions/4.4-arm64/Resources/library/beachmat/include' -I'/Library/Frameworks/R.framework/Versions/4.4-arm64/Resources/library/BH/include' -I'/Library/Frameworks/R.framework/Versions/4.4-arm64/Resources/library/dqrng/include' -I'/Library/Frameworks/R.framework/Versions/4.4-arm64/Resources/library/scuttle/include' -I/opt/R/arm64/include -fPIC -falign-functions=64 -Wall -g -O2 -c compute_residual_stats.cpp -o compute_residual_stats.o
In file included from compute_residual_stats.cpp:2:
In file included from /Library/Frameworks/R.framework/Versions/4.4-arm64/Resources/library/beachmat/include/beachmat3/beachmat.h:24:
In file included from /Library/Frameworks/R.framework/Versions/4.4-arm64/Resources/library/beachmat/include/beachmat3/read_lin_block.h:11:
/Library/Frameworks/R.framework/Versions/4.4-arm64/Resources/library/beachmat/include/beachmat3/lin_matrix.h:218:43: warning: 'beachmat::lin_sparse_matrix::get_row' hides overloaded virtual functions [-Woverloaded-virtual]
virtual sparse_index<const int*, int> get_row(size_t r, int* work_x, int* work_i, size_t first, size_t last) = 0;
^
/Library/Frameworks/R.framework/Versions/4.4-arm64/Resources/library/beachmat/include/beachmat3/lin_matrix.h:66:24: note: hidden overloaded virtual function 'beachmat::lin_matrix::get_row' declared here: different number of parameters (4 vs 5)
virtual const int* get_row(size_t r, int* work, size_t first, size_t last) = 0;
^
/Library/Frameworks/R.framework/Versions/4.4-arm64/Resources/library/beachmat/include/beachmat3/lin_matrix.h:95:27: note: hidden overloaded virtual function 'beachmat::lin_matrix::get_row' declared here: different number of parameters (4 vs 5)
virtual const double* get_row(size_t r, double* work, size_t first, size_t last) = 0;
^
/Library/Frameworks/R.framework/Versions/4.4-arm64/Resources/library/beachmat/include/beachmat3/lin_matrix.h:236:43: warning: 'beachmat::lin_sparse_matrix::get_col' hides overloaded virtual functions [-Woverloaded-virtual]
virtual sparse_index<const int*, int> get_col(size_t c, int* work_x, int* work_i, size_t first, size_t last) = 0;
^
/Library/Frameworks/R.framework/Versions/4.4-arm64/Resources/library/beachmat/include/beachmat3/lin_matrix.h:52:24: note: hidden overloaded virtual function 'beachmat::lin_matrix::get_col' declared here: different number of parameters (4 vs 5)
virtual const int* get_col(size_t c, int* work, size_t first, size_t last) = 0;
^
/Library/Frameworks/R.framework/Versions/4.4-arm64/Resources/library/beachmat/include/beachmat3/lin_matrix.h:81:27: note: hidden overloaded virtual function 'beachmat::lin_matrix::get_col' declared here: different number of parameters (4 vs 5)
virtual const double* get_col(size_t c, double* work, size_t first, size_t last) = 0;
^
/Library/Frameworks/R.framework/Versions/4.4-arm64/Resources/library/beachmat/include/beachmat3/lin_matrix.h:254:46: warning: 'beachmat::lin_sparse_matrix::get_row' hides overloaded virtual functions [-Woverloaded-virtual]
virtual sparse_index<const double*, int> get_row(size_t r, double* work_x, int* work_i, size_t first, size_t last) = 0;
^
/Library/Frameworks/R.framework/Versions/4.4-arm64/Resources/library/beachmat/include/beachmat3/lin_matrix.h:66:24: note: hidden overloaded virtual function 'beachmat::lin_matrix::get_row' declared here: different number of parameters (4 vs 5)
virtual const int* get_row(size_t r, int* work, size_t first, size_t last) = 0;
^
/Library/Frameworks/R.framework/Versions/4.4-arm64/Resources/library/beachmat/include/beachmat3/lin_matrix.h:95:27: note: hidden overloaded virtual function 'beachmat::lin_matrix::get_row' declared here: different number of parameters (4 vs 5)
virtual const double* get_row(size_t r, double* work, size_t first, size_t last) = 0;
^
/Library/Frameworks/R.framework/Versions/4.4-arm64/Resources/library/beachmat/include/beachmat3/lin_matrix.h:272:46: warning: 'beachmat::lin_sparse_matrix::get_col' hides overloaded virtual functions [-Woverloaded-virtual]
virtual sparse_index<const double*, int> get_col(size_t c, double* work_x, int* work_i, size_t first, size_t last) = 0;
^
/Library/Frameworks/R.framework/Versions/4.4-arm64/Resources/library/beachmat/include/beachmat3/lin_matrix.h:52:24: note: hidden overloaded virtual function 'beachmat::lin_matrix::get_col' declared here: different number of parameters (4 vs 5)
virtual const int* get_col(size_t c, int* work, size_t first, size_t last) = 0;
^
/Library/Frameworks/R.framework/Versions/4.4-arm64/Resources/library/beachmat/include/beachmat3/lin_matrix.h:81:27: note: hidden overloaded virtual function 'beachmat::lin_matrix::get_col' declared here: different number of parameters (4 vs 5)
virtual const double* get_col(size_t c, double* work, size_t first, size_t last) = 0;
^
/Library/Frameworks/R.framework/Versions/4.4-arm64/Resources/library/beachmat/include/beachmat3/lin_matrix.h:287:35: warning: 'beachmat::lin_sparse_matrix::get_col' hides overloaded virtual functions [-Woverloaded-virtual]
sparse_index<const int*, int> get_col(size_t c, int* work_x, int* work_i) {
^
/Library/Frameworks/R.framework/Versions/4.4-arm64/Resources/library/beachmat/include/beachmat3/lin_matrix.h:52:24: note: hidden overloaded virtual function 'beachmat::lin_matrix::get_col' declared here: different number of parameters (4 vs 3)
virtual const int* get_col(size_t c, int* work, size_t first, size_t last) = 0;
^
/Library/Frameworks/R.framework/Versions/4.4-arm64/Resources/library/beachmat/include/beachmat3/lin_matrix.h:81:27: note: hidden overloaded virtual function 'beachmat::lin_matrix::get_col' declared here: different number of parameters (4 vs 3)
virtual const double* get_col(size_t c, double* work, size_t first, size_t last) = 0;
^
/Library/Frameworks/R.framework/Versions/4.4-arm64/Resources/library/beachmat/include/beachmat3/lin_matrix.h:304:35: warning: 'beachmat::lin_sparse_matrix::get_row' hides overloaded virtual functions [-Woverloaded-virtual]
sparse_index<const int*, int> get_row(size_t r, int* work_x, int* work_i) {
^
/Library/Frameworks/R.framework/Versions/4.4-arm64/Resources/library/beachmat/include/beachmat3/lin_matrix.h:66:24: note: hidden overloaded virtual function 'beachmat::lin_matrix::get_row' declared here: different number of parameters (4 vs 3)
virtual const int* get_row(size_t r, int* work, size_t first, size_t last) = 0;
^
/Library/Frameworks/R.framework/Versions/4.4-arm64/Resources/library/beachmat/include/beachmat3/lin_matrix.h:95:27: note: hidden overloaded virtual function 'beachmat::lin_matrix::get_row' declared here: different number of parameters (4 vs 3)
virtual const double* get_row(size_t r, double* work, size_t first, size_t last) = 0;
^
/Library/Frameworks/R.framework/Versions/4.4-arm64/Resources/library/beachmat/include/beachmat3/lin_matrix.h:321:38: warning: 'beachmat::lin_sparse_matrix::get_col' hides overloaded virtual functions [-Woverloaded-virtual]
sparse_index<const double*, int> get_col(size_t c, double* work_x, int* work_i) {
^
/Library/Frameworks/R.framework/Versions/4.4-arm64/Resources/library/beachmat/include/beachmat3/lin_matrix.h:52:24: note: hidden overloaded virtual function 'beachmat::lin_matrix::get_col' declared here: different number of parameters (4 vs 3)
virtual const int* get_col(size_t c, int* work, size_t first, size_t last) = 0;
^
/Library/Frameworks/R.framework/Versions/4.4-arm64/Resources/library/beachmat/include/beachmat3/lin_matrix.h:81:27: note: hidden overloaded virtual function 'beachmat::lin_matrix::get_col' declared here: different number of parameters (4 vs 3)
virtual const double* get_col(size_t c, double* work, size_t first, size_t last) = 0;
^
/Library/Frameworks/R.framework/Versions/4.4-arm64/Resources/library/beachmat/include/beachmat3/lin_matrix.h:338:38: warning: 'beachmat::lin_sparse_matrix::get_row' hides overloaded virtual functions [-Woverloaded-virtual]
sparse_index<const double*, int> get_row(size_t r, double* work_x, int* work_i) {
^
/Library/Frameworks/R.framework/Versions/4.4-arm64/Resources/library/beachmat/include/beachmat3/lin_matrix.h:66:24: note: hidden overloaded virtual function 'beachmat::lin_matrix::get_row' declared here: different number of parameters (4 vs 3)
virtual const int* get_row(size_t r, int* work, size_t first, size_t last) = 0;
^
/Library/Frameworks/R.framework/Versions/4.4-arm64/Resources/library/beachmat/include/beachmat3/lin_matrix.h:95:27: note: hidden overloaded virtual function 'beachmat::lin_matrix::get_row' declared here: different number of parameters (4 vs 3)
virtual const double* get_row(size_t r, double* work, size_t first, size_t last) = 0;
^
8 warnings generated.
clang++ -arch arm64 -std=gnu++11 -I"/Library/Frameworks/R.framework/Resources/include" -DNDEBUG -I'/Library/Frameworks/R.framework/Versions/4.4-arm64/Resources/library/Rcpp/include' -I'/Library/Frameworks/R.framework/Versions/4.4-arm64/Resources/library/beachmat/include' -I'/Library/Frameworks/R.framework/Versions/4.4-arm64/Resources/library/BH/include' -I'/Library/Frameworks/R.framework/Versions/4.4-arm64/Resources/library/dqrng/include' -I'/Library/Frameworks/R.framework/Versions/4.4-arm64/Resources/library/scuttle/include' -I/opt/R/arm64/include -fPIC -falign-functions=64 -Wall -g -O2 -c compute_rho_null.cpp -o compute_rho_null.o
clang++ -arch arm64 -std=gnu++11 -I"/Library/Frameworks/R.framework/Resources/include" -DNDEBUG -I'/Library/Frameworks/R.framework/Versions/4.4-arm64/Resources/library/Rcpp/include' -I'/Library/Frameworks/R.framework/Versions/4.4-arm64/Resources/library/beachmat/include' -I'/Library/Frameworks/R.framework/Versions/4.4-arm64/Resources/library/BH/include' -I'/Library/Frameworks/R.framework/Versions/4.4-arm64/Resources/library/dqrng/include' -I'/Library/Frameworks/R.framework/Versions/4.4-arm64/Resources/library/scuttle/include' -I/opt/R/arm64/include -fPIC -falign-functions=64 -Wall -g -O2 -c cyclone_scores.cpp -o cyclone_scores.o
In file included from cyclone_scores.cpp:3:
In file included from /Library/Frameworks/R.framework/Versions/4.4-arm64/Resources/library/beachmat/include/beachmat3/beachmat.h:24:
In file included from /Library/Frameworks/R.framework/Versions/4.4-arm64/Resources/library/beachmat/include/beachmat3/read_lin_block.h:11:
/Library/Frameworks/R.framework/Versions/4.4-arm64/Resources/library/beachmat/include/beachmat3/lin_matrix.h:218:43: warning: 'beachmat::lin_sparse_matrix::get_row' hides overloaded virtual functions [-Woverloaded-virtual]
virtual sparse_index<const int*, int> get_row(size_t r, int* work_x, int* work_i, size_t first, size_t last) = 0;
^
/Library/Frameworks/R.framework/Versions/4.4-arm64/Resources/library/beachmat/include/beachmat3/lin_matrix.h:66:24: note: hidden overloaded virtual function 'beachmat::lin_matrix::get_row' declared here: different number of parameters (4 vs 5)
virtual const int* get_row(size_t r, int* work, size_t first, size_t last) = 0;
^
/Library/Frameworks/R.framework/Versions/4.4-arm64/Resources/library/beachmat/include/beachmat3/lin_matrix.h:95:27: note: hidden overloaded virtual function 'beachmat::lin_matrix::get_row' declared here: different number of parameters (4 vs 5)
virtual const double* get_row(size_t r, double* work, size_t first, size_t last) = 0;
^
/Library/Frameworks/R.framework/Versions/4.4-arm64/Resources/library/beachmat/include/beachmat3/lin_matrix.h:236:43: warning: 'beachmat::lin_sparse_matrix::get_col' hides overloaded virtual functions [-Woverloaded-virtual]
virtual sparse_index<const int*, int> get_col(size_t c, int* work_x, int* work_i, size_t first, size_t last) = 0;
^
/Library/Frameworks/R.framework/Versions/4.4-arm64/Resources/library/beachmat/include/beachmat3/lin_matrix.h:52:24: note: hidden overloaded virtual function 'beachmat::lin_matrix::get_col' declared here: different number of parameters (4 vs 5)
virtual const int* get_col(size_t c, int* work, size_t first, size_t last) = 0;
^
/Library/Frameworks/R.framework/Versions/4.4-arm64/Resources/library/beachmat/include/beachmat3/lin_matrix.h:81:27: note: hidden overloaded virtual function 'beachmat::lin_matrix::get_col' declared here: different number of parameters (4 vs 5)
virtual const double* get_col(size_t c, double* work, size_t first, size_t last) = 0;
^
/Library/Frameworks/R.framework/Versions/4.4-arm64/Resources/library/beachmat/include/beachmat3/lin_matrix.h:254:46: warning: 'beachmat::lin_sparse_matrix::get_row' hides overloaded virtual functions [-Woverloaded-virtual]
virtual sparse_index<const double*, int> get_row(size_t r, double* work_x, int* work_i, size_t first, size_t last) = 0;
^
/Library/Frameworks/R.framework/Versions/4.4-arm64/Resources/library/beachmat/include/beachmat3/lin_matrix.h:66:24: note: hidden overloaded virtual function 'beachmat::lin_matrix::get_row' declared here: different number of parameters (4 vs 5)
virtual const int* get_row(size_t r, int* work, size_t first, size_t last) = 0;
^
/Library/Frameworks/R.framework/Versions/4.4-arm64/Resources/library/beachmat/include/beachmat3/lin_matrix.h:95:27: note: hidden overloaded virtual function 'beachmat::lin_matrix::get_row' declared here: different number of parameters (4 vs 5)
virtual const double* get_row(size_t r, double* work, size_t first, size_t last) = 0;
^
/Library/Frameworks/R.framework/Versions/4.4-arm64/Resources/library/beachmat/include/beachmat3/lin_matrix.h:272:46: warning: 'beachmat::lin_sparse_matrix::get_col' hides overloaded virtual functions [-Woverloaded-virtual]
virtual sparse_index<const double*, int> get_col(size_t c, double* work_x, int* work_i, size_t first, size_t last) = 0;
^
/Library/Frameworks/R.framework/Versions/4.4-arm64/Resources/library/beachmat/include/beachmat3/lin_matrix.h:52:24: note: hidden overloaded virtual function 'beachmat::lin_matrix::get_col' declared here: different number of parameters (4 vs 5)
virtual const int* get_col(size_t c, int* work, size_t first, size_t last) = 0;
^
/Library/Frameworks/R.framework/Versions/4.4-arm64/Resources/library/beachmat/include/beachmat3/lin_matrix.h:81:27: note: hidden overloaded virtual function 'beachmat::lin_matrix::get_col' declared here: different number of parameters (4 vs 5)
virtual const double* get_col(size_t c, double* work, size_t first, size_t last) = 0;
^
/Library/Frameworks/R.framework/Versions/4.4-arm64/Resources/library/beachmat/include/beachmat3/lin_matrix.h:287:35: warning: 'beachmat::lin_sparse_matrix::get_col' hides overloaded virtual functions [-Woverloaded-virtual]
sparse_index<const int*, int> get_col(size_t c, int* work_x, int* work_i) {
^
/Library/Frameworks/R.framework/Versions/4.4-arm64/Resources/library/beachmat/include/beachmat3/lin_matrix.h:52:24: note: hidden overloaded virtual function 'beachmat::lin_matrix::get_col' declared here: different number of parameters (4 vs 3)
virtual const int* get_col(size_t c, int* work, size_t first, size_t last) = 0;
^
/Library/Frameworks/R.framework/Versions/4.4-arm64/Resources/library/beachmat/include/beachmat3/lin_matrix.h:81:27: note: hidden overloaded virtual function 'beachmat::lin_matrix::get_col' declared here: different number of parameters (4 vs 3)
virtual const double* get_col(size_t c, double* work, size_t first, size_t last) = 0;
^
/Library/Frameworks/R.framework/Versions/4.4-arm64/Resources/library/beachmat/include/beachmat3/lin_matrix.h:304:35: warning: 'beachmat::lin_sparse_matrix::get_row' hides overloaded virtual functions [-Woverloaded-virtual]
sparse_index<const int*, int> get_row(size_t r, int* work_x, int* work_i) {
^
/Library/Frameworks/R.framework/Versions/4.4-arm64/Resources/library/beachmat/include/beachmat3/lin_matrix.h:66:24: note: hidden overloaded virtual function 'beachmat::lin_matrix::get_row' declared here: different number of parameters (4 vs 3)
virtual const int* get_row(size_t r, int* work, size_t first, size_t last) = 0;
^
/Library/Frameworks/R.framework/Versions/4.4-arm64/Resources/library/beachmat/include/beachmat3/lin_matrix.h:95:27: note: hidden overloaded virtual function 'beachmat::lin_matrix::get_row' declared here: different number of parameters (4 vs 3)
virtual const double* get_row(size_t r, double* work, size_t first, size_t last) = 0;
^
/Library/Frameworks/R.framework/Versions/4.4-arm64/Resources/library/beachmat/include/beachmat3/lin_matrix.h:321:38: warning: 'beachmat::lin_sparse_matrix::get_col' hides overloaded virtual functions [-Woverloaded-virtual]
sparse_index<const double*, int> get_col(size_t c, double* work_x, int* work_i) {
^
/Library/Frameworks/R.framework/Versions/4.4-arm64/Resources/library/beachmat/include/beachmat3/lin_matrix.h:52:24: note: hidden overloaded virtual function 'beachmat::lin_matrix::get_col' declared here: different number of parameters (4 vs 3)
virtual const int* get_col(size_t c, int* work, size_t first, size_t last) = 0;
^
/Library/Frameworks/R.framework/Versions/4.4-arm64/Resources/library/beachmat/include/beachmat3/lin_matrix.h:81:27: note: hidden overloaded virtual function 'beachmat::lin_matrix::get_col' declared here: different number of parameters (4 vs 3)
virtual const double* get_col(size_t c, double* work, size_t first, size_t last) = 0;
^
/Library/Frameworks/R.framework/Versions/4.4-arm64/Resources/library/beachmat/include/beachmat3/lin_matrix.h:338:38: warning: 'beachmat::lin_sparse_matrix::get_row' hides overloaded virtual functions [-Woverloaded-virtual]
sparse_index<const double*, int> get_row(size_t r, double* work_x, int* work_i) {
^
/Library/Frameworks/R.framework/Versions/4.4-arm64/Resources/library/beachmat/include/beachmat3/lin_matrix.h:66:24: note: hidden overloaded virtual function 'beachmat::lin_matrix::get_row' declared here: different number of parameters (4 vs 3)
virtual const int* get_row(size_t r, int* work, size_t first, size_t last) = 0;
^
/Library/Frameworks/R.framework/Versions/4.4-arm64/Resources/library/beachmat/include/beachmat3/lin_matrix.h:95:27: note: hidden overloaded virtual function 'beachmat::lin_matrix::get_row' declared here: different number of parameters (4 vs 3)
virtual const double* get_row(size_t r, double* work, size_t first, size_t last) = 0;
^
8 warnings generated.
clang++ -arch arm64 -std=gnu++11 -I"/Library/Frameworks/R.framework/Resources/include" -DNDEBUG -I'/Library/Frameworks/R.framework/Versions/4.4-arm64/Resources/library/Rcpp/include' -I'/Library/Frameworks/R.framework/Versions/4.4-arm64/Resources/library/beachmat/include' -I'/Library/Frameworks/R.framework/Versions/4.4-arm64/Resources/library/BH/include' -I'/Library/Frameworks/R.framework/Versions/4.4-arm64/Resources/library/dqrng/include' -I'/Library/Frameworks/R.framework/Versions/4.4-arm64/Resources/library/scuttle/include' -I/opt/R/arm64/include -fPIC -falign-functions=64 -Wall -g -O2 -c overlap_exprs.cpp -o overlap_exprs.o
In file included from overlap_exprs.cpp:3:
In file included from /Library/Frameworks/R.framework/Versions/4.4-arm64/Resources/library/beachmat/include/beachmat3/beachmat.h:24:
In file included from /Library/Frameworks/R.framework/Versions/4.4-arm64/Resources/library/beachmat/include/beachmat3/read_lin_block.h:11:
/Library/Frameworks/R.framework/Versions/4.4-arm64/Resources/library/beachmat/include/beachmat3/lin_matrix.h:218:43: warning: 'beachmat::lin_sparse_matrix::get_row' hides overloaded virtual functions [-Woverloaded-virtual]
virtual sparse_index<const int*, int> get_row(size_t r, int* work_x, int* work_i, size_t first, size_t last) = 0;
^
/Library/Frameworks/R.framework/Versions/4.4-arm64/Resources/library/beachmat/include/beachmat3/lin_matrix.h:66:24: note: hidden overloaded virtual function 'beachmat::lin_matrix::get_row' declared here: different number of parameters (4 vs 5)
virtual const int* get_row(size_t r, int* work, size_t first, size_t last) = 0;
^
/Library/Frameworks/R.framework/Versions/4.4-arm64/Resources/library/beachmat/include/beachmat3/lin_matrix.h:95:27: note: hidden overloaded virtual function 'beachmat::lin_matrix::get_row' declared here: different number of parameters (4 vs 5)
virtual const double* get_row(size_t r, double* work, size_t first, size_t last) = 0;
^
/Library/Frameworks/R.framework/Versions/4.4-arm64/Resources/library/beachmat/include/beachmat3/lin_matrix.h:236:43: warning: 'beachmat::lin_sparse_matrix::get_col' hides overloaded virtual functions [-Woverloaded-virtual]
virtual sparse_index<const int*, int> get_col(size_t c, int* work_x, int* work_i, size_t first, size_t last) = 0;
^
/Library/Frameworks/R.framework/Versions/4.4-arm64/Resources/library/beachmat/include/beachmat3/lin_matrix.h:52:24: note: hidden overloaded virtual function 'beachmat::lin_matrix::get_col' declared here: different number of parameters (4 vs 5)
virtual const int* get_col(size_t c, int* work, size_t first, size_t last) = 0;
^
/Library/Frameworks/R.framework/Versions/4.4-arm64/Resources/library/beachmat/include/beachmat3/lin_matrix.h:81:27: note: hidden overloaded virtual function 'beachmat::lin_matrix::get_col' declared here: different number of parameters (4 vs 5)
virtual const double* get_col(size_t c, double* work, size_t first, size_t last) = 0;
^
/Library/Frameworks/R.framework/Versions/4.4-arm64/Resources/library/beachmat/include/beachmat3/lin_matrix.h:254:46: warning: 'beachmat::lin_sparse_matrix::get_row' hides overloaded virtual functions [-Woverloaded-virtual]
virtual sparse_index<const double*, int> get_row(size_t r, double* work_x, int* work_i, size_t first, size_t last) = 0;
^
/Library/Frameworks/R.framework/Versions/4.4-arm64/Resources/library/beachmat/include/beachmat3/lin_matrix.h:66:24: note: hidden overloaded virtual function 'beachmat::lin_matrix::get_row' declared here: different number of parameters (4 vs 5)
virtual const int* get_row(size_t r, int* work, size_t first, size_t last) = 0;
^
/Library/Frameworks/R.framework/Versions/4.4-arm64/Resources/library/beachmat/include/beachmat3/lin_matrix.h:95:27: note: hidden overloaded virtual function 'beachmat::lin_matrix::get_row' declared here: different number of parameters (4 vs 5)
virtual const double* get_row(size_t r, double* work, size_t first, size_t last) = 0;
^
/Library/Frameworks/R.framework/Versions/4.4-arm64/Resources/library/beachmat/include/beachmat3/lin_matrix.h:272:46: warning: 'beachmat::lin_sparse_matrix::get_col' hides overloaded virtual functions [-Woverloaded-virtual]
virtual sparse_index<const double*, int> get_col(size_t c, double* work_x, int* work_i, size_t first, size_t last) = 0;
^
/Library/Frameworks/R.framework/Versions/4.4-arm64/Resources/library/beachmat/include/beachmat3/lin_matrix.h:52:24: note: hidden overloaded virtual function 'beachmat::lin_matrix::get_col' declared here: different number of parameters (4 vs 5)
virtual const int* get_col(size_t c, int* work, size_t first, size_t last) = 0;
^
/Library/Frameworks/R.framework/Versions/4.4-arm64/Resources/library/beachmat/include/beachmat3/lin_matrix.h:81:27: note: hidden overloaded virtual function 'beachmat::lin_matrix::get_col' declared here: different number of parameters (4 vs 5)
virtual const double* get_col(size_t c, double* work, size_t first, size_t last) = 0;
^
/Library/Frameworks/R.framework/Versions/4.4-arm64/Resources/library/beachmat/include/beachmat3/lin_matrix.h:287:35: warning: 'beachmat::lin_sparse_matrix::get_col' hides overloaded virtual functions [-Woverloaded-virtual]
sparse_index<const int*, int> get_col(size_t c, int* work_x, int* work_i) {
^
/Library/Frameworks/R.framework/Versions/4.4-arm64/Resources/library/beachmat/include/beachmat3/lin_matrix.h:52:24: note: hidden overloaded virtual function 'beachmat::lin_matrix::get_col' declared here: different number of parameters (4 vs 3)
virtual const int* get_col(size_t c, int* work, size_t first, size_t last) = 0;
^
/Library/Frameworks/R.framework/Versions/4.4-arm64/Resources/library/beachmat/include/beachmat3/lin_matrix.h:81:27: note: hidden overloaded virtual function 'beachmat::lin_matrix::get_col' declared here: different number of parameters (4 vs 3)
virtual const double* get_col(size_t c, double* work, size_t first, size_t last) = 0;
^
/Library/Frameworks/R.framework/Versions/4.4-arm64/Resources/library/beachmat/include/beachmat3/lin_matrix.h:304:35: warning: 'beachmat::lin_sparse_matrix::get_row' hides overloaded virtual functions [-Woverloaded-virtual]
sparse_index<const int*, int> get_row(size_t r, int* work_x, int* work_i) {
^
/Library/Frameworks/R.framework/Versions/4.4-arm64/Resources/library/beachmat/include/beachmat3/lin_matrix.h:66:24: note: hidden overloaded virtual function 'beachmat::lin_matrix::get_row' declared here: different number of parameters (4 vs 3)
virtual const int* get_row(size_t r, int* work, size_t first, size_t last) = 0;
^
/Library/Frameworks/R.framework/Versions/4.4-arm64/Resources/library/beachmat/include/beachmat3/lin_matrix.h:95:27: note: hidden overloaded virtual function 'beachmat::lin_matrix::get_row' declared here: different number of parameters (4 vs 3)
virtual const double* get_row(size_t r, double* work, size_t first, size_t last) = 0;
^
/Library/Frameworks/R.framework/Versions/4.4-arm64/Resources/library/beachmat/include/beachmat3/lin_matrix.h:321:38: warning: 'beachmat::lin_sparse_matrix::get_col' hides overloaded virtual functions [-Woverloaded-virtual]
sparse_index<const double*, int> get_col(size_t c, double* work_x, int* work_i) {
^
/Library/Frameworks/R.framework/Versions/4.4-arm64/Resources/library/beachmat/include/beachmat3/lin_matrix.h:52:24: note: hidden overloaded virtual function 'beachmat::lin_matrix::get_col' declared here: different number of parameters (4 vs 3)
virtual const int* get_col(size_t c, int* work, size_t first, size_t last) = 0;
^
/Library/Frameworks/R.framework/Versions/4.4-arm64/Resources/library/beachmat/include/beachmat3/lin_matrix.h:81:27: note: hidden overloaded virtual function 'beachmat::lin_matrix::get_col' declared here: different number of parameters (4 vs 3)
virtual const double* get_col(size_t c, double* work, size_t first, size_t last) = 0;
^
/Library/Frameworks/R.framework/Versions/4.4-arm64/Resources/library/beachmat/include/beachmat3/lin_matrix.h:338:38: warning: 'beachmat::lin_sparse_matrix::get_row' hides overloaded virtual functions [-Woverloaded-virtual]
sparse_index<const double*, int> get_row(size_t r, double* work_x, int* work_i) {
^
/Library/Frameworks/R.framework/Versions/4.4-arm64/Resources/library/beachmat/include/beachmat3/lin_matrix.h:66:24: note: hidden overloaded virtual function 'beachmat::lin_matrix::get_row' declared here: different number of parameters (4 vs 3)
virtual const int* get_row(size_t r, int* work, size_t first, size_t last) = 0;
^
/Library/Frameworks/R.framework/Versions/4.4-arm64/Resources/library/beachmat/include/beachmat3/lin_matrix.h:95:27: note: hidden overloaded virtual function 'beachmat::lin_matrix::get_row' declared here: different number of parameters (4 vs 3)
virtual const double* get_row(size_t r, double* work, size_t first, size_t last) = 0;
^
overlap_exprs.cpp:202:18: warning: unused variable 'ngroups' [-Wunused-variable]
const size_t ngroups=groups.size();
^
9 warnings generated.
clang++ -arch arm64 -std=gnu++11 -I"/Library/Frameworks/R.framework/Resources/include" -DNDEBUG -I'/Library/Frameworks/R.framework/Versions/4.4-arm64/Resources/library/Rcpp/include' -I'/Library/Frameworks/R.framework/Versions/4.4-arm64/Resources/library/beachmat/include' -I'/Library/Frameworks/R.framework/Versions/4.4-arm64/Resources/library/BH/include' -I'/Library/Frameworks/R.framework/Versions/4.4-arm64/Resources/library/dqrng/include' -I'/Library/Frameworks/R.framework/Versions/4.4-arm64/Resources/library/scuttle/include' -I/opt/R/arm64/include -fPIC -falign-functions=64 -Wall -g -O2 -c rand_custom.cpp -o rand_custom.o
clang++ -arch arm64 -std=gnu++11 -dynamiclib -Wl,-headerpad_max_install_names -undefined dynamic_lookup -L/Library/Frameworks/R.framework/Resources/lib -L/opt/R/arm64/lib -o scran.so RcppExports.o choose_effect_size.o combine_rho.o compute_blocked_stats.o compute_residual_stats.o compute_rho_null.o cyclone_scores.o overlap_exprs.o rand_custom.o -L/Library/Frameworks/R.framework/Resources/lib -lRlapack -L/Library/Frameworks/R.framework/Resources/lib -lRblas -L/opt/gfortran/lib/gcc/aarch64-apple-darwin20.0/12.2.0 -L/opt/gfortran/lib -lgfortran -lemutls_w -lquadmath -F/Library/Frameworks/R.framework/.. -framework R -Wl,-framework -Wl,CoreFoundation
installing to /Library/Frameworks/R.framework/Versions/4.4-arm64/Resources/library/00LOCK-scran/00new/scran/libs
** R
** inst
** byte-compile and prepare package for lazy loading
** help
*** installing help indices
** building package indices
** installing vignettes
** testing if installed package can be loaded from temporary location
** checking absolute paths in shared objects and dynamic libraries
** testing if installed package can be loaded from final location
** testing if installed package keeps a record of temporary installation path
* DONE (scran)
scran.Rcheck/tests/testthat.Rout
R version 4.4.3 (2025-02-28) -- "Trophy Case"
Copyright (C) 2025 The R Foundation for Statistical Computing
Platform: aarch64-apple-darwin20
R is free software and comes with ABSOLUTELY NO WARRANTY.
You are welcome to redistribute it under certain conditions.
Type 'license()' or 'licence()' for distribution details.
R is a collaborative project with many contributors.
Type 'contributors()' for more information and
'citation()' on how to cite R or R packages in publications.
Type 'demo()' for some demos, 'help()' for on-line help, or
'help.start()' for an HTML browser interface to help.
Type 'q()' to quit R.
> library(testthat)
> library(scran)
Loading required package: SingleCellExperiment
Loading required package: SummarizedExperiment
Loading required package: MatrixGenerics
Loading required package: matrixStats
Attaching package: 'MatrixGenerics'
The following objects are masked from 'package:matrixStats':
colAlls, colAnyNAs, colAnys, colAvgsPerRowSet, colCollapse,
colCounts, colCummaxs, colCummins, colCumprods, colCumsums,
colDiffs, colIQRDiffs, colIQRs, colLogSumExps, colMadDiffs,
colMads, colMaxs, colMeans2, colMedians, colMins, colOrderStats,
colProds, colQuantiles, colRanges, colRanks, colSdDiffs, colSds,
colSums2, colTabulates, colVarDiffs, colVars, colWeightedMads,
colWeightedMeans, colWeightedMedians, colWeightedSds,
colWeightedVars, rowAlls, rowAnyNAs, rowAnys, rowAvgsPerColSet,
rowCollapse, rowCounts, rowCummaxs, rowCummins, rowCumprods,
rowCumsums, rowDiffs, rowIQRDiffs, rowIQRs, rowLogSumExps,
rowMadDiffs, rowMads, rowMaxs, rowMeans2, rowMedians, rowMins,
rowOrderStats, rowProds, rowQuantiles, rowRanges, rowRanks,
rowSdDiffs, rowSds, rowSums2, rowTabulates, rowVarDiffs, rowVars,
rowWeightedMads, rowWeightedMeans, rowWeightedMedians,
rowWeightedSds, rowWeightedVars
Loading required package: GenomicRanges
Loading required package: stats4
Loading required package: BiocGenerics
Attaching package: 'BiocGenerics'
The following objects are masked from 'package:stats':
IQR, mad, sd, var, xtabs
The following objects are masked from 'package:base':
Filter, Find, Map, Position, Reduce, anyDuplicated, aperm, append,
as.data.frame, basename, cbind, colnames, dirname, do.call,
duplicated, eval, evalq, get, grep, grepl, intersect, is.unsorted,
lapply, mapply, match, mget, order, paste, pmax, pmax.int, pmin,
pmin.int, rank, rbind, rownames, sapply, saveRDS, setdiff, table,
tapply, union, unique, unsplit, which.max, which.min
Loading required package: S4Vectors
Attaching package: 'S4Vectors'
The following object is masked from 'package:utils':
findMatches
The following objects are masked from 'package:base':
I, expand.grid, unname
Loading required package: IRanges
Loading required package: GenomeInfoDb
Loading required package: Biobase
Welcome to Bioconductor
Vignettes contain introductory material; view with
'browseVignettes()'. To cite Bioconductor, see
'citation("Biobase")', and for packages 'citation("pkgname")'.
Attaching package: 'Biobase'
The following object is masked from 'package:MatrixGenerics':
rowMedians
The following objects are masked from 'package:matrixStats':
anyMissing, rowMedians
Loading required package: scuttle
> test_check("scran")
Loading required package: Matrix
Attaching package: 'Matrix'
The following object is masked from 'package:S4Vectors':
expand
Loading required package: S4Arrays
Loading required package: abind
Attaching package: 'S4Arrays'
The following object is masked from 'package:abind':
abind
The following object is masked from 'package:base':
rowsum
Loading required package: SparseArray
Attaching package: 'DelayedArray'
The following objects are masked from 'package:base':
apply, scale, sweep
[ FAIL 0 | WARN 192 | SKIP 2 | PASS 4452 ]
══ Skipped tests (2) ═══════════════════════════════════════════════════════════
• On Mac (1): 'test-cyclone.R:10:1'
• monocle is a little broken because of clusterApply (1): 'test-convert.R:71:5'
[ FAIL 0 | WARN 192 | SKIP 2 | PASS 4452 ]
>
> proc.time()
user system elapsed
360.909 10.739 470.967
scran.Rcheck/scran-Ex.timings
| name | user | system | elapsed | |
| DM | 0.059 | 0.002 | 0.061 | |
| buildSNNGraph | 7.879 | 0.097 | 8.047 | |
| clusterCells | 2.163 | 0.024 | 2.188 | |
| combineBlocks | 0.842 | 0.049 | 0.892 | |
| combineMarkers | 1.468 | 0.028 | 1.504 | |
| combinePValues | 0.038 | 0.003 | 0.041 | |
| combineVar | 0.699 | 0.023 | 0.752 | |
| computeMinRank | 0.001 | 0.000 | 0.002 | |
| convertTo | 0.711 | 0.023 | 0.742 | |
| correlateGenes | 1.582 | 0.048 | 1.641 | |
| correlateNull | 0.399 | 0.008 | 0.409 | |
| correlatePairs | 1.563 | 0.041 | 1.615 | |
| cyclone | 9.820 | 1.414 | 11.257 | |
| decideTestsPerLabel | 3.479 | 0.116 | 3.632 | |
| defunct | 0.000 | 0.000 | 0.001 | |
| denoisePCA | 1.550 | 0.014 | 1.566 | |
| findMarkers | 2.071 | 0.043 | 2.125 | |
| fitTrendCV2 | 0.752 | 0.031 | 0.783 | |
| fitTrendPoisson | 0.297 | 0.008 | 0.306 | |
| fitTrendVar | 0.574 | 0.019 | 0.593 | |
| fixedPCA | 1.008 | 0.017 | 1.036 | |
| getClusteredPCs | 3.250 | 0.087 | 3.355 | |
| getMarkerEffects | 0.899 | 0.019 | 0.920 | |
| getTopHVGs | 0.733 | 0.028 | 0.764 | |
| getTopMarkers | 0.839 | 0.019 | 0.865 | |
| logBH | 0.001 | 0.000 | 0.001 | |
| modelGeneCV2 | 0.910 | 0.034 | 0.949 | |
| modelGeneCV2WithSpikes | 0.931 | 0.019 | 0.953 | |
| modelGeneVar | 1.211 | 0.032 | 1.248 | |
| modelGeneVarByPoisson | 1.025 | 0.024 | 1.054 | |
| modelGeneVarWithSpikes | 1.065 | 0.030 | 1.102 | |
| multiMarkerStats | 1.420 | 0.041 | 1.473 | |
| pairwiseBinom | 0.668 | 0.016 | 0.684 | |
| pairwiseTTests | 0.768 | 0.019 | 0.787 | |
| pairwiseWilcox | 0.678 | 0.016 | 0.695 | |
| pseudoBulkDGE | 3.374 | 0.073 | 3.476 | |
| pseudoBulkSpecific | 4.545 | 0.145 | 4.750 | |
| quickCluster | 2.160 | 0.050 | 2.243 | |
| quickSubCluster | 4.336 | 0.080 | 4.529 | |
| rhoToPValue | 0.000 | 0.000 | 0.001 | |
| sandbag | 0.471 | 0.007 | 0.481 | |
| scaledColRanks | 1.455 | 0.009 | 1.464 | |
| scoreMarkers | 0.984 | 0.024 | 1.007 | |
| summaryMarkerStats | 0.690 | 0.021 | 0.711 | |
| testLinearModel | 0.061 | 0.003 | 0.063 | |