| Back to Multiple platform build/check report for BioC 3.20: simplified long |
|
This page was generated on 2025-04-02 19:32 -0400 (Wed, 02 Apr 2025).
| Hostname | OS | Arch (*) | R version | Installed pkgs |
|---|---|---|---|---|
| nebbiolo2 | Linux (Ubuntu 24.04.1 LTS) | x86_64 | 4.4.3 (2025-02-28) -- "Trophy Case" | 4764 |
| palomino8 | Windows Server 2022 Datacenter | x64 | 4.4.3 (2025-02-28 ucrt) -- "Trophy Case" | 4495 |
| merida1 | macOS 12.7.5 Monterey | x86_64 | 4.4.3 (2025-02-28) -- "Trophy Case" | 4522 |
| kjohnson1 | macOS 13.6.6 Ventura | arm64 | 4.4.3 (2025-02-28) -- "Trophy Case" | 4449 |
| taishan | Linux (openEuler 24.03 LTS) | aarch64 | 4.4.3 (2025-02-28) -- "Trophy Case" | 4426 |
| Click on any hostname to see more info about the system (e.g. compilers) (*) as reported by 'uname -p', except on Windows and Mac OS X | ||||
| Package 1347/2289 | Hostname | OS / Arch | INSTALL | BUILD | CHECK | BUILD BIN | ||||||||
| msPurity 1.32.0 (landing page) Thomas N. Lawson
| nebbiolo2 | Linux (Ubuntu 24.04.1 LTS) / x86_64 | OK | OK | OK | |||||||||
| palomino8 | Windows Server 2022 Datacenter / x64 | OK | OK | OK | OK | |||||||||
| merida1 | macOS 12.7.5 Monterey / x86_64 | OK | ERROR | skipped | skipped | |||||||||
| kjohnson1 | macOS 13.6.6 Ventura / arm64 | OK | OK | OK | OK | |||||||||
| taishan | Linux (openEuler 24.03 LTS) / aarch64 | OK | OK | OK | ||||||||||
|
To the developers/maintainers of the msPurity package: - Allow up to 24 hours (and sometimes 48 hours) for your latest push to git@git.bioconductor.org:packages/msPurity.git to reflect on this report. See Troubleshooting Build Report for more information. - Use the following Renviron settings to reproduce errors and warnings. - If 'R CMD check' started to fail recently on the Linux builder(s) over a missing dependency, add the missing dependency to 'Suggests:' in your DESCRIPTION file. See Renviron.bioc for more information. |
| Package: msPurity |
| Version: 1.32.0 |
| Command: /Library/Frameworks/R.framework/Resources/bin/R CMD build --keep-empty-dirs --no-resave-data msPurity |
| StartedAt: 2025-03-31 20:23:48 -0400 (Mon, 31 Mar 2025) |
| EndedAt: 2025-03-31 20:45:28 -0400 (Mon, 31 Mar 2025) |
| EllapsedTime: 1299.4 seconds |
| RetCode: 1 |
| Status: ERROR |
| PackageFile: None |
| PackageFileSize: NA |
##############################################################################
##############################################################################
###
### Running command:
###
### /Library/Frameworks/R.framework/Resources/bin/R CMD build --keep-empty-dirs --no-resave-data msPurity
###
##############################################################################
##############################################################################
* checking for file ‘msPurity/DESCRIPTION’ ... OK
* preparing ‘msPurity’:
* checking DESCRIPTION meta-information ... OK
* installing the package to build vignettes
* creating vignettes ... ERROR
--- re-building ‘msPurity-lcmsms-data-processing-and-spectral-matching-vignette.Rmd’ using rmarkdown
--- finished re-building ‘msPurity-lcmsms-data-processing-and-spectral-matching-vignette.Rmd’
--- re-building ‘msPurity-spectral-database-vignette.Rmd’ using rmarkdown
--- finished re-building ‘msPurity-spectral-database-vignette.Rmd’
--- re-building ‘msPurity-vignette.Rmd’ using rmarkdown
Sizes of mz and intensity arrays don't match.
Quitting from msPurity-vignette.Rmd:259-261 [unnamed-chunk-13]
~~~~~~~~~~~~~~~~~~~~~~~~~~~~~~~~~~~~~~~~~~~~~~~~~~~~~~~~~~~~~~~~~~~~~~~~~~~~~~~~
<error/rlang_error>
Error in `object@backend$getPeakList()`:
! dims [product 0] do not match the length of object [2160]
---
Backtrace:
▆
1. └─msPurity::createDatabase(...)
2. └─msPurity:::export2sqlite(...)
3. └─msPurity:::getScanPeaks(pa)
4. └─plyr::ddply(filedf, ~fileid, scanPeaksFromfiledf)
5. └─plyr::ldply(...)
6. └─plyr::llply(...)
7. ├─plyr:::loop_apply(n, do.ply)
8. └─plyr (local) `<fn>`(4L)
9. └─msPurity (local) .fun(piece, ...)
10. ├─mzR::peaks(mr)
11. └─mzR::peaks(mr)
12. └─mzR (local) .local(object, ...)
13. └─mzR:::.peaks(object, scans)
14. └─object@backend$getPeakList(scans)
~~~~~~~~~~~~~~~~~~~~~~~~~~~~~~~~~~~~~~~~~~~~~~~~~~~~~~~~~~~~~~~~~~~~~~~~~~~~~~~~
Error: processing vignette 'msPurity-vignette.Rmd' failed with diagnostics:
dims [product 0] do not match the length of object [2160]
--- failed re-building ‘msPurity-vignette.Rmd’
SUMMARY: processing the following file failed:
‘msPurity-vignette.Rmd’
Error: Vignette re-building failed.
Execution halted