Back to Multiple platform build/check report for BioC 3.20:   simplified   long
ABCDEFGHIJKL[M]NOPQRSTUVWXYZ

This page was generated on 2025-02-06 12:08 -0500 (Thu, 06 Feb 2025).

HostnameOSArch (*)R versionInstalled pkgs
nebbiolo2Linux (Ubuntu 24.04.1 LTS)x86_644.4.2 (2024-10-31) -- "Pile of Leaves" 4753
palomino8Windows Server 2022 Datacenterx644.4.2 (2024-10-31 ucrt) -- "Pile of Leaves" 4501
merida1macOS 12.7.5 Montereyx86_644.4.2 (2024-10-31) -- "Pile of Leaves" 4524
kjohnson1macOS 13.6.6 Venturaarm644.4.2 (2024-10-31) -- "Pile of Leaves" 4476
taishanLinux (openEuler 24.03 LTS)aarch644.4.2 (2024-10-31) -- "Pile of Leaves" 4407
Click on any hostname to see more info about the system (e.g. compilers)      (*) as reported by 'uname -p', except on Windows and Mac OS X

Package 1260/2289HostnameOS / ArchINSTALLBUILDCHECKBUILD BIN
midasHLA 1.14.0  (landing page)
Maciej Migdał
Snapshot Date: 2025-02-03 13:00 -0500 (Mon, 03 Feb 2025)
git_url: https://git.bioconductor.org/packages/midasHLA
git_branch: RELEASE_3_20
git_last_commit: aa568de
git_last_commit_date: 2024-10-29 10:56:14 -0500 (Tue, 29 Oct 2024)
nebbiolo2Linux (Ubuntu 24.04.1 LTS) / x86_64  OK    OK    WARNINGS  UNNEEDED, same version is already published
palomino8Windows Server 2022 Datacenter / x64  OK    OK    WARNINGS    OK  UNNEEDED, same version is already published
merida1macOS 12.7.5 Monterey / x86_64  OK    OK    WARNINGS    OK  UNNEEDED, same version is already published
kjohnson1macOS 13.6.6 Ventura / arm64  OK    OK    ERROR    OK  
taishanLinux (openEuler 24.03 LTS) / aarch64  OK    OK    ERROR  


CHECK results for midasHLA on merida1

To the developers/maintainers of the midasHLA package:
- Allow up to 24 hours (and sometimes 48 hours) for your latest push to git@git.bioconductor.org:packages/midasHLA.git to reflect on this report. See Troubleshooting Build Report for more information.
- Use the following Renviron settings to reproduce errors and warnings.
- If 'R CMD check' started to fail recently on the Linux builder(s) over a missing dependency, add the missing dependency to 'Suggests:' in your DESCRIPTION file. See Renviron.bioc for more information.

raw results


Summary

Package: midasHLA
Version: 1.14.0
Command: /Library/Frameworks/R.framework/Resources/bin/R CMD check --install=check:midasHLA.install-out.txt --library=/Library/Frameworks/R.framework/Resources/library --no-vignettes --timings midasHLA_1.14.0.tar.gz
StartedAt: 2025-02-04 06:22:10 -0500 (Tue, 04 Feb 2025)
EndedAt: 2025-02-04 06:32:53 -0500 (Tue, 04 Feb 2025)
EllapsedTime: 643.2 seconds
RetCode: 0
Status:   WARNINGS  
CheckDir: midasHLA.Rcheck
Warnings: 1

Command output

##############################################################################
##############################################################################
###
### Running command:
###
###   /Library/Frameworks/R.framework/Resources/bin/R CMD check --install=check:midasHLA.install-out.txt --library=/Library/Frameworks/R.framework/Resources/library --no-vignettes --timings midasHLA_1.14.0.tar.gz
###
##############################################################################
##############################################################################


* using log directory ‘/Users/biocbuild/bbs-3.20-bioc/meat/midasHLA.Rcheck’
* using R version 4.4.2 (2024-10-31)
* using platform: x86_64-apple-darwin20
* R was compiled by
    Apple clang version 14.0.0 (clang-1400.0.29.202)
    GNU Fortran (GCC) 12.2.0
* running under: macOS Monterey 12.7.6
* using session charset: UTF-8
* using option ‘--no-vignettes’
* checking for file ‘midasHLA/DESCRIPTION’ ... OK
* this is package ‘midasHLA’ version ‘1.14.0’
* package encoding: UTF-8
* checking package namespace information ... OK
* checking package dependencies ... OK
* checking if this is a source package ... OK
* checking if there is a namespace ... OK
* checking for hidden files and directories ... NOTE
Found the following hidden files and directories:
  .BBSoptions
These were most likely included in error. See section ‘Package
structure’ in the ‘Writing R Extensions’ manual.
* checking for portable file names ... OK
* checking for sufficient/correct file permissions ... OK
* checking whether package ‘midasHLA’ can be installed ... OK
* checking installed package size ... OK
* checking package directory ... OK
* checking ‘build’ directory ... OK
* checking DESCRIPTION meta-information ... NOTE
License stub is invalid DCF.
* checking top-level files ... OK
* checking for left-over files ... OK
* checking index information ... OK
* checking package subdirectories ... OK
* checking code files for non-ASCII characters ... OK
* checking R files for syntax errors ... OK
* checking whether the package can be loaded ... OK
* checking whether the package can be loaded with stated dependencies ... OK
* checking whether the package can be unloaded cleanly ... OK
* checking whether the namespace can be loaded with stated dependencies ... OK
* checking whether the namespace can be unloaded cleanly ... OK
* checking dependencies in R code ... OK
* checking S3 generic/method consistency ... OK
* checking replacement functions ... OK
* checking foreign function calls ... OK
* checking R code for possible problems ... OK
* checking Rd files ... NOTE
checkRd: (-1) omnibusTest.Rd:39: Lost braces in \itemize; \value handles \item{}{} directly
checkRd: (-1) omnibusTest.Rd:40: Lost braces in \itemize; \value handles \item{}{} directly
checkRd: (-1) omnibusTest.Rd:41: Lost braces in \itemize; \value handles \item{}{} directly
checkRd: (-1) omnibusTest.Rd:42: Lost braces in \itemize; \value handles \item{}{} directly
checkRd: (-1) omnibusTest.Rd:43: Lost braces in \itemize; \value handles \item{}{} directly
checkRd: (-1) omnibusTest.Rd:44: Lost braces in \itemize; \value handles \item{}{} directly
checkRd: (-1) omnibusTest.Rd:45: Lost braces in \itemize; \value handles \item{}{} directly
checkRd: (-1) runMiDAS.Rd:151-154: Lost braces in \itemize; meant \describe ?
checkRd: (-1) runMiDAS.Rd:155-158: Lost braces in \itemize; meant \describe ?
checkRd: (-1) runMiDAS.Rd:159-163: Lost braces in \itemize; meant \describe ?
checkRd: (-1) runMiDAS.Rd:164-168: Lost braces in \itemize; meant \describe ?
* checking Rd metadata ... OK
* checking Rd cross-references ... OK
* checking for missing documentation entries ... OK
* checking for code/documentation mismatches ... WARNING
Codoc mismatches from Rd file 'kableResults.Rd':
kableResults
  Code: function(results, colnames = NULL, header = "MiDAS analysis
                 results", pvalue_cutoff = NULL, format = "html",
                 scroll_box_height = "400px")
  Docs: function(results, colnames = NULL, header = "MiDAS analysis
                 results", pvalue_cutoff = NULL, format =
                 getOption("knitr.table.format"), scroll_box_height =
                 "400px")
  Mismatches in argument default values:
    Name: 'format' Code: "html" Docs: getOption("knitr.table.format")

* checking Rd \usage sections ... OK
* checking Rd contents ... OK
* checking for unstated dependencies in examples ... OK
* checking contents of ‘data’ directory ... OK
* checking data for non-ASCII characters ... NOTE
  Note: found 1180 marked UTF-8 strings
* checking LazyData ... OK
* checking data for ASCII and uncompressed saves ... OK
* checking files in ‘vignettes’ ... OK
* checking examples ... OK
Examples with CPU (user + system) or elapsed time > 5s
                        user system elapsed
runMiDAS              22.954  0.208  23.845
kableResults          12.663  0.151  13.471
omnibusTest           10.802  0.234  11.241
getAAFrequencies       9.105  0.309  10.916
hlaToAAVariation       5.796  1.616   8.195
getHlaKirInteractions  5.202  0.604   6.529
* checking for unstated dependencies in ‘tests’ ... OK
* checking tests ...
  Running ‘testthat.R’
 OK
* checking for unstated dependencies in vignettes ... OK
* checking package vignettes ... OK
* checking running R code from vignettes ... SKIPPED
* checking re-building of vignette outputs ... SKIPPED
* checking PDF version of manual ... OK
* DONE

Status: 1 WARNING, 4 NOTEs
See
  ‘/Users/biocbuild/bbs-3.20-bioc/meat/midasHLA.Rcheck/00check.log’
for details.


Installation output

midasHLA.Rcheck/00install.out

##############################################################################
##############################################################################
###
### Running command:
###
###   /Library/Frameworks/R.framework/Resources/bin/R CMD INSTALL midasHLA
###
##############################################################################
##############################################################################


* installing to library ‘/Library/Frameworks/R.framework/Versions/4.4-x86_64/Resources/library’
* installing *source* package ‘midasHLA’ ...
** using staged installation
** R
** data
*** moving datasets to lazyload DB
** inst
** byte-compile and prepare package for lazy loading
** help
*** installing help indices
** building package indices
** installing vignettes
** testing if installed package can be loaded from temporary location
** testing if installed package can be loaded from final location
** testing if installed package keeps a record of temporary installation path
* DONE (midasHLA)

Tests output

midasHLA.Rcheck/tests/testthat.Rout


R version 4.4.2 (2024-10-31) -- "Pile of Leaves"
Copyright (C) 2024 The R Foundation for Statistical Computing
Platform: x86_64-apple-darwin20

R is free software and comes with ABSOLUTELY NO WARRANTY.
You are welcome to redistribute it under certain conditions.
Type 'license()' or 'licence()' for distribution details.

R is a collaborative project with many contributors.
Type 'contributors()' for more information and
'citation()' on how to cite R or R packages in publications.

Type 'demo()' for some demos, 'help()' for on-line help, or
'help.start()' for an HTML browser interface to help.
Type 'q()' to quit R.

> library(testthat)
> library(midasHLA)
Loading required package: MultiAssayExperiment
Loading required package: SummarizedExperiment
Loading required package: MatrixGenerics
Loading required package: matrixStats

Attaching package: 'MatrixGenerics'

The following objects are masked from 'package:matrixStats':

    colAlls, colAnyNAs, colAnys, colAvgsPerRowSet, colCollapse,
    colCounts, colCummaxs, colCummins, colCumprods, colCumsums,
    colDiffs, colIQRDiffs, colIQRs, colLogSumExps, colMadDiffs,
    colMads, colMaxs, colMeans2, colMedians, colMins, colOrderStats,
    colProds, colQuantiles, colRanges, colRanks, colSdDiffs, colSds,
    colSums2, colTabulates, colVarDiffs, colVars, colWeightedMads,
    colWeightedMeans, colWeightedMedians, colWeightedSds,
    colWeightedVars, rowAlls, rowAnyNAs, rowAnys, rowAvgsPerColSet,
    rowCollapse, rowCounts, rowCummaxs, rowCummins, rowCumprods,
    rowCumsums, rowDiffs, rowIQRDiffs, rowIQRs, rowLogSumExps,
    rowMadDiffs, rowMads, rowMaxs, rowMeans2, rowMedians, rowMins,
    rowOrderStats, rowProds, rowQuantiles, rowRanges, rowRanks,
    rowSdDiffs, rowSds, rowSums2, rowTabulates, rowVarDiffs, rowVars,
    rowWeightedMads, rowWeightedMeans, rowWeightedMedians,
    rowWeightedSds, rowWeightedVars

Loading required package: GenomicRanges
Loading required package: stats4
Loading required package: BiocGenerics

Attaching package: 'BiocGenerics'

The following objects are masked from 'package:stats':

    IQR, mad, sd, var, xtabs

The following objects are masked from 'package:base':

    Filter, Find, Map, Position, Reduce, anyDuplicated, aperm, append,
    as.data.frame, basename, cbind, colnames, dirname, do.call,
    duplicated, eval, evalq, get, grep, grepl, intersect, is.unsorted,
    lapply, mapply, match, mget, order, paste, pmax, pmax.int, pmin,
    pmin.int, rank, rbind, rownames, sapply, saveRDS, setdiff, table,
    tapply, union, unique, unsplit, which.max, which.min

Loading required package: S4Vectors

Attaching package: 'S4Vectors'

The following object is masked from 'package:utils':

    findMatches

The following objects are masked from 'package:base':

    I, expand.grid, unname

Loading required package: IRanges
Loading required package: GenomeInfoDb
Loading required package: Biobase
Welcome to Bioconductor

    Vignettes contain introductory material; view with
    'browseVignettes()'. To cite Bioconductor, see
    'citation("Biobase")', and for packages 'citation("pkgname")'.


Attaching package: 'Biobase'

The following object is masked from 'package:MatrixGenerics':

    rowMedians

The following objects are masked from 'package:matrixStats':

    anyMissing, rowMedians

> 
> test_check("midasHLA")
[ FAIL 0 | WARN 20 | SKIP 0 | PASS 309 ]

[ FAIL 0 | WARN 20 | SKIP 0 | PASS 309 ]
> 
> proc.time()
   user  system elapsed 
116.343   3.548 121.130 

Example timings

midasHLA.Rcheck/midasHLA-Ex.timings

nameusersystemelapsed
HWETest2.9870.1033.481
analyzeAssociations1.0730.0171.242
analyzeConditionalAssociations0.9410.0131.087
checkAlleleFormat0.0000.0010.001
checkKirGenesFormat0.0010.0010.000
convertAlleleToVariable0.0070.0020.010
countsToVariables0.0810.1070.208
filterByFrequency0.3070.0240.390
filterByOmnibusGroups0.1660.0020.190
filterByVariables0.4630.0030.530
formatResults0.0000.0010.001
getAAFrequencies 9.105 0.30910.916
getAlleleResolution0.0010.0010.002
getAllelesForAA1.5320.0221.768
getExperiments0.0010.0010.001
getFrequencies0.4010.1390.627
getHlaCalls0.1740.2840.512
getHlaFrequencies0.3010.0390.386
getHlaKirInteractions5.2020.6046.529
getKIRFrequencies0.0100.0020.015
getKirCalls0.0940.2460.370
getOmnibusGroups0.0630.0440.120
getPlaceholder0.0010.0000.001
getVariableAAPos0.0530.0030.061
hlaCallsGranthamDistance2.3810.1322.674
hlaToAAVariation5.7961.6168.195
hlaToVariable0.5690.0970.700
kableResults12.663 0.15113.471
omnibusTest10.802 0.23411.241
prepareMiDAS0.5340.0080.565
readHlaAlignments1.0930.0061.139
readHlaCalls0.2310.0060.238
readKirCalls0.1220.3930.515
reduceAlleleResolution0.0010.0000.002
reduceHlaCalls0.4670.3970.865
runMiDAS22.954 0.20823.845
summariseAAPosition1.1700.0071.184