| Back to Multiple platform build/check report for BioC 3.20: simplified long |
|
This page was generated on 2025-04-02 19:34 -0400 (Wed, 02 Apr 2025).
| Hostname | OS | Arch (*) | R version | Installed pkgs |
|---|---|---|---|---|
| nebbiolo2 | Linux (Ubuntu 24.04.1 LTS) | x86_64 | 4.4.3 (2025-02-28) -- "Trophy Case" | 4764 |
| palomino8 | Windows Server 2022 Datacenter | x64 | 4.4.3 (2025-02-28 ucrt) -- "Trophy Case" | 4495 |
| merida1 | macOS 12.7.5 Monterey | x86_64 | 4.4.3 (2025-02-28) -- "Trophy Case" | 4522 |
| kjohnson1 | macOS 13.6.6 Ventura | arm64 | 4.4.3 (2025-02-28) -- "Trophy Case" | 4449 |
| taishan | Linux (openEuler 24.03 LTS) | aarch64 | 4.4.3 (2025-02-28) -- "Trophy Case" | 4426 |
| Click on any hostname to see more info about the system (e.g. compilers) (*) as reported by 'uname -p', except on Windows and Mac OS X | ||||
| Package 1187/2289 | Hostname | OS / Arch | INSTALL | BUILD | CHECK | BUILD BIN | ||||||||
| megadepth 1.16.0 (landing page) David Zhang
| nebbiolo2 | Linux (Ubuntu 24.04.1 LTS) / x86_64 | OK | OK | OK | |||||||||
| palomino8 | Windows Server 2022 Datacenter / x64 | OK | OK | OK | OK | |||||||||
| merida1 | macOS 12.7.5 Monterey / x86_64 | OK | OK | OK | OK | |||||||||
| kjohnson1 | macOS 13.6.6 Ventura / arm64 | OK | ERROR | skipped | skipped | |||||||||
| taishan | Linux (openEuler 24.03 LTS) / aarch64 | OK | ERROR | skipped | ||||||||||
|
To the developers/maintainers of the megadepth package: - Allow up to 24 hours (and sometimes 48 hours) for your latest push to git@git.bioconductor.org:packages/megadepth.git to reflect on this report. See Troubleshooting Build Report for more information. - Use the following Renviron settings to reproduce errors and warnings. - If 'R CMD check' started to fail recently on the Linux builder(s) over a missing dependency, add the missing dependency to 'Suggests:' in your DESCRIPTION file. See Renviron.bioc for more information. |
| Package: megadepth |
| Version: 1.16.0 |
| Command: /Library/Frameworks/R.framework/Resources/bin/R CMD build --keep-empty-dirs --no-resave-data megadepth |
| StartedAt: 2025-04-01 02:29:04 -0400 (Tue, 01 Apr 2025) |
| EndedAt: 2025-04-01 02:29:26 -0400 (Tue, 01 Apr 2025) |
| EllapsedTime: 21.7 seconds |
| RetCode: 1 |
| Status: ERROR |
| PackageFile: None |
| PackageFileSize: NA |
##############################################################################
##############################################################################
###
### Running command:
###
### /Library/Frameworks/R.framework/Resources/bin/R CMD build --keep-empty-dirs --no-resave-data megadepth
###
##############################################################################
##############################################################################
* checking for file ‘megadepth/DESCRIPTION’ ... OK
* preparing ‘megadepth’:
* checking DESCRIPTION meta-information ... OK
* installing the package to build vignettes
* creating vignettes ... ERROR
--- re-building ‘megadepth.Rmd’ using rmarkdown
sh: /private/tmp/RtmpimGYGx/megadepth: Bad CPU type in executable
Quitting from megadepth.Rmd:150-158 [example]
~~~~~~~~~~~~~~~~~~~~~~~~~~~~~~~~~~~~~~~~~~~~~~~~~~~~~~~~~~~~~~~~~~~~~~~~~~~~~~~~
<error/rlang_error>
Error:
! '/tmp/RtmpimGYGx/bw.mean.annotation.tsv' does not exist.
---
Backtrace:
▆
1. ├─megadepth::get_coverage(example_bw, op = "mean", annotation = annotation_file)
2. │ └─megadepth::read_coverage(paste0(prefix, ".annotation.tsv"))
3. │ └─megadepth::read_coverage_table(tsv_file)
4. │ └─readr::read_delim(...)
5. │ └─vroom::vroom(...)
6. │ └─vroom:::vroom_(...)
7. └─vroom (local) `<fn>`("/tmp/RtmpimGYGx/bw.mean.annotation.tsv")
8. └─vroom:::check_path(path)
~~~~~~~~~~~~~~~~~~~~~~~~~~~~~~~~~~~~~~~~~~~~~~~~~~~~~~~~~~~~~~~~~~~~~~~~~~~~~~~~
Error: processing vignette 'megadepth.Rmd' failed with diagnostics:
'/tmp/RtmpimGYGx/bw.mean.annotation.tsv' does not exist.
--- failed re-building ‘megadepth.Rmd’
SUMMARY: processing the following file failed:
‘megadepth.Rmd’
Error: Vignette re-building failed.
Execution halted