Back to Multiple platform build/check report for BioC 3.20: simplified long |
|
This page was generated on 2025-02-06 12:08 -0500 (Thu, 06 Feb 2025).
Hostname | OS | Arch (*) | R version | Installed pkgs |
---|---|---|---|---|
nebbiolo2 | Linux (Ubuntu 24.04.1 LTS) | x86_64 | 4.4.2 (2024-10-31) -- "Pile of Leaves" | 4753 |
palomino8 | Windows Server 2022 Datacenter | x64 | 4.4.2 (2024-10-31 ucrt) -- "Pile of Leaves" | 4501 |
merida1 | macOS 12.7.5 Monterey | x86_64 | 4.4.2 (2024-10-31) -- "Pile of Leaves" | 4524 |
kjohnson1 | macOS 13.6.6 Ventura | arm64 | 4.4.2 (2024-10-31) -- "Pile of Leaves" | 4476 |
taishan | Linux (openEuler 24.03 LTS) | aarch64 | 4.4.2 (2024-10-31) -- "Pile of Leaves" | 4407 |
Click on any hostname to see more info about the system (e.g. compilers) (*) as reported by 'uname -p', except on Windows and Mac OS X |
Package 1072/2289 | Hostname | OS / Arch | INSTALL | BUILD | CHECK | BUILD BIN | ||||||||
iterativeBMAsurv 1.64.0 (landing page) Ka Yee Yeung
| nebbiolo2 | Linux (Ubuntu 24.04.1 LTS) / x86_64 | OK | OK | WARNINGS | ![]() | ||||||||
palomino8 | Windows Server 2022 Datacenter / x64 | OK | OK | WARNINGS | OK | ![]() | ||||||||
merida1 | macOS 12.7.5 Monterey / x86_64 | OK | OK | WARNINGS | OK | ![]() | ||||||||
kjohnson1 | macOS 13.6.6 Ventura / arm64 | OK | OK | WARNINGS | OK | ![]() | ||||||||
taishan | Linux (openEuler 24.03 LTS) / aarch64 | OK | OK | WARNINGS | ||||||||||
To the developers/maintainers of the iterativeBMAsurv package: - Allow up to 24 hours (and sometimes 48 hours) for your latest push to git@git.bioconductor.org:packages/iterativeBMAsurv.git to reflect on this report. See Troubleshooting Build Report for more information. - Use the following Renviron settings to reproduce errors and warnings. - If 'R CMD check' started to fail recently on the Linux builder(s) over a missing dependency, add the missing dependency to 'Suggests:' in your DESCRIPTION file. See Renviron.bioc for more information. |
Package: iterativeBMAsurv |
Version: 1.64.0 |
Command: /Library/Frameworks/R.framework/Resources/bin/R CMD check --install=check:iterativeBMAsurv.install-out.txt --library=/Library/Frameworks/R.framework/Resources/library --no-vignettes --timings iterativeBMAsurv_1.64.0.tar.gz |
StartedAt: 2025-02-04 05:28:31 -0500 (Tue, 04 Feb 2025) |
EndedAt: 2025-02-04 05:31:38 -0500 (Tue, 04 Feb 2025) |
EllapsedTime: 187.0 seconds |
RetCode: 0 |
Status: WARNINGS |
CheckDir: iterativeBMAsurv.Rcheck |
Warnings: 1 |
############################################################################## ############################################################################## ### ### Running command: ### ### /Library/Frameworks/R.framework/Resources/bin/R CMD check --install=check:iterativeBMAsurv.install-out.txt --library=/Library/Frameworks/R.framework/Resources/library --no-vignettes --timings iterativeBMAsurv_1.64.0.tar.gz ### ############################################################################## ############################################################################## * using log directory ‘/Users/biocbuild/bbs-3.20-bioc/meat/iterativeBMAsurv.Rcheck’ * using R version 4.4.2 (2024-10-31) * using platform: x86_64-apple-darwin20 * R was compiled by Apple clang version 14.0.0 (clang-1400.0.29.202) GNU Fortran (GCC) 12.2.0 * running under: macOS Monterey 12.7.6 * using session charset: UTF-8 * using option ‘--no-vignettes’ * checking for file ‘iterativeBMAsurv/DESCRIPTION’ ... OK * checking extension type ... Package * this is package ‘iterativeBMAsurv’ version ‘1.64.0’ * checking package namespace information ... OK * checking package dependencies ... OK * checking if this is a source package ... OK * checking if there is a namespace ... OK * checking for hidden files and directories ... OK * checking for portable file names ... OK * checking for sufficient/correct file permissions ... OK * checking whether package ‘iterativeBMAsurv’ can be installed ... OK * checking installed package size ... OK * checking package directory ... OK * checking ‘build’ directory ... OK * checking DESCRIPTION meta-information ... NOTE Package listed in more than one of Depends, Imports, Suggests, Enhances: ‘survival’ A package should be listed in only one of these fields. * checking top-level files ... OK * checking for left-over files ... OK * checking index information ... OK * checking package subdirectories ... OK * checking code files for non-ASCII characters ... OK * checking R files for syntax errors ... OK * checking whether the package can be loaded ... OK * checking whether the package can be loaded with stated dependencies ... OK * checking whether the package can be unloaded cleanly ... OK * checking whether the namespace can be loaded with stated dependencies ... OK * checking whether the namespace can be unloaded cleanly ... OK * checking dependencies in R code ... NOTE Packages in Depends field not imported from: ‘BMA’ ‘leaps’ ‘splines’ These packages need to be imported from (in the NAMESPACE file) for when this namespace is loaded but not attached. * checking S3 generic/method consistency ... OK * checking replacement functions ... OK * checking foreign function calls ... OK * checking R code for possible problems ... NOTE iterateBMAsurv.train: no visible global function definition for ‘bic.surv’ iterateBMAsurv.train.wrapper: no visible global function definition for ‘bic.surv’ Undefined global functions or variables: bic.surv * checking Rd files ... WARNING checkRd: (-1) crossVal.Rd:74: Escaped LaTeX specials: \_ \_ \_ \_ checkRd: (5) iterateBMAsurv.train.Rd:67-98: \item in \value must have non-empty label prepare_Rd: predictBicSurv.Rd:46: Dropping empty section \note prepare_Rd: predictiveAssessCategory.Rd:52: Dropping empty section \note prepare_Rd: printTopGenes.Rd:49: Dropping empty section \note checkRd: (-1) printTopGenes.Rd:22: Escaped LaTeX specials: \_ \_ prepare_Rd: singleGeneCoxph.Rd:54: Dropping empty section \note checkRd: (-1) singleGeneCoxph.Rd:32: Escaped LaTeX specials: \_ prepare_Rd: testCens.Rd:13-14: Dropping empty section \details prepare_Rd: testSurv.Rd:13-14: Dropping empty section \details prepare_Rd: trainCens.Rd:13-14: Dropping empty section \details prepare_Rd: trainSurv.Rd:13-14: Dropping empty section \details * checking Rd metadata ... OK * checking Rd cross-references ... OK * checking for missing documentation entries ... OK * checking for code/documentation mismatches ... OK * checking Rd \usage sections ... OK * checking Rd contents ... OK * checking for unstated dependencies in examples ... OK * checking contents of ‘data’ directory ... OK * checking data for non-ASCII characters ... OK * checking data for ASCII and uncompressed saves ... OK * checking sizes of PDF files under ‘inst/doc’ ... OK * checking files in ‘vignettes’ ... OK * checking examples ... OK Examples with CPU (user + system) or elapsed time > 5s user system elapsed imageplot.iterate.bma.surv 25.422 0.144 27.528 predictiveAssessCategory 12.927 0.260 13.788 iterateBMAsurv.train 12.596 0.155 13.502 predictBicSurv 12.474 0.127 13.346 iterateBMAsurv.train.wrapper 12.166 0.055 12.964 iterativeBMAsurv-package 4.790 0.195 5.276 * checking for unstated dependencies in vignettes ... OK * checking package vignettes ... OK * checking running R code from vignettes ... SKIPPED * checking re-building of vignette outputs ... SKIPPED * checking PDF version of manual ... OK * DONE Status: 1 WARNING, 3 NOTEs See ‘/Users/biocbuild/bbs-3.20-bioc/meat/iterativeBMAsurv.Rcheck/00check.log’ for details.
iterativeBMAsurv.Rcheck/00install.out
############################################################################## ############################################################################## ### ### Running command: ### ### /Library/Frameworks/R.framework/Resources/bin/R CMD INSTALL iterativeBMAsurv ### ############################################################################## ############################################################################## * installing to library ‘/Library/Frameworks/R.framework/Versions/4.4-x86_64/Resources/library’ * installing *source* package ‘iterativeBMAsurv’ ... ** using staged installation ** R ** data ** byte-compile and prepare package for lazy loading ** help *** installing help indices ** building package indices ** installing vignettes ** testing if installed package can be loaded from temporary location ** testing if installed package can be loaded from final location ** testing if installed package keeps a record of temporary installation path * DONE (iterativeBMAsurv)
iterativeBMAsurv.Rcheck/iterativeBMAsurv-Ex.timings
name | user | system | elapsed | |
crossVal | 3.502 | 0.142 | 3.846 | |
imageplot.iterate.bma.surv | 25.422 | 0.144 | 27.528 | |
iterateBMAsurv.train | 12.596 | 0.155 | 13.502 | |
iterateBMAsurv.train.predict.assess | 1.429 | 0.088 | 1.595 | |
iterateBMAsurv.train.wrapper | 12.166 | 0.055 | 12.964 | |
iterativeBMAsurv-package | 4.790 | 0.195 | 5.276 | |
predictBicSurv | 12.474 | 0.127 | 13.346 | |
predictiveAssessCategory | 12.927 | 0.260 | 13.788 | |
printTopGenes | 0.703 | 0.013 | 0.748 | |
singleGeneCoxph | 0.718 | 0.014 | 0.767 | |