| Back to Multiple platform build/check report for BioC 3.20: simplified long |
|
This page was generated on 2025-04-02 19:33 -0400 (Wed, 02 Apr 2025).
| Hostname | OS | Arch (*) | R version | Installed pkgs |
|---|---|---|---|---|
| nebbiolo2 | Linux (Ubuntu 24.04.1 LTS) | x86_64 | 4.4.3 (2025-02-28) -- "Trophy Case" | 4764 |
| palomino8 | Windows Server 2022 Datacenter | x64 | 4.4.3 (2025-02-28 ucrt) -- "Trophy Case" | 4495 |
| merida1 | macOS 12.7.5 Monterey | x86_64 | 4.4.3 (2025-02-28) -- "Trophy Case" | 4522 |
| kjohnson1 | macOS 13.6.6 Ventura | arm64 | 4.4.3 (2025-02-28) -- "Trophy Case" | 4449 |
| taishan | Linux (openEuler 24.03 LTS) | aarch64 | 4.4.3 (2025-02-28) -- "Trophy Case" | 4426 |
| Click on any hostname to see more info about the system (e.g. compilers) (*) as reported by 'uname -p', except on Windows and Mac OS X | ||||
| Package 773/2289 | Hostname | OS / Arch | INSTALL | BUILD | CHECK | BUILD BIN | ||||||||
| gCrisprTools 2.12.0 (landing page) Russell Bainer
| nebbiolo2 | Linux (Ubuntu 24.04.1 LTS) / x86_64 | OK | ERROR | skipped | |||||||||
| palomino8 | Windows Server 2022 Datacenter / x64 | OK | ERROR | skipped | skipped | |||||||||
| merida1 | macOS 12.7.5 Monterey / x86_64 | OK | ERROR | skipped | skipped | |||||||||
| kjohnson1 | macOS 13.6.6 Ventura / arm64 | OK | ERROR | skipped | skipped | |||||||||
| taishan | Linux (openEuler 24.03 LTS) / aarch64 | OK | ERROR | skipped | ||||||||||
|
To the developers/maintainers of the gCrisprTools package: - Allow up to 24 hours (and sometimes 48 hours) for your latest push to git@git.bioconductor.org:packages/gCrisprTools.git to reflect on this report. See Troubleshooting Build Report for more information. - Use the following Renviron settings to reproduce errors and warnings. - If 'R CMD check' started to fail recently on the Linux builder(s) over a missing dependency, add the missing dependency to 'Suggests:' in your DESCRIPTION file. See Renviron.bioc for more information. |
| Package: gCrisprTools |
| Version: 2.12.0 |
| Command: /Library/Frameworks/R.framework/Resources/bin/R CMD build --keep-empty-dirs --no-resave-data gCrisprTools |
| StartedAt: 2025-03-31 23:48:42 -0400 (Mon, 31 Mar 2025) |
| EndedAt: 2025-03-31 23:52:46 -0400 (Mon, 31 Mar 2025) |
| EllapsedTime: 243.8 seconds |
| RetCode: 1 |
| Status: ERROR |
| PackageFile: None |
| PackageFileSize: NA |
##############################################################################
##############################################################################
###
### Running command:
###
### /Library/Frameworks/R.framework/Resources/bin/R CMD build --keep-empty-dirs --no-resave-data gCrisprTools
###
##############################################################################
##############################################################################
* checking for file ‘gCrisprTools/DESCRIPTION’ ... OK
* preparing ‘gCrisprTools’:
* checking DESCRIPTION meta-information ... OK
* installing the package to build vignettes
* creating vignettes ... ERROR
--- re-building ‘Contrast_Comparisons.Rmd’ using knitr
2025-03-31 23:49:30.126 R[13531:338798317] XType: Using static font registry.
Quitting from Contrast_Comparisons.Rmd:211-228 [unnamed-chunk-11]
~~~~~~~~~~~~~~~~~~~~~~~~~~~~~~~~~~~~~~~~~~~~~~~~~~~~~~~~~~~~~~~~~~~~~~~~~~~~~~~~
<error/rlang_error>
Error in `setkeyv()`:
! some columns are not in the data.table: [gs_cat]
---
Backtrace:
▆
1. └─sparrow::getMSigGeneSetDb(...)
2. └─data.table::setkeyv(sigs.all, c("gs_cat", "gs_name"))
3. └─data.table:::stopf(...)
4. └─data.table:::raise_condition(...)
~~~~~~~~~~~~~~~~~~~~~~~~~~~~~~~~~~~~~~~~~~~~~~~~~~~~~~~~~~~~~~~~~~~~~~~~~~~~~~~~
Error: processing vignette 'Contrast_Comparisons.Rmd' failed with diagnostics:
some columns are not in the data.table: [gs_cat]
--- failed re-building ‘Contrast_Comparisons.Rmd’
--- re-building ‘Crispr_example_workflow.Rmd’ using knitr
Quitting from Crispr_example_workflow.Rmd:224-238 [unnamed-chunk-22]
~~~~~~~~~~~~~~~~~~~~~~~~~~~~~~~~~~~~~~~~~~~~~~~~~~~~~~~~~~~~~~~~~~~~~~~~~~~~~~~~
<error/rlang_error>
Error in `setkeyv()`:
! some columns are not in the data.table: [gs_cat]
---
Backtrace:
▆
1. └─sparrow::getMSigGeneSetDb(...)
2. └─data.table::setkeyv(sigs.all, c("gs_cat", "gs_name"))
3. └─data.table:::stopf(...)
4. └─data.table:::raise_condition(...)
~~~~~~~~~~~~~~~~~~~~~~~~~~~~~~~~~~~~~~~~~~~~~~~~~~~~~~~~~~~~~~~~~~~~~~~~~~~~~~~~
Error: processing vignette 'Crispr_example_workflow.Rmd' failed with diagnostics:
some columns are not in the data.table: [gs_cat]
--- failed re-building ‘Crispr_example_workflow.Rmd’
--- re-building ‘gCrisprTools_Vignette.Rmd’ using knitr
--- finished re-building ‘gCrisprTools_Vignette.Rmd’
SUMMARY: processing the following files failed:
‘Contrast_Comparisons.Rmd’ ‘Crispr_example_workflow.Rmd’
Error: Vignette re-building failed.
Execution halted