| Back to Multiple platform build/check report for BioC 3.20: simplified long |
|
This page was generated on 2024-11-20 12:07 -0500 (Wed, 20 Nov 2024).
| Hostname | OS | Arch (*) | R version | Installed pkgs |
|---|---|---|---|---|
| teran2 | Linux (Ubuntu 24.04.1 LTS) | x86_64 | 4.4.2 (2024-10-31) -- "Pile of Leaves" | 4481 |
| nebbiolo2 | Linux (Ubuntu 24.04.1 LTS) | x86_64 | 4.4.2 (2024-10-31) -- "Pile of Leaves" | 4479 |
| palomino8 | Windows Server 2022 Datacenter | x64 | 4.4.2 (2024-10-31 ucrt) -- "Pile of Leaves" | 4359 |
| lconway | macOS 12.7.1 Monterey | x86_64 | 4.4.1 (2024-06-14) -- "Race for Your Life" | 4539 |
| kunpeng2 | Linux (openEuler 22.03 LTS-SP1) | aarch64 | 4.4.1 (2024-06-14) -- "Race for Your Life" | 4493 |
| Click on any hostname to see more info about the system (e.g. compilers) (*) as reported by 'uname -p', except on Windows and Mac OS X | ||||
| Package 729/2289 | Hostname | OS / Arch | INSTALL | BUILD | CHECK | BUILD BIN | ||||||||
| flowCore 2.18.0 (landing page) Mike Jiang
| teran2 | Linux (Ubuntu 24.04.1 LTS) / x86_64 | OK | OK | WARNINGS | |||||||||
| nebbiolo2 | Linux (Ubuntu 24.04.1 LTS) / x86_64 | OK | OK | WARNINGS | ||||||||||
| palomino8 | Windows Server 2022 Datacenter / x64 | OK | OK | WARNINGS | OK | |||||||||
| lconway | macOS 12.7.1 Monterey / x86_64 | OK | OK | WARNINGS | OK | |||||||||
| kunpeng2 | Linux (openEuler 22.03 LTS-SP1) / aarch64 | OK | OK | WARNINGS | ||||||||||
|
To the developers/maintainers of the flowCore package: - Allow up to 24 hours (and sometimes 48 hours) for your latest push to git@git.bioconductor.org:packages/flowCore.git to reflect on this report. See Troubleshooting Build Report for more information. - Use the following Renviron settings to reproduce errors and warnings. - If 'R CMD check' started to fail recently on the Linux builder(s) over a missing dependency, add the missing dependency to 'Suggests:' in your DESCRIPTION file. See Renviron.bioc for more information. - See Martin Grigorov's blog post for how to debug Linux ARM64 related issues on a x86_64 host. |
| Package: flowCore |
| Version: 2.18.0 |
| Command: /home/biocbuild/R/R/bin/R CMD check --install=check:flowCore.install-out.txt --library=/home/biocbuild/R/R/site-library --no-vignettes --timings flowCore_2.18.0.tar.gz |
| StartedAt: 2024-11-20 07:55:11 -0000 (Wed, 20 Nov 2024) |
| EndedAt: 2024-11-20 07:58:27 -0000 (Wed, 20 Nov 2024) |
| EllapsedTime: 195.5 seconds |
| RetCode: 0 |
| Status: WARNINGS |
| CheckDir: flowCore.Rcheck |
| Warnings: 3 |
##############################################################################
##############################################################################
###
### Running command:
###
### /home/biocbuild/R/R/bin/R CMD check --install=check:flowCore.install-out.txt --library=/home/biocbuild/R/R/site-library --no-vignettes --timings flowCore_2.18.0.tar.gz
###
##############################################################################
##############################################################################
* using log directory ‘/home/biocbuild/bbs-3.20-bioc/meat/flowCore.Rcheck’
* using R version 4.4.1 (2024-06-14)
* using platform: aarch64-unknown-linux-gnu
* R was compiled by
gcc (GCC) 12.2.1 20220819 (openEuler 12.2.1-14)
GNU Fortran (GCC) 10.3.1
* running under: openEuler 22.03 (LTS-SP1)
* using session charset: UTF-8
* using option ‘--no-vignettes’
* checking for file ‘flowCore/DESCRIPTION’ ... OK
* this is package ‘flowCore’ version ‘2.18.0’
* package encoding: UTF-8
* checking package namespace information ... OK
* checking package dependencies ... OK
* checking if this is a source package ... OK
* checking if there is a namespace ... OK
* checking for hidden files and directories ... OK
* checking for portable file names ... OK
* checking for sufficient/correct file permissions ... OK
* checking whether package ‘flowCore’ can be installed ... OK
* used C++ compiler: ‘g++ (conda-forge gcc 14.2.0-1) 14.2.0’
* checking C++ specification ... OK
Not all R platforms support C++17
* checking installed package size ... NOTE
installed size is 16.1Mb
sub-directories of 1Mb or more:
R 1.2Mb
data 5.4Mb
extdata 1.1Mb
libs 7.6Mb
* checking package directory ... OK
* checking ‘build’ directory ... OK
* checking DESCRIPTION meta-information ... OK
* checking top-level files ... OK
* checking for left-over files ... OK
* checking index information ... OK
* checking package subdirectories ... OK
* checking code files for non-ASCII characters ... OK
* checking R files for syntax errors ... OK
* checking whether the package can be loaded ... OK
* checking whether the package can be loaded with stated dependencies ... OK
* checking whether the package can be unloaded cleanly ... OK
* checking whether the namespace can be loaded with stated dependencies ... OK
* checking whether the namespace can be unloaded cleanly ... OK
* checking loading without being on the library search path ... OK
* checking dependencies in R code ... NOTE
Namespace in Imports field not imported from: ‘Rcpp’
All declared Imports should be used.
* checking S3 generic/method consistency ... OK
* checking replacement functions ... OK
* checking foreign function calls ... OK
* checking R code for possible problems ... NOTE
eval,compensatedParameter-missing : <anonymous>: no visible binding for
global variable ‘mat’
eval,compensatedParameter-missing : <anonymous>: no visible binding for
global variable ‘msv’
show,flowFrame: no visible global function definition for
‘capture.output’
Undefined global functions or variables:
capture.output mat msv
Consider adding
importFrom("utils", "capture.output")
to your NAMESPACE file.
* checking Rd files ... NOTE
checkRd: (-1) identifier-methods.Rd:36: Escaped LaTeX specials: \^
checkRd: (-1) quadraticTransform.Rd:26: Escaped LaTeX specials: \^
checkRd: (-1) read.FCS.Rd:26: Escaped LaTeX specials: \$
* checking Rd metadata ... OK
* checking Rd cross-references ... OK
* checking for missing documentation entries ... WARNING
Undocumented code objects:
‘multiRangeGate’
Undocumented S4 classes:
‘multiRangeGate’
Undocumented S4 methods:
generic '%in%' and siglist 'flowFrame,multiRangeGate'
generic 'show' and siglist 'multiRangeGate'
All user-level objects in a package (including S4 classes and methods)
should have documentation entries.
See chapter ‘Writing R documentation files’ in the ‘Writing R
Extensions’ manual.
* checking for code/documentation mismatches ... OK
* checking Rd \usage sections ... OK
* checking Rd contents ... OK
* checking for unstated dependencies in examples ... OK
* checking contents of ‘data’ directory ... OK
* checking data for non-ASCII characters ... OK
* checking data for ASCII and uncompressed saves ... OK
* checking line endings in C/C++/Fortran sources/headers ... OK
* checking line endings in Makefiles ... OK
* checking compilation flags in Makevars ... WARNING
Non-portable flags in variable 'PKG_CPPFLAGS':
-w -Wfatal-errors
* checking for GNU extensions in Makefiles ... OK
* checking for portable use of $(BLAS_LIBS) and $(LAPACK_LIBS) ... OK
* checking use of PKG_*FLAGS in Makefiles ... OK
* checking compiled code ... WARNING
Note: information on .o files is not available
File ‘/home/biocbuild/R/R-4.4.1/site-library/flowCore/libs/flowCore.so’:
Found ‘_ZSt4cerr’, possibly from ‘std::cerr’ (C++)
Found ‘rand’, possibly from ‘rand’ (C)
Found ‘sprintf’, possibly from ‘sprintf’ (C)
Found ‘srand’, possibly from ‘srand’ (C)
Compiled code should not call entry points which might terminate R nor
write to stdout/stderr instead of to the console, nor use Fortran I/O
nor system RNGs nor [v]sprintf. The detected symbols are linked into
the code but might come from libraries and not actually be called.
See ‘Writing portable packages’ in the ‘Writing R Extensions’ manual.
* checking installed files from ‘inst/doc’ ... OK
* checking files in ‘vignettes’ ... OK
* checking examples ... OK
Examples with CPU (user + system) or elapsed time > 5s
user system elapsed
filterResultList-class 7.070 0.139 7.234
flowFrame-class 5.974 0.056 6.046
* checking for unstated dependencies in ‘tests’ ... OK
* checking tests ...
Running ‘testthat.R’
OK
* checking for unstated dependencies in vignettes ... OK
* checking package vignettes ... OK
* checking running R code from vignettes ... SKIPPED
* checking re-building of vignette outputs ... SKIPPED
* checking PDF version of manual ... OK
* DONE
Status: 3 WARNINGs, 4 NOTEs
See
‘/home/biocbuild/bbs-3.20-bioc/meat/flowCore.Rcheck/00check.log’
for details.
flowCore.Rcheck/00install.out
############################################################################## ############################################################################## ### ### Running command: ### ### /home/biocbuild/R/R/bin/R CMD INSTALL flowCore ### ############################################################################## ############################################################################## * installing to library ‘/home/biocbuild/R/R-4.4.1/site-library’ * installing *source* package ‘flowCore’ ... ** using staged installation ** libs using C++ compiler: ‘g++ (conda-forge gcc 14.2.0-1) 14.2.0’ using C++17 g++ -std=gnu++17 -I"/home/biocbuild/R/R-4.4.1/include" -DNDEBUG -DBOOST_NO_AUTO_PTR -w -Wfatal-errors -I'/home/biocbuild/R/R-4.4.1/site-library/cpp11/include' -I'/home/biocbuild/R/R-4.4.1/site-library/BH/include' -I'/home/biocbuild/R/R-4.4.1/site-library/cytolib/include' -I'/home/biocbuild/R/R-4.4.1/site-library/RProtoBufLib/include' -I/usr/local/include -fPIC -g -O2 -Wall -c FastLogicle.cpp -o FastLogicle.o g++ -std=gnu++17 -I"/home/biocbuild/R/R-4.4.1/include" -DNDEBUG -DBOOST_NO_AUTO_PTR -w -Wfatal-errors -I'/home/biocbuild/R/R-4.4.1/site-library/cpp11/include' -I'/home/biocbuild/R/R-4.4.1/site-library/BH/include' -I'/home/biocbuild/R/R-4.4.1/site-library/cytolib/include' -I'/home/biocbuild/R/R-4.4.1/site-library/RProtoBufLib/include' -I/usr/local/include -fPIC -g -O2 -Wall -c Hyperlog.cpp -o Hyperlog.o g++ -std=gnu++17 -I"/home/biocbuild/R/R-4.4.1/include" -DNDEBUG -DBOOST_NO_AUTO_PTR -w -Wfatal-errors -I'/home/biocbuild/R/R-4.4.1/site-library/cpp11/include' -I'/home/biocbuild/R/R-4.4.1/site-library/BH/include' -I'/home/biocbuild/R/R-4.4.1/site-library/cytolib/include' -I'/home/biocbuild/R/R-4.4.1/site-library/RProtoBufLib/include' -I/usr/local/include -fPIC -g -O2 -Wall -c Logicle.cpp -o Logicle.o g++ -std=gnu++17 -I"/home/biocbuild/R/R-4.4.1/include" -DNDEBUG -DBOOST_NO_AUTO_PTR -w -Wfatal-errors -I'/home/biocbuild/R/R-4.4.1/site-library/cpp11/include' -I'/home/biocbuild/R/R-4.4.1/site-library/BH/include' -I'/home/biocbuild/R/R-4.4.1/site-library/cytolib/include' -I'/home/biocbuild/R/R-4.4.1/site-library/RProtoBufLib/include' -I/usr/local/include -fPIC -g -O2 -Wall -c biexponential.cpp -o biexponential.o g++ -std=gnu++17 -I"/home/biocbuild/R/R-4.4.1/include" -DNDEBUG -DBOOST_NO_AUTO_PTR -w -Wfatal-errors -I'/home/biocbuild/R/R-4.4.1/site-library/cpp11/include' -I'/home/biocbuild/R/R-4.4.1/site-library/BH/include' -I'/home/biocbuild/R/R-4.4.1/site-library/cytolib/include' -I'/home/biocbuild/R/R-4.4.1/site-library/RProtoBufLib/include' -I/usr/local/include -fPIC -g -O2 -Wall -c convertRawBytes.cpp -o convertRawBytes.o g++ -std=gnu++17 -I"/home/biocbuild/R/R-4.4.1/include" -DNDEBUG -DBOOST_NO_AUTO_PTR -w -Wfatal-errors -I'/home/biocbuild/R/R-4.4.1/site-library/cpp11/include' -I'/home/biocbuild/R/R-4.4.1/site-library/BH/include' -I'/home/biocbuild/R/R-4.4.1/site-library/cytolib/include' -I'/home/biocbuild/R/R-4.4.1/site-library/RProtoBufLib/include' -I/usr/local/include -fPIC -g -O2 -Wall -c cpp11.cpp -o cpp11.o g++ -std=gnu++17 -I"/home/biocbuild/R/R-4.4.1/include" -DNDEBUG -DBOOST_NO_AUTO_PTR -w -Wfatal-errors -I'/home/biocbuild/R/R-4.4.1/site-library/cpp11/include' -I'/home/biocbuild/R/R-4.4.1/site-library/BH/include' -I'/home/biocbuild/R/R-4.4.1/site-library/cytolib/include' -I'/home/biocbuild/R/R-4.4.1/site-library/RProtoBufLib/include' -I/usr/local/include -fPIC -g -O2 -Wall -c fcsTextParse.cpp -o fcsTextParse.o g++ -std=gnu++17 -I"/home/biocbuild/R/R-4.4.1/include" -DNDEBUG -DBOOST_NO_AUTO_PTR -w -Wfatal-errors -I'/home/biocbuild/R/R-4.4.1/site-library/cpp11/include' -I'/home/biocbuild/R/R-4.4.1/site-library/BH/include' -I'/home/biocbuild/R/R-4.4.1/site-library/cytolib/include' -I'/home/biocbuild/R/R-4.4.1/site-library/RProtoBufLib/include' -I/usr/local/include -fPIC -g -O2 -Wall -c hyperlogTransform.cpp -o hyperlogTransform.o g++ -std=gnu++17 -I"/home/biocbuild/R/R-4.4.1/include" -DNDEBUG -DBOOST_NO_AUTO_PTR -w -Wfatal-errors -I'/home/biocbuild/R/R-4.4.1/site-library/cpp11/include' -I'/home/biocbuild/R/R-4.4.1/site-library/BH/include' -I'/home/biocbuild/R/R-4.4.1/site-library/cytolib/include' -I'/home/biocbuild/R/R-4.4.1/site-library/RProtoBufLib/include' -I/usr/local/include -fPIC -g -O2 -Wall -c inPolygon.cpp -o inPolygon.o g++ -std=gnu++17 -I"/home/biocbuild/R/R-4.4.1/include" -DNDEBUG -DBOOST_NO_AUTO_PTR -w -Wfatal-errors -I'/home/biocbuild/R/R-4.4.1/site-library/cpp11/include' -I'/home/biocbuild/R/R-4.4.1/site-library/BH/include' -I'/home/biocbuild/R/R-4.4.1/site-library/cytolib/include' -I'/home/biocbuild/R/R-4.4.1/site-library/RProtoBufLib/include' -I/usr/local/include -fPIC -g -O2 -Wall -c inPolytope.cpp -o inPolytope.o g++ -std=gnu++17 -I"/home/biocbuild/R/R-4.4.1/include" -DNDEBUG -DBOOST_NO_AUTO_PTR -w -Wfatal-errors -I'/home/biocbuild/R/R-4.4.1/site-library/cpp11/include' -I'/home/biocbuild/R/R-4.4.1/site-library/BH/include' -I'/home/biocbuild/R/R-4.4.1/site-library/cytolib/include' -I'/home/biocbuild/R/R-4.4.1/site-library/RProtoBufLib/include' -I/usr/local/include -fPIC -g -O2 -Wall -c logicleTransform.cpp -o logicleTransform.o g++ -std=gnu++17 -I"/home/biocbuild/R/R-4.4.1/include" -DNDEBUG -DBOOST_NO_AUTO_PTR -w -Wfatal-errors -I'/home/biocbuild/R/R-4.4.1/site-library/cpp11/include' -I'/home/biocbuild/R/R-4.4.1/site-library/BH/include' -I'/home/biocbuild/R/R-4.4.1/site-library/cytolib/include' -I'/home/biocbuild/R/R-4.4.1/site-library/RProtoBufLib/include' -I/usr/local/include -fPIC -g -O2 -Wall -c poly_centroid.cpp -o poly_centroid.o g++ -std=gnu++17 -I"/home/biocbuild/R/R-4.4.1/include" -DNDEBUG -DBOOST_NO_AUTO_PTR -w -Wfatal-errors -I'/home/biocbuild/R/R-4.4.1/site-library/cpp11/include' -I'/home/biocbuild/R/R-4.4.1/site-library/BH/include' -I'/home/biocbuild/R/R-4.4.1/site-library/cytolib/include' -I'/home/biocbuild/R/R-4.4.1/site-library/RProtoBufLib/include' -I/usr/local/include -fPIC -g -O2 -Wall -c sortBytes.cpp -o sortBytes.o g++ -std=gnu++17 -I"/home/biocbuild/R/R-4.4.1/include" -DNDEBUG -DBOOST_NO_AUTO_PTR -w -Wfatal-errors -I'/home/biocbuild/R/R-4.4.1/site-library/cpp11/include' -I'/home/biocbuild/R/R-4.4.1/site-library/BH/include' -I'/home/biocbuild/R/R-4.4.1/site-library/cytolib/include' -I'/home/biocbuild/R/R-4.4.1/site-library/RProtoBufLib/include' -I/usr/local/include -fPIC -g -O2 -Wall -c uint2double.cpp -o uint2double.o g++ -std=gnu++17 -I"/home/biocbuild/R/R-4.4.1/include" -DNDEBUG -DBOOST_NO_AUTO_PTR -w -Wfatal-errors -I'/home/biocbuild/R/R-4.4.1/site-library/cpp11/include' -I'/home/biocbuild/R/R-4.4.1/site-library/BH/include' -I'/home/biocbuild/R/R-4.4.1/site-library/cytolib/include' -I'/home/biocbuild/R/R-4.4.1/site-library/RProtoBufLib/include' -I/usr/local/include -fPIC -g -O2 -Wall -c zeroin.cpp -o zeroin.o g++ -std=gnu++17 -shared -L/home/biocbuild/R/R-4.4.1/lib -L/usr/local/lib -o flowCore.so FastLogicle.o Hyperlog.o Logicle.o biexponential.o convertRawBytes.o cpp11.o fcsTextParse.o hyperlogTransform.o inPolygon.o inPolytope.o logicleTransform.o poly_centroid.o sortBytes.o uint2double.o zeroin.o /home/biocbuild/R/R-4.4.1/site-library/cytolib/lib/libcytolib.a -L/home/biocbuild/R/R-4.4.1/lib -lR if [ `uname -s` = 'Darwin' ]; then install_name_tool -change /usr/local/clang4/lib/libc++.1.dylib /usr/lib/libc++.1.dylib flowCore.so; fi installing to /home/biocbuild/R/R-4.4.1/site-library/00LOCK-flowCore/00new/flowCore/libs ** R ** data ** inst ** byte-compile and prepare package for lazy loading ** help *** installing help indices ** building package indices ** installing vignettes ** testing if installed package can be loaded from temporary location ** checking absolute paths in shared objects and dynamic libraries ** testing if installed package can be loaded from final location ** testing if installed package keeps a record of temporary installation path * DONE (flowCore)
flowCore.Rcheck/tests/testthat.Rout
R version 4.4.1 (2024-06-14) -- "Race for Your Life"
Copyright (C) 2024 The R Foundation for Statistical Computing
Platform: aarch64-unknown-linux-gnu
R is free software and comes with ABSOLUTELY NO WARRANTY.
You are welcome to redistribute it under certain conditions.
Type 'license()' or 'licence()' for distribution details.
R is a collaborative project with many contributors.
Type 'contributors()' for more information and
'citation()' on how to cite R or R packages in publications.
Type 'demo()' for some demos, 'help()' for on-line help, or
'help.start()' for an HTML browser interface to help.
Type 'q()' to quit R.
> library(testthat)
> library(flowCore)
> library(flowStats)
Warning message:
replacing previous import 'flowViz::contour' by 'graphics::contour' when loading 'flowStats'
>
>
> test_check("flowCore")
Loading required package: BiocGenerics
Attaching package: 'BiocGenerics'
The following object is masked from 'package:flowStats':
normalize
The following object is masked from 'package:flowCore':
normalize
The following objects are masked from 'package:stats':
IQR, mad, sd, var, xtabs
The following objects are masked from 'package:base':
Filter, Find, Map, Position, Reduce, anyDuplicated, aperm, append,
as.data.frame, basename, cbind, colnames, dirname, do.call,
duplicated, eval, evalq, get, grep, grepl, intersect, is.unsorted,
lapply, mapply, match, mget, order, paste, pmax, pmax.int, pmin,
pmin.int, rank, rbind, rownames, sapply, saveRDS, setdiff, table,
tapply, union, unique, unsplit, which.max, which.min
Welcome to Bioconductor
Vignettes contain introductory material; view with
'browseVignettes()'. To cite Bioconductor, see
'citation("Biobase")', and for packages 'citation("pkgname")'.
[ FAIL 0 | WARN 2 | SKIP 3 | PASS 324 ]
══ Skipped tests (3) ═══════════════════════════════════════════════════════════
• dir.exists(dataPath) is not TRUE (1): 'test-IO-internal.R:4:1'
• file.exists(filename) is not TRUE (2): 'test-IO.R:32:3', 'test-IO.R:40:3'
[ FAIL 0 | WARN 2 | SKIP 3 | PASS 324 ]
>
> #devtools::test("~/rglab/workspace/flowCore")
>
> proc.time()
user system elapsed
30.731 0.843 31.596
flowCore.Rcheck/flowCore-Ex.timings
| name | user | system | elapsed | |
| EHtrans-class | 0.087 | 0.004 | 0.093 | |
| FCSTransTransform | 2.283 | 0.048 | 2.337 | |
| Subset-methods | 0.295 | 0.004 | 0.302 | |
| arcsinhTransform | 0.071 | 0.004 | 0.075 | |
| asinht-class | 0.041 | 0.000 | 0.040 | |
| asinhtGml2-class | 0.051 | 0.000 | 0.050 | |
| biexponentialTransform | 4.744 | 0.092 | 4.845 | |
| boundaryFilter-class | 0.100 | 0.008 | 0.109 | |
| characterOrNumeric-class | 0.001 | 0.000 | 0.001 | |
| characterOrParameters-class | 0 | 0 | 0 | |
| characterOrTransformation-class | 0.001 | 0.000 | 0.001 | |
| coerce | 0.078 | 0.000 | 0.078 | |
| collapse_desc | 2.050 | 0.016 | 2.070 | |
| compensatedParameter-class | 0.187 | 0.004 | 0.200 | |
| compensation-class | 0.446 | 0.000 | 0.447 | |
| decompensate | 0.070 | 0.008 | 0.077 | |
| dg1polynomial-class | 0.051 | 0.004 | 0.055 | |
| each_col | 0.047 | 0.000 | 0.047 | |
| ellipsoidGate-class | 0.088 | 0.000 | 0.088 | |
| exponential-class | 0.038 | 0.000 | 0.038 | |
| expressionFilter-class | 0.108 | 0.008 | 0.117 | |
| filter-methods | 2.015 | 0.020 | 2.039 | |
| filter-on-methods | 0.119 | 0.004 | 0.122 | |
| filterList-class | 0.006 | 0.000 | 0.007 | |
| filterResult-class | 0.001 | 0.000 | 0.001 | |
| filterResultList-class | 7.070 | 0.139 | 7.234 | |
| filterSummary-class | 0.118 | 0.000 | 0.118 | |
| filterSummaryList-class | 2.512 | 0.060 | 2.577 | |
| flowFrame-class | 5.974 | 0.056 | 6.046 | |
| flowSet-class | 4.159 | 0.118 | 4.295 | |
| fr_append_cols | 1.744 | 0.024 | 1.770 | |
| fsApply | 0.181 | 0.012 | 0.193 | |
| getIndexSort | 0.034 | 0.000 | 0.033 | |
| hyperlog-class | 1.177 | 0.016 | 1.195 | |
| hyperlogtGml2-class | 0.035 | 0.004 | 0.038 | |
| identifier-methods | 0.032 | 0.000 | 0.032 | |
| inverseLogicleTransform | 1.677 | 0.004 | 1.684 | |
| invsplitscale-class | 0.039 | 0.000 | 0.038 | |
| keyword-methods | 1.639 | 0.016 | 1.658 | |
| kmeansFilter-class | 0.159 | 0.000 | 0.159 | |
| linearTransform | 0.043 | 0.000 | 0.043 | |
| lintGml2-class | 0.036 | 0.000 | 0.036 | |
| lnTransform | 2.307 | 0.012 | 2.322 | |
| logTransform | 0.058 | 0.000 | 0.058 | |
| logarithm-class | 0.035 | 0.004 | 0.040 | |
| logicalFilterResult-class | 0.001 | 0.000 | 0.001 | |
| logicleTransform | 1.990 | 0.008 | 2.002 | |
| logicletGml2-class | 0.06 | 0.00 | 0.06 | |
| logtGml2-class | 0.042 | 0.000 | 0.043 | |
| manyFilterResult-class | 0.001 | 0.000 | 0.001 | |
| markernames | 1.954 | 0.000 | 1.957 | |
| multipleFilterResult-class | 0.000 | 0.000 | 0.001 | |
| parameters-methods | 0.036 | 0.000 | 0.036 | |
| polygonGate-class | 0.079 | 0.004 | 0.083 | |
| quadGate-class | 0.712 | 0.024 | 0.737 | |
| quadratic-class | 0.038 | 0.000 | 0.038 | |
| quadraticTransform | 0.044 | 0.000 | 0.044 | |
| ratio-class | 0.045 | 0.000 | 0.045 | |
| ratiotGml2-class | 0.037 | 0.000 | 0.036 | |
| read.FCS | 0.101 | 0.004 | 0.104 | |
| read.FCSheader | 0.007 | 0.000 | 0.006 | |
| read.flowSet | 0.139 | 0.000 | 0.139 | |
| rectangleGate-class | 0.115 | 0.000 | 0.115 | |
| rotate_gate | 0 | 0 | 0 | |
| sampleFilter-class | 0.067 | 0.000 | 0.067 | |
| scaleTransform | 0.041 | 0.004 | 0.045 | |
| scale_gate | 0 | 0 | 0 | |
| shift_gate | 0 | 0 | 0 | |
| singleParameterTransform-class | 0.001 | 0.000 | 0.001 | |
| sinht-class | 0.037 | 0.000 | 0.038 | |
| split-methods | 2.425 | 0.036 | 2.466 | |
| splitScaleTransform | 2.918 | 0.004 | 2.975 | |
| splitscale-class | 0.037 | 0.000 | 0.037 | |
| squareroot-class | 0.033 | 0.003 | 0.037 | |
| timeFilter-class | 3.096 | 0.008 | 3.110 | |
| transform-class | 0.001 | 0.000 | 0.001 | |
| transform | 2.336 | 0.004 | 2.344 | |
| transformFilter-class | 0.181 | 0.000 | 0.182 | |
| transformList-class | 1.859 | 0.019 | 1.883 | |
| transformMap-class | 0.001 | 0.000 | 0.001 | |
| transform_gate | 0 | 0 | 0 | |
| truncateTransform | 0.045 | 0.000 | 0.045 | |
| unitytransform-class | 0.034 | 0.000 | 0.034 | |
| write.FCS | 0.058 | 0.004 | 0.062 | |
| write.flowSet | 2.068 | 0.008 | 2.079 | |