| Back to Multiple platform build/check report for BioC 3.20: simplified long | 
  | 
This page was generated on 2025-04-02 19:31 -0400 (Wed, 02 Apr 2025).
| Hostname | OS | Arch (*) | R version | Installed pkgs | 
|---|---|---|---|---|
| nebbiolo2 | Linux (Ubuntu 24.04.1 LTS) | x86_64 | 4.4.3 (2025-02-28) -- "Trophy Case" | 4764 | 
| palomino8 | Windows Server 2022 Datacenter | x64 | 4.4.3 (2025-02-28 ucrt) -- "Trophy Case" | 4495 | 
| merida1 | macOS 12.7.5 Monterey | x86_64 | 4.4.3 (2025-02-28) -- "Trophy Case" | 4522 | 
| kjohnson1 | macOS 13.6.6 Ventura | arm64 | 4.4.3 (2025-02-28) -- "Trophy Case" | 4449 | 
| taishan | Linux (openEuler 24.03 LTS) | aarch64 | 4.4.3 (2025-02-28) -- "Trophy Case" | 4426 | 
| Click on any hostname to see more info about the system (e.g. compilers) (*) as reported by 'uname -p', except on Windows and Mac OS X | ||||
| Package 370/2289 | Hostname | OS / Arch | INSTALL | BUILD | CHECK | BUILD BIN | ||||||||
| clstutils 1.54.0  (landing page) Noah Hoffman 
  | nebbiolo2 | Linux (Ubuntu 24.04.1 LTS) / x86_64 | OK | OK | WARNINGS | |||||||||
| palomino8 | Windows Server 2022 Datacenter / x64 | OK | OK | WARNINGS | OK | |||||||||
| merida1 | macOS 12.7.5 Monterey / x86_64 | OK | OK | WARNINGS | OK | |||||||||
| kjohnson1 | macOS 13.6.6 Ventura / arm64 | OK | OK | WARNINGS | OK | |||||||||
| taishan | Linux (openEuler 24.03 LTS) / aarch64 | OK | OK | WARNINGS | ||||||||||
| 
To the developers/maintainers of the clstutils package: - Allow up to 24 hours (and sometimes 48 hours) for your latest push to git@git.bioconductor.org:packages/clstutils.git to reflect on this report. See Troubleshooting Build Report for more information. - Use the following Renviron settings to reproduce errors and warnings. - If 'R CMD check' started to fail recently on the Linux builder(s) over a missing dependency, add the missing dependency to 'Suggests:' in your DESCRIPTION file. See Renviron.bioc for more information.  | 
| Package: clstutils | 
| Version: 1.54.0 | 
| Command: /Library/Frameworks/R.framework/Resources/bin/R CMD check --install=check:clstutils.install-out.txt --library=/Library/Frameworks/R.framework/Resources/library --no-vignettes --timings clstutils_1.54.0.tar.gz | 
| StartedAt: 2025-04-01 00:51:22 -0400 (Tue, 01 Apr 2025) | 
| EndedAt: 2025-04-01 00:53:13 -0400 (Tue, 01 Apr 2025) | 
| EllapsedTime: 111.1 seconds | 
| RetCode: 0 | 
| Status: WARNINGS | 
| CheckDir: clstutils.Rcheck | 
| Warnings: 1 | 
##############################################################################
##############################################################################
###
### Running command:
###
###   /Library/Frameworks/R.framework/Resources/bin/R CMD check --install=check:clstutils.install-out.txt --library=/Library/Frameworks/R.framework/Resources/library --no-vignettes --timings clstutils_1.54.0.tar.gz
###
##############################################################################
##############################################################################
* using log directory ‘/Users/biocbuild/bbs-3.20-bioc/meat/clstutils.Rcheck’
* using R version 4.4.3 (2025-02-28)
* using platform: x86_64-apple-darwin20
* R was compiled by
    Apple clang version 14.0.0 (clang-1400.0.29.202)
    GNU Fortran (GCC) 12.2.0
* running under: macOS Monterey 12.7.6
* using session charset: UTF-8
* using option ‘--no-vignettes’
* checking for file ‘clstutils/DESCRIPTION’ ... OK
* checking extension type ... Package
* this is package ‘clstutils’ version ‘1.54.0’
* checking package namespace information ... OK
* checking package dependencies ... OK
* checking if this is a source package ... OK
* checking if there is a namespace ... OK
* checking for hidden files and directories ... OK
* checking for portable file names ... OK
* checking for sufficient/correct file permissions ... OK
* checking whether package ‘clstutils’ can be installed ... OK
* checking installed package size ... OK
* checking package directory ... OK
* checking ‘build’ directory ... OK
* checking DESCRIPTION meta-information ... OK
* checking top-level files ... OK
* checking for left-over files ... OK
* checking index information ... OK
* checking package subdirectories ... OK
* checking code files for non-ASCII characters ... OK
* checking R files for syntax errors ... OK
* checking whether the package can be loaded ... OK
* checking whether the package can be loaded with stated dependencies ... OK
* checking whether the package can be unloaded cleanly ... OK
* checking whether the namespace can be loaded with stated dependencies ... OK
* checking whether the namespace can be unloaded cleanly ... OK
* checking dependencies in R code ... NOTE
'library' or 'require' call to ‘rjson’ which was already attached by Depends.
  Please remove these calls from your code.
Packages in Depends field not imported from:
  ‘ape’ ‘rjson’
  These packages need to be imported from (in the NAMESPACE file)
  for when this namespace is loaded but not attached.
* checking S3 generic/method consistency ... OK
* checking replacement functions ... OK
* checking foreign function calls ... NOTE
Foreign function call to a different package:
  .Call("seq_root2tip", ..., PACKAGE = "ape")
See chapter ‘System and foreign language interfaces’ in the ‘Writing R
Extensions’ manual.
* checking R code for possible problems ... NOTE
edgeMap: no visible global function definition for ‘fromJSON’
prettyTree: no visible binding for global variable ‘.PlotPhyloEnv’
refpkgContents: no visible global function definition for ‘fromJSON’
Undefined global functions or variables:
  .PlotPhyloEnv fromJSON
* checking Rd files ... OK
* checking Rd metadata ... OK
* checking Rd cross-references ... OK
* checking for missing documentation entries ... OK
* checking for code/documentation mismatches ... OK
* checking Rd \usage sections ... OK
* checking Rd contents ... OK
* checking for unstated dependencies in examples ... OK
* checking contents of ‘data’ directory ... OK
* checking data for non-ASCII characters ... OK
* checking LazyData ... OK
* checking data for ASCII and uncompressed saves ... OK
* checking line endings in Makefiles ... OK
* checking for GNU extensions in Makefiles ... WARNING
Found the following file(s) containing GNU extensions:
  tests/unit/Makefile
Portable Makefiles do not use GNU extensions such as +=, :=, $(shell),
$(wildcard), ifeq ... endif, .NOTPARALLEL See section ‘Writing portable
packages’ in the ‘Writing R Extensions’ manual.
* checking include directives in Makefiles ... OK
* checking sizes of PDF files under ‘inst/doc’ ... OK
* checking files in ‘vignettes’ ... OK
* checking examples ... OK
Examples with CPU (user + system) or elapsed time > 5s
                    user system elapsed
classifyPlacements 5.822  0.279   6.917
treeDists          4.528  0.150   5.085
* checking for unstated dependencies in ‘tests’ ... OK
* checking tests ...
  Running ‘runalltests.R’
 OK
* checking for unstated dependencies in vignettes ... OK
* checking package vignettes ... OK
* checking running R code from vignettes ... SKIPPED
* checking re-building of vignette outputs ... SKIPPED
* checking PDF version of manual ... OK
* DONE
Status: 1 WARNING, 3 NOTEs
See
  ‘/Users/biocbuild/bbs-3.20-bioc/meat/clstutils.Rcheck/00check.log’
for details.
clstutils.Rcheck/00install.out
############################################################################## ############################################################################## ### ### Running command: ### ### /Library/Frameworks/R.framework/Resources/bin/R CMD INSTALL clstutils ### ############################################################################## ############################################################################## * installing to library ‘/Library/Frameworks/R.framework/Versions/4.4-x86_64/Resources/library’ * installing *source* package ‘clstutils’ ... ** using staged installation ** R ** data *** moving datasets to lazyload DB ** inst ** byte-compile and prepare package for lazy loading ** help *** installing help indices ** building package indices ** installing vignettes ** testing if installed package can be loaded from temporary location ** testing if installed package can be loaded from final location ** testing if installed package keeps a record of temporary installation path * DONE (clstutils)
clstutils.Rcheck/tests/runalltests.Rout
R version 4.4.3 (2025-02-28) -- "Trophy Case"
Copyright (C) 2025 The R Foundation for Statistical Computing
Platform: x86_64-apple-darwin20
R is free software and comes with ABSOLUTELY NO WARRANTY.
You are welcome to redistribute it under certain conditions.
Type 'license()' or 'licence()' for distribution details.
R is a collaborative project with many contributors.
Type 'contributors()' for more information and
'citation()' on how to cite R or R packages in publications.
Type 'demo()' for some demos, 'help()' for on-line help, or
'help.start()' for an HTML browser interface to help.
Type 'q()' to quit R.
> library("RUnit")
> 
> options(warn=1)
> 
> dirs <- 'unit'
> 
> testFilePat <- ".*_test\\.R$"
> 
> allSuite <- defineTestSuite(name="allSuite",
+                             dirs=dirs,
+                             testFileRegexp=testFilePat,
+                             rngKind="default",
+                             rngNormalKind="default"
+                             )
> 
> testData <- runTestSuite(allSuite)
Loading required package: clst
Loading required package: rjson
Loading required package: ape
Executing test function test_seqdata  ...  done successfully.
Executing test function test_seqs  ...  done successfully.
Executing test function test_classifyPlacements01  ...   tax_id         tax_name   rank below above score match  min median  max   d
1  33958 Lactobacillaceae family   106    12  0.89     1 0.03   0.73 1.12 0.9
   at
1 860
 done successfully.
Executing test function test_distfile  ...  done successfully.
Executing test function test_edgeMap01  ...  done successfully.
Executing test function test_placeMat01  ...  done successfully.
Executing test function test_placeMat02  ...  done successfully.
Executing test function test_placefile  ...  done successfully.
Executing test function test_treeDists01  ...  done successfully.
Executing test function test_findOutliers01  ...  done successfully.
Executing test function test_findOutliers02  ...  done successfully.
Executing test function test_maxDists01  ...  done successfully.
Executing test function test_maxDists02  ...  done successfully.
Executing test function test_maxDists03  ...  done successfully.
Executing test function test_refpkgContents  ...  done successfully.
Executing test function test_taxonomyFromRefpkg01  ...  done successfully.
> 
> printTextProtocol(testData, showDetails=TRUE)
RUNIT TEST PROTOCOL -- Tue Apr  1 00:53:00 2025 
*********************************************** 
Number of test functions: 16 
Number of errors: 0 
Number of failures: 0 
 
1 Test Suite : 
allSuite - 16 test functions, 0 errors, 0 failures
Details 
*************************** 
Test Suite: allSuite 
Test function regexp: ^test.+ 
Test file regexp: .*_test\.R$ 
Involved directory: 
unit 
--------------------------- 
Test file: unit/data_test.R 
test_seqdata: (3 checks) ... OK (0.01 seconds)
test_seqs: (1 checks) ... OK (0.01 seconds)
--------------------------- 
Test file: unit/placeTools_test.R 
test_classifyPlacements01: (0 checks) ... OK (7.41 seconds)
test_distfile: (1 checks) ... OK (0 seconds)
test_edgeMap01: (2 checks) ... OK (1.21 seconds)
test_placeMat01: (2 checks) ... OK (3.35 seconds)
test_placeMat02: (3 checks) ... OK (4.58 seconds)
test_placefile: (1 checks) ... OK (0 seconds)
test_treeDists01: (2 checks) ... OK (4.29 seconds)
--------------------------- 
Test file: unit/taxTools_test.R 
test_findOutliers01: (1 checks) ... OK (0.05 seconds)
test_findOutliers02: (3 checks) ... OK (0.08 seconds)
test_maxDists01: (2 checks) ... OK (0.05 seconds)
test_maxDists02: (2 checks) ... OK (0.06 seconds)
test_maxDists03: (3 checks) ... OK (0.07 seconds)
test_refpkgContents: (2 checks) ... OK (0 seconds)
test_taxonomyFromRefpkg01: (24 checks) ... OK (0.03 seconds)
> 
> #q(runLast=FALSE)
> 
> proc.time()
   user  system elapsed 
 24.666   1.868  28.279 
clstutils.Rcheck/clstutils-Ex.timings
| name | user | system | elapsed | |
| classifyPlacements | 5.822 | 0.279 | 6.917 | |
| clstutils-package | 0.017 | 0.001 | 0.022 | |
| findOutliers | 0.061 | 0.007 | 0.075 | |
| maxDists | 0.312 | 0.031 | 0.381 | |
| prettyTree | 0.225 | 0.026 | 0.284 | |
| refpkgContents | 0.021 | 0.026 | 0.053 | |
| seqdat | 0.004 | 0.003 | 0.006 | |
| seqs | 0.004 | 0.005 | 0.011 | |
| taxonomyFromRefpkg | 0.065 | 0.033 | 0.108 | |
| treeDists | 4.528 | 0.150 | 5.085 | |