| Back to Multiple platform build/check report for BioC 3.20: simplified long |
|
This page was generated on 2024-07-16 11:40 -0400 (Tue, 16 Jul 2024).
| Hostname | OS | Arch (*) | R version | Installed pkgs |
|---|---|---|---|---|
| nebbiolo2 | Linux (Ubuntu 22.04.3 LTS) | x86_64 | 4.4.1 (2024-06-14) -- "Race for Your Life" | 4677 |
| palomino6 | Windows Server 2022 Datacenter | x64 | 4.4.1 (2024-06-14 ucrt) -- "Race for Your Life" | 4416 |
| lconway | macOS 12.7.1 Monterey | x86_64 | 4.4.1 (2024-06-14) -- "Race for Your Life" | 4444 |
| kjohnson3 | macOS 13.6.5 Ventura | arm64 | 4.4.1 (2024-06-14) -- "Race for Your Life" | 4393 |
| palomino8 | Windows Server 2022 Datacenter | x64 | 4.4.1 (2024-06-14 ucrt) -- "Race for Your Life" | 4373 |
| Click on any hostname to see more info about the system (e.g. compilers) (*) as reported by 'uname -p', except on Windows and Mac OS X | ||||
| Package 313/2243 | Hostname | OS / Arch | INSTALL | BUILD | CHECK | BUILD BIN | ||||||||
| cfTools 1.5.0 (landing page) Ran Hu
| nebbiolo2 | Linux (Ubuntu 22.04.3 LTS) / x86_64 | OK | OK | OK | |||||||||
| palomino6 | Windows Server 2022 Datacenter / x64 | OK | ERROR | skipped | skipped | |||||||||
| lconway | macOS 12.7.1 Monterey / x86_64 | OK | OK | OK | OK | |||||||||
| kjohnson3 | macOS 13.6.5 Ventura / arm64 | OK | OK | OK | OK | |||||||||
| palomino8 | Windows Server 2022 Datacenter / x64 | OK | ERROR | skipped | skipped | |||||||||
|
To the developers/maintainers of the cfTools package: - Allow up to 24 hours (and sometimes 48 hours) for your latest push to git@git.bioconductor.org:packages/cfTools.git to reflect on this report. See Troubleshooting Build Report for more information. - Use the following Renviron settings to reproduce errors and warnings. - If 'R CMD check' started to fail recently on the Linux builder(s) over a missing dependency, add the missing dependency to 'Suggests:' in your DESCRIPTION file. See Renviron.bioc for more information. |
| Package: cfTools |
| Version: 1.5.0 |
| Command: chmod a+r cfTools -R && C:\Users\biocbuild\bbs-3.20-bioc\R\bin\R.exe --arch x64 CMD build --keep-empty-dirs --no-resave-data cfTools |
| StartedAt: 2024-07-15 17:01:03 -0400 (Mon, 15 Jul 2024) |
| EndedAt: 2024-07-15 17:11:58 -0400 (Mon, 15 Jul 2024) |
| EllapsedTime: 655.7 seconds |
| RetCode: 1 |
| Status: ERROR |
| PackageFile: None |
| PackageFileSize: NA |
##############################################################################
##############################################################################
###
### Running command:
###
### chmod a+r cfTools -R && C:\Users\biocbuild\bbs-3.20-bioc\R\bin\R.exe --arch x64 CMD build --keep-empty-dirs --no-resave-data cfTools
###
##############################################################################
##############################################################################
* checking for file 'cfTools/DESCRIPTION' ... OK
* preparing 'cfTools':
* checking DESCRIPTION meta-information ... OK
* cleaning src
* installing the package to build vignettes
* creating vignettes ... ERROR
--- re-building 'cfTools-vignette.Rmd' using rmarkdown
Collecting package metadata (current_repodata.json): ...working... done
Solving environment: ...working... done
## Package Plan ##
environment location: C:\Users\biocbuild\AppData\Local\R\cache\R\basilisk\1.17.0\cfTools\1.5.0\new_env
added / updated specs:
- python=3.8
The following NEW packages will be INSTALLED:
bzip2 conda-forge/win-64::bzip2-1.0.8-h2466b09_7
ca-certificates conda-forge/win-64::ca-certificates-2024.7.4-h56e8100_0
libffi conda-forge/win-64::libffi-3.4.2-h8ffe710_5
libsqlite conda-forge/win-64::libsqlite-3.46.0-h2466b09_0
libzlib conda-forge/win-64::libzlib-1.3.1-h2466b09_1
openssl conda-forge/win-64::openssl-3.3.1-h2466b09_1
pip conda-forge/noarch::pip-24.0-pyhd8ed1ab_0
python conda-forge/win-64::python-3.8.19-h4de0772_0_cpython
setuptools conda-forge/noarch::setuptools-70.3.0-pyhd8ed1ab_0
tk conda-forge/win-64::tk-8.6.13-h5226925_1
ucrt conda-forge/win-64::ucrt-10.0.22621.0-h57928b3_0
vc conda-forge/win-64::vc-14.3-h8a93ad2_20
vc14_runtime conda-forge/win-64::vc14_runtime-14.40.33810-ha82c5b3_20
vs2015_runtime conda-forge/win-64::vs2015_runtime-14.40.33810-h3bf8584_20
wheel conda-forge/noarch::wheel-0.43.0-pyhd8ed1ab_1
xz conda-forge/win-64::xz-5.2.6-h8d14728_0
Preparing transaction: ...working... done
Verifying transaction: ...working... done
Executing transaction: ...working... done
Collecting package metadata (current_repodata.json): ...working... done
Solving environment: ...working... done
==> WARNING: A newer version of conda exists. <==
current version: 4.12.0
latest version: 24.5.0
Please update conda by running
$ conda update -n base -c defaults conda
# All requested packages already installed.
Collecting package metadata (current_repodata.json): ...working... done
Solving environment: ...working... failed with initial frozen solve. Retrying with flexible solve.
Collecting package metadata (repodata.json): ...working... done
Solving environment: ...working... done
==> WARNING: A newer version of conda exists. <==
current version: 4.12.0
latest version: 24.5.0
Please update conda by running
$ conda update -n base -c defaults conda
## Package Plan ##
environment location: C:\Users\biocbuild\AppData\Local\R\cache\R\basilisk\1.17.0\cfTools\1.5.0\new_env
added / updated specs:
- numpy=1.23.4
- python[version='3.8.*,3.8.*']
- scipy=1.8.0
- tensorflow=2.10.0
The following packages will be downloaded:
package | build
---------------------------|-----------------
_tflow_select-2.3.0 | mkl 3 KB
c-ares-1.32.2 | h2466b09_0 162 KB conda-forge
zstandard-0.23.0 | py38hf92978b_0 304 KB conda-forge
------------------------------------------------------------
Total: 469 KB
The following NEW packages will be INSTALLED:
_tflow_select pkgs/main/win-64::_tflow_select-2.3.0-mkl
absl-py conda-forge/noarch::absl-py-2.1.0-pyhd8ed1ab_0
aiohttp conda-forge/win-64::aiohttp-3.9.5-py38h91455d4_0
aiosignal conda-forge/noarch::aiosignal-1.3.1-pyhd8ed1ab_0
astunparse conda-forge/noarch::astunparse-1.6.3-pyhd8ed1ab_0
async-timeout conda-forge/noarch::async-timeout-4.0.3-pyhd8ed1ab_0
attrs conda-forge/noarch::attrs-23.2.0-pyh71513ae_0
blinker conda-forge/noarch::blinker-1.8.2-pyhd8ed1ab_0
brotli-python conda-forge/win-64::brotli-python-1.1.0-py38hd3f51b4_1
c-ares conda-forge/win-64::c-ares-1.32.2-h2466b09_0
cached-property conda-forge/noarch::cached-property-1.5.2-hd8ed1ab_1
cached_property conda-forge/noarch::cached_property-1.5.2-pyha770c72_1
cachetools conda-forge/noarch::cachetools-5.3.3-pyhd8ed1ab_0
certifi conda-forge/noarch::certifi-2024.7.4-pyhd8ed1ab_0
cffi conda-forge/win-64::cffi-1.16.0-py38h91455d4_0
charset-normalizer conda-forge/noarch::charset-normalizer-3.3.2-pyhd8ed1ab_0
click conda-forge/noarch::click-8.1.7-win_pyh7428d3b_0
colorama conda-forge/noarch::colorama-0.4.6-pyhd8ed1ab_0
cryptography conda-forge/win-64::cryptography-39.0.0-py38h086c683_0
flatbuffers conda-forge/win-64::flatbuffers-24.3.25-h63175ca_0
frozenlist conda-forge/win-64::frozenlist-1.4.1-py38h91455d4_0
gast conda-forge/noarch::gast-0.4.0-pyh9f0ad1d_0
giflib conda-forge/win-64::giflib-5.2.2-h64bf75a_0
google-auth conda-forge/noarch::google-auth-2.32.0-pyhff2d567_0
google-auth-oauth~ conda-forge/noarch::google-auth-oauthlib-0.4.6-pyhd8ed1ab_0
google-pasta conda-forge/noarch::google-pasta-0.2.0-pyh8c360ce_0
grpc-cpp conda-forge/win-64::grpc-cpp-1.48.1-hcb02dd0_1
grpcio conda-forge/win-64::grpcio-1.48.1-py38h7557e77_1
h2 conda-forge/win-64::h2-4.1.0-py38haa244fe_0
h5py conda-forge/win-64::h5py-3.9.0-nompi_py38h4f44683_100
hdf5 conda-forge/win-64::hdf5-1.14.0-nompi_h97a5375_103
hpack conda-forge/noarch::hpack-4.0.0-pyh9f0ad1d_0
hyperframe conda-forge/noarch::hyperframe-6.0.1-pyhd8ed1ab_0
icu pkgs/main/win-64::icu-58.2-ha925a31_3
idna conda-forge/noarch::idna-3.7-pyhd8ed1ab_0
importlib-metadata conda-forge/noarch::importlib-metadata-8.0.0-pyha770c72_0
intel-openmp conda-forge/win-64::intel-openmp-2024.2.0-h57928b3_979
jpeg conda-forge/win-64::jpeg-9e-hcfcfb64_3
keras conda-forge/noarch::keras-2.10.0-pyhd8ed1ab_0
krb5 conda-forge/win-64::krb5-1.20.1-h6609f42_0
libabseil conda-forge/win-64::libabseil-20220623.0-cxx17_h1a56200_6
libaec conda-forge/win-64::libaec-1.1.3-h63175ca_0
libblas conda-forge/win-64::libblas-3.9.0-22_win64_mkl
libcblas conda-forge/win-64::libcblas-3.9.0-22_win64_mkl
libcurl conda-forge/win-64::libcurl-8.1.2-h68f0423_0
libhwloc conda-forge/win-64::libhwloc-2.11.1-default_h8125262_1000
libiconv conda-forge/win-64::libiconv-1.17-hcfcfb64_2
liblapack conda-forge/win-64::liblapack-3.9.0-22_win64_mkl
libpng conda-forge/win-64::libpng-1.6.43-h19919ed_0
libprotobuf conda-forge/win-64::libprotobuf-3.20.3-h12be248_0
libssh2 conda-forge/win-64::libssh2-1.10.0-h680486a_3
libxml2 conda-forge/win-64::libxml2-2.12.7-h283a6d9_1
m2w64-gcc-libgfor~ conda-forge/win-64::m2w64-gcc-libgfortran-5.3.0-6
m2w64-gcc-libs conda-forge/win-64::m2w64-gcc-libs-5.3.0-7
m2w64-gcc-libs-co~ conda-forge/win-64::m2w64-gcc-libs-core-5.3.0-7
m2w64-gmp conda-forge/win-64::m2w64-gmp-6.1.0-2
m2w64-libwinpthre~ conda-forge/win-64::m2w64-libwinpthread-git-5.0.0.4634.697f757-2
markdown conda-forge/noarch::markdown-3.6-pyhd8ed1ab_0
markupsafe conda-forge/win-64::markupsafe-2.1.5-py38h91455d4_0
mkl conda-forge/win-64::mkl-2024.1.0-h66d3029_692
msys2-conda-epoch conda-forge/win-64::msys2-conda-epoch-20160418-1
multidict conda-forge/win-64::multidict-6.0.5-py38h91455d4_0
numpy conda-forge/win-64::numpy-1.23.4-py38h90ce339_1
oauthlib conda-forge/noarch::oauthlib-3.2.2-pyhd8ed1ab_0
opt_einsum conda-forge/noarch::opt_einsum-3.3.0-pyhc1e730c_2
packaging conda-forge/noarch::packaging-24.1-pyhd8ed1ab_0
protobuf conda-forge/win-64::protobuf-3.20.3-py38haa244fe_1
pthreads-win32 conda-forge/win-64::pthreads-win32-2.9.1-hfa6e2cd_3
pyasn1 conda-forge/noarch::pyasn1-0.6.0-pyhd8ed1ab_0
pyasn1-modules conda-forge/noarch::pyasn1-modules-0.4.0-pyhd8ed1ab_0
pycparser conda-forge/noarch::pycparser-2.22-pyhd8ed1ab_0
pyjwt conda-forge/noarch::pyjwt-2.8.0-pyhd8ed1ab_1
pyopenssl conda-forge/noarch::pyopenssl-23.2.0-pyhd8ed1ab_1
pysocks conda-forge/noarch::pysocks-1.7.1-pyh0701188_6
python-flatbuffers conda-forge/noarch::python-flatbuffers-24.3.25-pyh59ac667_0
python_abi conda-forge/win-64::python_abi-3.8-4_cp38
pyu2f conda-forge/noarch::pyu2f-0.1.5-pyhd8ed1ab_0
re2 conda-forge/win-64::re2-2022.06.01-h0e60522_1
requests conda-forge/noarch::requests-2.32.3-pyhd8ed1ab_0
requests-oauthlib conda-forge/noarch::requests-oauthlib-2.0.0-pyhd8ed1ab_0
rsa conda-forge/noarch::rsa-4.9-pyhd8ed1ab_0
scipy conda-forge/win-64::scipy-1.8.0-py38ha1292f7_1
six conda-forge/noarch::six-1.16.0-pyh6c4a22f_0
snappy conda-forge/win-64::snappy-1.2.1-h23299a8_0
sqlite conda-forge/win-64::sqlite-3.46.0-h2466b09_0
tbb conda-forge/win-64::tbb-2021.12.0-hc790b64_3
tensorboard conda-forge/noarch::tensorboard-2.10.1-pyhd8ed1ab_0
tensorboard-data-~ conda-forge/win-64::tensorboard-data-server-0.6.1-py38haa244fe_4
tensorboard-plugi~ conda-forge/noarch::tensorboard-plugin-wit-1.8.1-pyhd8ed1ab_0
tensorflow pkgs/main/win-64::tensorflow-2.10.0-mkl_py38ha5c4042_0
tensorflow-base pkgs/main/win-64::tensorflow-base-2.10.0-mkl_py38h6a7f48e_0
tensorflow-estima~ pkgs/main/win-64::tensorflow-estimator-2.10.0-py38haa95532_0
termcolor conda-forge/noarch::termcolor-2.4.0-pyhd8ed1ab_0
typing-extensions conda-forge/noarch::typing-extensions-4.12.2-hd8ed1ab_0
typing_extensions conda-forge/noarch::typing_extensions-4.12.2-pyha770c72_0
urllib3 conda-forge/noarch::urllib3-2.2.2-pyhd8ed1ab_1
werkzeug conda-forge/noarch::werkzeug-3.0.3-pyhd8ed1ab_0
win_inet_pton conda-forge/noarch::win_inet_pton-1.1.0-pyhd8ed1ab_6
wrapt conda-forge/win-64::wrapt-1.16.0-py38h91455d4_0
yarl conda-forge/win-64::yarl-1.9.4-py38h91455d4_0
zipp conda-forge/noarch::zipp-3.19.2-pyhd8ed1ab_0
zlib conda-forge/win-64::zlib-1.2.13-h2466b09_6
zstandard conda-forge/win-64::zstandard-0.23.0-py38hf92978b_0
zstd conda-forge/win-64::zstd-1.5.6-h0ea2cb4_0
The following packages will be DOWNGRADED:
libzlib 1.3.1-h2466b09_1 --> 1.2.13-h2466b09_6
openssl 3.3.1-h2466b09_1 --> 1.1.1w-hcfcfb64_0
python 3.8.19-h4de0772_0_cpython --> 3.8.15-h0269646_0_cpython
Downloading and Extracting Packages
_tflow_select-2.3.0 | 3 KB | | 0%
_tflow_select-2.3.0 | 3 KB | ########## | 100%
_tflow_select-2.3.0 | 3 KB | ########## | 100%
c-ares-1.32.2 | 162 KB | | 0%
c-ares-1.32.2 | 162 KB | 9 | 10%
c-ares-1.32.2 | 162 KB | ########## | 100%
c-ares-1.32.2 | 162 KB | ########## | 100%
zstandard-0.23.0 | 304 KB | | 0%
zstandard-0.23.0 | 304 KB | ########## | 100%
zstandard-0.23.0 | 304 KB | ########## | 100%
Preparing transaction: ...working... done
Verifying transaction: ...working... failed
CondaVerificationError: The package for tensorflow-estimator located at C:\Users\BIOCBU~1\AppData\Local\R\cache\R\basilisk\117~1.0\0\pkgs\tensorflow-estimator-2.10.0-py38haa95532_0
appears to be corrupted. The path 'Lib/site-packages/tensorflow_estimator/python/estimator/canned/linear_optimizer/python/utils/__pycache__/sharded_mutable_dense_hashtable.cpython-38.pyc'
specified in the package manifest cannot be found.
CondaVerificationError: The package for tensorflow-base located at C:\Users\BIOCBU~1\AppData\Local\R\cache\R\basilisk\117~1.0\0\pkgs\tensorflow-base-2.10.0-mkl_py38h6a7f48e_0
appears to be corrupted. The path 'Lib/site-packages/tensorflow/include/external/com_github_grpc_grpc/src/core/tsi/alts/zero_copy_frame_protector/alts_grpc_integrity_only_record_protocol.h'
specified in the package manifest cannot be found.
CondaVerificationError: The package for tensorflow-base located at C:\Users\BIOCBU~1\AppData\Local\R\cache\R\basilisk\117~1.0\0\pkgs\tensorflow-base-2.10.0-mkl_py38h6a7f48e_0
appears to be corrupted. The path 'Lib/site-packages/tensorflow/include/external/com_github_grpc_grpc/src/core/tsi/alts/zero_copy_frame_protector/alts_grpc_privacy_integrity_record_protocol.h'
specified in the package manifest cannot be found.
CondaVerificationError: The package for tensorflow-base located at C:\Users\BIOCBU~1\AppData\Local\R\cache\R\basilisk\117~1.0\0\pkgs\tensorflow-base-2.10.0-mkl_py38h6a7f48e_0
appears to be corrupted. The path 'Lib/site-packages/tensorflow/include/external/llvm-project/mlir/_virtual_includes/AffineMemoryOpInterfacesIncGen/mlir/Dialect/Affine/IR/AffineMemoryOpInterfaces.cpp.inc'
specified in the package manifest cannot be found.
CondaVerificationError: The package for tensorflow-base located at C:\Users\BIOCBU~1\AppData\Local\R\cache\R\basilisk\117~1.0\0\pkgs\tensorflow-base-2.10.0-mkl_py38h6a7f48e_0
appears to be corrupted. The path 'Lib/site-packages/tensorflow/include/external/llvm-project/mlir/_virtual_includes/AffineMemoryOpInterfacesIncGen/mlir/Dialect/Affine/IR/AffineMemoryOpInterfaces.h.inc'
specified in the package manifest cannot be found.
CondaVerificationError: The package for tensorflow-base located at C:\Users\BIOCBU~1\AppData\Local\R\cache\R\basilisk\117~1.0\0\pkgs\tensorflow-base-2.10.0-mkl_py38h6a7f48e_0
appears to be corrupted. The path 'Lib/site-packages/tensorflow/include/external/llvm-project/mlir/_virtual_includes/AllocationOpInterfaceIncGen/mlir/Dialect/Bufferization/IR/AllocationOpInterface.cpp.inc'
specified in the package manifest cannot be found.
CondaVerificationError: The package for tensorflow-base located at C:\Users\BIOCBU~1\AppData\Local\R\cache\R\basilisk\117~1.0\0\pkgs\tensorflow-base-2.10.0-mkl_py38h6a7f48e_0
appears to be corrupted. The path 'Lib/site-packages/tensorflow/include/external/llvm-project/mlir/_virtual_includes/AllocationOpInterfaceIncGen/mlir/Dialect/Bufferization/IR/AllocationOpInterface.h.inc'
specified in the package manifest cannot be found.
CondaVerificationError: The package for tensorflow-base located at C:\Users\BIOCBU~1\AppData\Local\R\cache\R\basilisk\117~1.0\0\pkgs\tensorflow-base-2.10.0-mkl_py38h6a7f48e_0
appears to be corrupted. The path 'Lib/site-packages/tensorflow/include/external/llvm-project/mlir/_virtual_includes/ArithmeticBaseIncGen/mlir/Dialect/Arithmetic/IR/ArithmeticOpsDialect.cpp.inc'
specified in the package manifest cannot be found.
CondaVerificationError: The package for tensorflow-base located at C:\Users\BIOCBU~1\AppData\Local\R\cache\R\basilisk\117~1.0\0\pkgs\tensorflow-base-2.10.0-mkl_py38h6a7f48e_0
appears to be corrupted. The path 'Lib/site-packages/tensorflow/include/external/llvm-project/mlir/_virtual_includes/ArithmeticBaseIncGen/mlir/Dialect/Arithmetic/IR/ArithmeticOpsDialect.h.inc'
specified in the package manifest cannot be found.
CondaVerificationError: The package for tensorflow-base located at C:\Users\BIOCBU~1\AppData\Local\R\cache\R\basilisk\117~1.0\0\pkgs\tensorflow-base-2.10.0-mkl_py38h6a7f48e_0
appears to be corrupted. The path 'Lib/site-packages/tensorflow/include/external/llvm-project/mlir/_virtual_includes/ArithmeticBaseIncGen/mlir/Dialect/Arithmetic/IR/ArithmeticOpsEnums.cpp.inc'
specified in the package manifest cannot be found.
CondaVerificationError: The package for tensorflow-base located at C:\Users\BIOCBU~1\AppData\Local\R\cache\R\basilisk\117~1.0\0\pkgs\tensorflow-base-2.10.0-mkl_py38h6a7f48e_0
appears to be corrupted. The path 'Lib/site-packages/tensorflow/include/external/llvm-project/mlir/_virtual_includes/ArithmeticBaseIncGen/mlir/Dialect/Arithmetic/IR/ArithmeticOpsEnums.h.inc'
specified in the package manifest cannot be found.
CondaVerificationError: The package for tensorflow-base located at C:\Users\BIOCBU~1\AppData\Local\R\cache\R\basilisk\117~1.0\0\pkgs\tensorflow-base-2.10.0-mkl_py38h6a7f48e_0
appears to be corrupted. The path 'Lib/site-packages/tensorflow/include/external/llvm-project/mlir/_virtual_includes/BufferizableOpInterfaceIncGen/mlir/Dialect/Bufferization/IR/BufferizableOpInterface.cpp.inc'
specified in the package manifest cannot be found.
CondaVerificationError: The package for tensorflow-base located at C:\Users\BIOCBU~1\AppData\Local\R\cache\R\basilisk\117~1.0\0\pkgs\tensorflow-base-2.10.0-mkl_py38h6a7f48e_0
appears to be corrupted. The path 'Lib/site-packages/tensorflow/include/external/llvm-project/mlir/_virtual_includes/BufferizableOpInterfaceIncGen/mlir/Dialect/Bufferization/IR/BufferizableOpInterface.h.inc'
specified in the package manifest cannot be found.
CondaVerificationError: The package for tensorflow-base located at C:\Users\BIOCBU~1\AppData\Local\R\cache\R\basilisk\117~1.0\0\pkgs\tensorflow-base-2.10.0-mkl_py38h6a7f48e_0
appears to be corrupted. The path 'Lib/site-packages/tensorflow/include/external/llvm-project/mlir/_virtual_includes/BufferizationBaseIncGen/mlir/Dialect/Bufferization/IR/BufferizationOpsDialect.cpp.inc'
specified in the package manifest cannot be found.
CondaVerificationError: The package for tensorflow-base located at C:\Users\BIOCBU~1\AppData\Local\R\cache\R\basilisk\117~1.0\0\pkgs\tensorflow-base-2.10.0-mkl_py38h6a7f48e_0
appears to be corrupted. The path 'Lib/site-packages/tensorflow/include/external/llvm-project/mlir/_virtual_includes/BufferizationBaseIncGen/mlir/Dialect/Bufferization/IR/BufferizationOpsDialect.h.inc'
specified in the package manifest cannot be found.
CondaVerificationError: The package for tensorflow-base located at C:\Users\BIOCBU~1\AppData\Local\R\cache\R\basilisk\117~1.0\0\pkgs\tensorflow-base-2.10.0-mkl_py38h6a7f48e_0
appears to be corrupted. The path 'Lib/site-packages/tensorflow/include/external/llvm-project/mlir/_virtual_includes/BufferizationOpsIncGen/mlir/Dialect/Bufferization/IR/BufferizationOps.cpp.inc'
specified in the package manifest cannot be found.
CondaVerificationError: The package for tensorflow-base located at C:\Users\BIOCBU~1\AppData\Local\R\cache\R\basilisk\117~1.0\0\pkgs\tensorflow-base-2.10.0-mkl_py38h6a7f48e_0
appears to be corrupted. The path 'Lib/site-packages/tensorflow/include/external/llvm-project/mlir/_virtual_includes/BufferizationOpsIncGen/mlir/Dialect/Bufferization/IR/BufferizationOps.h.inc'
specified in the package manifest cannot be found.
CondaVerificationError: The package for tensorflow-base located at C:\Users\BIOCBU~1\AppData\Local\R\cache\R\basilisk\117~1.0\0\pkgs\tensorflow-base-2.10.0-mkl_py38h6a7f48e_0
appears to be corrupted. The path 'Lib/site-packages/tensorflow/include/external/llvm-project/mlir/_virtual_includes/BufferizationPassIncGen/mlir/Dialect/Bufferization/Transforms/Passes.h.inc'
specified in the package manifest cannot be found.
CondaVerificationError: The package for tensorflow-base located at C:\Users\BIOCBU~1\AppData\Local\R\cache\R\basilisk\117~1.0\0\pkgs\tensorflow-base-2.10.0-mkl_py38h6a7f48e_0
appears to be corrupted. The path 'Lib/site-packages/tensorflow/include/external/llvm-project/mlir/_virtual_includes/BuiltinAttributeInterfacesIncGen/mlir/IR/BuiltinAttributeInterfaces.cpp.inc'
specified in the package manifest cannot be found.
CondaVerificationError: The package for tensorflow-base located at C:\Users\BIOCBU~1\AppData\Local\R\cache\R\basilisk\117~1.0\0\pkgs\tensorflow-base-2.10.0-mkl_py38h6a7f48e_0
appears to be corrupted. The path 'Lib/site-packages/tensorflow/include/external/llvm-project/mlir/_virtual_includes/BuiltinAttributeInterfacesIncGen/mlir/IR/BuiltinAttributeInterfaces.h.inc'
specified in the package manifest cannot be found.
CondaVerificationError: The package for tensorflow-base located at C:\Users\BIOCBU~1\AppData\Local\R\cache\R\basilisk\117~1.0\0\pkgs\tensorflow-base-2.10.0-mkl_py38h6a7f48e_0
appears to be corrupted. The path 'Lib/site-packages/tensorflow/include/external/llvm-project/mlir/_virtual_includes/BuiltinLocationAttributesIncGen/mlir/IR/BuiltinLocationAttributes.cpp.inc'
specified in the package manifest cannot be found.
CondaVerificationError: The package for tensorflow-base located at C:\Users\BIOCBU~1\AppData\Local\R\cache\R\basilisk\117~1.0\0\pkgs\tensorflow-base-2.10.0-mkl_py38h6a7f48e_0
appears to be corrupted. The path 'Lib/site-packages/tensorflow/include/external/llvm-project/mlir/_virtual_includes/BuiltinLocationAttributesIncGen/mlir/IR/BuiltinLocationAttributes.h.inc'
specified in the package manifest cannot be found.
CondaVerificationError: The package for tensorflow-base located at C:\Users\BIOCBU~1\AppData\Local\R\cache\R\basilisk\117~1.0\0\pkgs\tensorflow-base-2.10.0-mkl_py38h6a7f48e_0
appears to be corrupted. The path 'Lib/site-packages/tensorflow/include/external/llvm-project/mlir/_virtual_includes/ControlFlowInterfacesIncGen/mlir/Interfaces/ControlFlowInterfaces.cpp.inc'
specified in the package manifest cannot be found.
CondaVerificationError: The package for tensorflow-base located at C:\Users\BIOCBU~1\AppData\Local\R\cache\R\basilisk\117~1.0\0\pkgs\tensorflow-base-2.10.0-mkl_py38h6a7f48e_0
appears to be corrupted. The path 'Lib/site-packages/tensorflow/include/external/llvm-project/mlir/_virtual_includes/ControlFlowInterfacesIncGen/mlir/Interfaces/ControlFlowInterfaces.h.inc'
specified in the package manifest cannot be found.
CondaVerificationError: The package for tensorflow-base located at C:\Users\BIOCBU~1\AppData\Local\R\cache\R\basilisk\117~1.0\0\pkgs\tensorflow-base-2.10.0-mkl_py38h6a7f48e_0
appears to be corrupted. The path 'Lib/site-packages/tensorflow/include/external/llvm-project/mlir/_virtual_includes/ControlFlowOpsIncGen/mlir/Dialect/ControlFlow/IR/ControlFlowOps.cpp.inc'
specified in the package manifest cannot be found.
CondaVerificationError: The package for tensorflow-base located at C:\Users\BIOCBU~1\AppData\Local\R\cache\R\basilisk\117~1.0\0\pkgs\tensorflow-base-2.10.0-mkl_py38h6a7f48e_0
appears to be corrupted. The path 'Lib/site-packages/tensorflow/include/external/llvm-project/mlir/_virtual_includes/ControlFlowOpsIncGen/mlir/Dialect/ControlFlow/IR/ControlFlowOpsDialect.cpp.inc'
specified in the package manifest cannot be found.
CondaVerificationError: The package for tensorflow-base located at C:\Users\BIOCBU~1\AppData\Local\R\cache\R\basilisk\117~1.0\0\pkgs\tensorflow-base-2.10.0-mkl_py38h6a7f48e_0
appears to be corrupted. The path 'Lib/site-packages/tensorflow/include/external/llvm-project/mlir/_virtual_includes/ControlFlowOpsIncGen/mlir/Dialect/ControlFlow/IR/ControlFlowOpsDialect.h.inc'
specified in the package manifest cannot be found.
CondaVerificationError: The package for tensorflow-base located at C:\Users\BIOCBU~1\AppData\Local\R\cache\R\basilisk\117~1.0\0\pkgs\tensorflow-base-2.10.0-mkl_py38h6a7f48e_0
appears to be corrupted. The path 'Lib/site-packages/tensorflow/include/external/llvm-project/mlir/_virtual_includes/ControlFlowOpsIncGen/mlir/Dialect/ControlFlow/IR/ControlFlowOpsEnums.cpp.inc'
specified in the package manifest cannot be found.
CondaVerificationError: The package for tensorflow-base located at C:\Users\BIOCBU~1\AppData\Local\R\cache\R\basilisk\117~1.0\0\pkgs\tensorflow-base-2.10.0-mkl_py38h6a7f48e_0
appears to be corrupted. The path 'Lib/site-packages/tensorflow/include/external/llvm-project/mlir/_virtual_includes/ControlFlowOpsIncGen/mlir/Dialect/ControlFlow/IR/ControlFlowOpsEnums.h.inc'
specified in the package manifest cannot be found.
CondaVerificationError: The package for tensorflow-base located at C:\Users\BIOCBU~1\AppData\Local\R\cache\R\basilisk\117~1.0\0\pkgs\tensorflow-base-2.10.0-mkl_py38h6a7f48e_0
appears to be corrupted. The path 'Lib/site-packages/tensorflow/include/external/llvm-project/mlir/_virtual_includes/DerivedAttributeOpInterfaceIncGen/mlir/Interfaces/DerivedAttributeOpInterface.cpp.inc'
specified in the package manifest cannot be found.
CondaVerificationError: The package for tensorflow-base located at C:\Users\BIOCBU~1\AppData\Local\R\cache\R\basilisk\117~1.0\0\pkgs\tensorflow-base-2.10.0-mkl_py38h6a7f48e_0
appears to be corrupted. The path 'Lib/site-packages/tensorflow/include/external/llvm-project/mlir/_virtual_includes/DerivedAttributeOpInterfaceIncGen/mlir/Interfaces/DerivedAttributeOpInterface.h.inc'
specified in the package manifest cannot be found.
CondaVerificationError: The package for tensorflow-base located at C:\Users\BIOCBU~1\AppData\Local\R\cache\R\basilisk\117~1.0\0\pkgs\tensorflow-base-2.10.0-mkl_py38h6a7f48e_0
appears to be corrupted. The path 'Lib/site-packages/tensorflow/include/external/llvm-project/mlir/_virtual_includes/InferIntRangeInterfaceIncGen/mlir/Interfaces/InferIntRangeInterface.cpp.inc'
specified in the package manifest cannot be found.
CondaVerificationError: The package for tensorflow-base located at C:\Users\BIOCBU~1\AppData\Local\R\cache\R\basilisk\117~1.0\0\pkgs\tensorflow-base-2.10.0-mkl_py38h6a7f48e_0
appears to be corrupted. The path 'Lib/site-packages/tensorflow/include/external/llvm-project/mlir/_virtual_includes/InferIntRangeInterfaceIncGen/mlir/Interfaces/InferIntRangeInterface.h.inc'
specified in the package manifest cannot be found.
CondaVerificationError: The package for tensorflow-base located at C:\Users\BIOCBU~1\AppData\Local\R\cache\R\basilisk\117~1.0\0\pkgs\tensorflow-base-2.10.0-mkl_py38h6a7f48e_0
appears to be corrupted. The path 'Lib/site-packages/tensorflow/include/external/llvm-project/mlir/_virtual_includes/InferTypeOpInterfaceIncGen/mlir/Interfaces/InferTypeOpInterface.cpp.inc'
specified in the package manifest cannot be found.
CondaVerificationError: The package for tensorflow-base located at C:\Users\BIOCBU~1\AppData\Local\R\cache\R\basilisk\117~1.0\0\pkgs\tensorflow-base-2.10.0-mkl_py38h6a7f48e_0
appears to be corrupted. The path 'Lib/site-packages/tensorflow/include/external/llvm-project/mlir/_virtual_includes/LLVMConversionIncGen/mlir/Dialect/LLVMIR/LLVMConversionEnumsFromLLVM.inc'
specified in the package manifest cannot be found.
CondaVerificationError: The package for tensorflow-base located at C:\Users\BIOCBU~1\AppData\Local\R\cache\R\basilisk\117~1.0\0\pkgs\tensorflow-base-2.10.0-mkl_py38h6a7f48e_0
appears to be corrupted. The path 'Lib/site-packages/tensorflow/include/external/llvm-project/mlir/_virtual_includes/LLVMConversionIncGen/mlir/Dialect/LLVMIR/LLVMConversionEnumsToLLVM.inc'
specified in the package manifest cannot be found.
CondaVerificationError: The package for tensorflow-base located at C:\Users\BIOCBU~1\AppData\Local\R\cache\R\basilisk\117~1.0\0\pkgs\tensorflow-base-2.10.0-mkl_py38h6a7f48e_0
appears to be corrupted. The path 'Lib/site-packages/tensorflow/include/external/llvm-project/mlir/_virtual_includes/LLVMDialectAttributesIncGen/mlir/Dialect/LLVMIR/LLVMOpsAttrDefs.cpp.inc'
specified in the package manifest cannot be found.
CondaVerificationError: The package for tensorflow-base located at C:\Users\BIOCBU~1\AppData\Local\R\cache\R\basilisk\117~1.0\0\pkgs\tensorflow-base-2.10.0-mkl_py38h6a7f48e_0
appears to be corrupted. The path 'Lib/site-packages/tensorflow/include/external/llvm-project/mlir/_virtual_includes/LLVMDialectInterfaceIncGen/mlir/Dialect/LLVMIR/LLVMOpsInterfaces.cpp.inc'
specified in the package manifest cannot be found.
CondaVerificationError: The package for tensorflow-base located at C:\Users\BIOCBU~1\AppData\Local\R\cache\R\basilisk\117~1.0\0\pkgs\tensorflow-base-2.10.0-mkl_py38h6a7f48e_0
appears to be corrupted. The path 'Lib/site-packages/tensorflow/include/external/llvm-project/mlir/_virtual_includes/LLVMDialectInterfaceIncGen/mlir/Dialect/LLVMIR/LLVMOpsInterfaces.h.inc'
specified in the package manifest cannot be found.
CondaVerificationError: The package for tensorflow-base located at C:\Users\BIOCBU~1\AppData\Local\R\cache\R\basilisk\117~1.0\0\pkgs\tensorflow-base-2.10.0-mkl_py38h6a7f48e_0
appears to be corrupted. The path 'Lib/site-packages/tensorflow/include/external/llvm-project/mlir/_virtual_includes/LLVMDialectInterfaceIncGen/mlir/Dialect/LLVMIR/LLVMTypeInterfaces.cpp.inc'
specified in the package manifest cannot be found.
CondaVerificationError: The package for tensorflow-base located at C:\Users\BIOCBU~1\AppData\Local\R\cache\R\basilisk\117~1.0\0\pkgs\tensorflow-base-2.10.0-mkl_py38h6a7f48e_0
appears to be corrupted. The path 'Lib/site-packages/tensorflow/include/external/llvm-project/mlir/_virtual_includes/LLVMDialectInterfaceIncGen/mlir/Dialect/LLVMIR/LLVMTypeInterfaces.h.inc'
specified in the package manifest cannot be found.
CondaVerificationError: The package for tensorflow-base located at C:\Users\BIOCBU~1\AppData\Local\R\cache\R\basilisk\117~1.0\0\pkgs\tensorflow-base-2.10.0-mkl_py38h6a7f48e_0
appears to be corrupted. The path 'Lib/site-packages/tensorflow/include/external/llvm-project/mlir/_virtual_includes/LLVMIntrinsicConversionIncGen/mlir/Dialect/LLVMIR/LLVMIntrinsicConversions.inc'
specified in the package manifest cannot be found.
CondaVerificationError: The package for tensorflow-base located at C:\Users\BIOCBU~1\AppData\Local\R\cache\R\basilisk\117~1.0\0\pkgs\tensorflow-base-2.10.0-mkl_py38h6a7f48e_0
appears to be corrupted. The path 'Lib/site-packages/tensorflow/include/external/llvm-project/mlir/_virtual_includes/LLVMIntrinsicConversionIncGen/mlir/Dialect/LLVMIR/LLVMIntrinsicToLLVMIROpPairs.inc'
specified in the package manifest cannot be found.
CondaVerificationError: The package for tensorflow-base located at C:\Users\BIOCBU~1\AppData\Local\R\cache\R\basilisk\117~1.0\0\pkgs\tensorflow-base-2.10.0-mkl_py38h6a7f48e_0
appears to be corrupted. The path 'Lib/site-packages/tensorflow/include/external/llvm-project/mlir/_virtual_includes/LinalgInterfacesIncGen/mlir/Dialect/Linalg/IR/LinalgInterfaces.cpp.inc'
specified in the package manifest cannot be found.
CondaVerificationError: The package for tensorflow-base located at C:\Users\BIOCBU~1\AppData\Local\R\cache\R\basilisk\117~1.0\0\pkgs\tensorflow-base-2.10.0-mkl_py38h6a7f48e_0
appears to be corrupted. The path 'Lib/site-packages/tensorflow/include/external/llvm-project/mlir/_virtual_includes/LinalgStructuredOpsIncGen/mlir/Dialect/Linalg/IR/LinalgStructuredOps.cpp.inc'
specified in the package manifest cannot be found.
CondaVerificationError: The package for tensorflow-base located at C:\Users\BIOCBU~1\AppData\Local\R\cache\R\basilisk\117~1.0\0\pkgs\tensorflow-base-2.10.0-mkl_py38h6a7f48e_0
appears to be corrupted. The path 'Lib/site-packages/tensorflow/include/external/llvm-project/mlir/_virtual_includes/LinalgStructuredOpsIncGen/mlir/Dialect/Linalg/IR/LinalgStructuredOps.h.inc'
specified in the package manifest cannot be found.
CondaVerificationError: The package for tensorflow-base located at C:\Users\BIOCBU~1\AppData\Local\R\cache\R\basilisk\117~1.0\0\pkgs\tensorflow-base-2.10.0-mkl_py38h6a7f48e_0
appears to be corrupted. The path 'Lib/site-packages/tensorflow/include/external/llvm-project/mlir/_virtual_includes/MLProgramAttributesIncGen/mlir/Dialect/MLProgram/IR/MLProgramAttributes.cpp.inc'
specified in the package manifest cannot be found.
CondaVerificationError: The package for tensorflow-base located at C:\Users\BIOCBU~1\AppData\Local\R\cache\R\basilisk\117~1.0\0\pkgs\tensorflow-base-2.10.0-mkl_py38h6a7f48e_0
appears to be corrupted. The path 'Lib/site-packages/tensorflow/include/external/llvm-project/mlir/_virtual_includes/MLProgramAttributesIncGen/mlir/Dialect/MLProgram/IR/MLProgramAttributes.h.inc'
specified in the package manifest cannot be found.
CondaVerificationError: The package for tensorflow-base located at C:\Users\BIOCBU~1\AppData\Local\R\cache\R\basilisk\117~1.0\0\pkgs\tensorflow-base-2.10.0-mkl_py38h6a7f48e_0
appears to be corrupted. The path 'Lib/site-packages/tensorflow/include/external/llvm-project/mlir/_virtual_includes/MLProgramOpsIncGen/mlir/Dialect/MLProgram/IR/MLProgramOpsDialect.cpp.inc'
specified in the package manifest cannot be found.
CondaVerificationError: The package for tensorflow-base located at C:\Users\BIOCBU~1\AppData\Local\R\cache\R\basilisk\117~1.0\0\pkgs\tensorflow-base-2.10.0-mkl_py38h6a7f48e_0
appears to be corrupted. The path 'Lib/site-packages/tensorflow/include/external/llvm-project/mlir/_virtual_includes/MLProgramOpsIncGen/mlir/Dialect/MLProgram/IR/MLProgramOpsDialect.h.inc'
specified in the package manifest cannot be found.
CondaVerificationError: The package for tensorflow-base located at C:\Users\BIOCBU~1\AppData\Local\R\cache\R\basilisk\117~1.0\0\pkgs\tensorflow-base-2.10.0-mkl_py38h6a7f48e_0
appears to be corrupted. The path 'Lib/site-packages/tensorflow/include/external/llvm-project/mlir/_virtual_includes/OpenMPInterfacesIncGen/mlir/Dialect/OpenMP/OpenMPOpsInterfaces.cpp.inc'
specified in the package manifest cannot be found.
CondaVerificationError: The package for tensorflow-base located at C:\Users\BIOCBU~1\AppData\Local\R\cache\R\basilisk\117~1.0\0\pkgs\tensorflow-base-2.10.0-mkl_py38h6a7f48e_0
appears to be corrupted. The path 'Lib/site-packages/tensorflow/include/external/llvm-project/mlir/_virtual_includes/OpenMPTypeInterfacesIncGen/mlir/Dialect/OpenMP/OpenMPTypeInterfaces.cpp.inc'
specified in the package manifest cannot be found.
CondaVerificationError: The package for tensorflow-base located at C:\Users\BIOCBU~1\AppData\Local\R\cache\R\basilisk\117~1.0\0\pkgs\tensorflow-base-2.10.0-mkl_py38h6a7f48e_0
appears to be corrupted. The path 'Lib/site-packages/tensorflow/include/external/llvm-project/mlir/_virtual_includes/OpenMPTypeInterfacesIncGen/mlir/Dialect/OpenMP/OpenMPTypeInterfaces.h.inc'
specified in the package manifest cannot be found.
CondaVerificationError: The package for tensorflow-base located at C:\Users\BIOCBU~1\AppData\Local\R\cache\R\basilisk\117~1.0\0\pkgs\tensorflow-base-2.10.0-mkl_py38h6a7f48e_0
appears to be corrupted. The path 'Lib/site-packages/tensorflow/include/external/llvm-project/mlir/_virtual_includes/PDLInterpOpsIncGen/mlir/Dialect/PDLInterp/IR/PDLInterpOpsDialect.cpp.inc'
specified in the package manifest cannot be found.
CondaVerificationError: The package for tensorflow-base located at C:\Users\BIOCBU~1\AppData\Local\R\cache\R\basilisk\117~1.0\0\pkgs\tensorflow-base-2.10.0-mkl_py38h6a7f48e_0
appears to be corrupted. The path 'Lib/site-packages/tensorflow/include/external/llvm-project/mlir/_virtual_includes/PDLInterpOpsIncGen/mlir/Dialect/PDLInterp/IR/PDLInterpOpsDialect.h.inc'
specified in the package manifest cannot be found.
CondaVerificationError: The package for tensorflow-base located at C:\Users\BIOCBU~1\AppData\Local\R\cache\R\basilisk\117~1.0\0\pkgs\tensorflow-base-2.10.0-mkl_py38h6a7f48e_0
appears to be corrupted. The path 'Lib/site-packages/tensorflow/include/external/llvm-project/mlir/_virtual_includes/ParallelCombiningOpInterfaceIncGen/mlir/Interfaces/ParallelCombiningOpInterface.cpp.inc'
specified in the package manifest cannot be found.
CondaVerificationError: The package for tensorflow-base located at C:\Users\BIOCBU~1\AppData\Local\R\cache\R\basilisk\117~1.0\0\pkgs\tensorflow-base-2.10.0-mkl_py38h6a7f48e_0
appears to be corrupted. The path 'Lib/site-packages/tensorflow/include/external/llvm-project/mlir/_virtual_includes/ParallelCombiningOpInterfaceIncGen/mlir/Interfaces/ParallelCombiningOpInterface.h.inc'
specified in the package manifest cannot be found.
CondaVerificationError: The package for tensorflow-base located at C:\Users\BIOCBU~1\AppData\Local\R\cache\R\basilisk\117~1.0\0\pkgs\tensorflow-base-2.10.0-mkl_py38h6a7f48e_0
appears to be corrupted. The path 'Lib/site-packages/tensorflow/include/external/llvm-project/mlir/_virtual_includes/SideEffectInterfacesIncGen/mlir/Interfaces/SideEffectInterfaces.cpp.inc'
specified in the package manifest cannot be found.
CondaVerificationError: The package for tensorflow-base located at C:\Users\BIOCBU~1\AppData\Local\R\cache\R\basilisk\117~1.0\0\pkgs\tensorflow-base-2.10.0-mkl_py38h6a7f48e_0
appears to be corrupted. The path 'Lib/site-packages/tensorflow/include/external/llvm-project/mlir/_virtual_includes/SparseTensorAttrDefsIncGen/mlir/Dialect/SparseTensor/IR/SparseTensorAttrDefs.cpp.inc'
specified in the package manifest cannot be found.
CondaVerificationError: The package for tensorflow-base located at C:\Users\BIOCBU~1\AppData\Local\R\cache\R\basilisk\117~1.0\0\pkgs\tensorflow-base-2.10.0-mkl_py38h6a7f48e_0
appears to be corrupted. The path 'Lib/site-packages/tensorflow/include/external/llvm-project/mlir/_virtual_includes/SparseTensorAttrDefsIncGen/mlir/Dialect/SparseTensor/IR/SparseTensorAttrDefs.h.inc'
specified in the package manifest cannot be found.
CondaVerificationError: The package for tensorflow-base located at C:\Users\BIOCBU~1\AppData\Local\R\cache\R\basilisk\117~1.0\0\pkgs\tensorflow-base-2.10.0-mkl_py38h6a7f48e_0
appears to be corrupted. The path 'Lib/site-packages/tensorflow/include/external/llvm-project/mlir/_virtual_includes/SparseTensorOpsIncGen/mlir/Dialect/SparseTensor/IR/SparseTensorOps.cpp.inc'
specified in the package manifest cannot be found.
CondaVerificationError: The package for tensorflow-base located at C:\Users\BIOCBU~1\AppData\Local\R\cache\R\basilisk\117~1.0\0\pkgs\tensorflow-base-2.10.0-mkl_py38h6a7f48e_0
appears to be corrupted. The path 'Lib/site-packages/tensorflow/include/external/llvm-project/mlir/_virtual_includes/SparseTensorOpsIncGen/mlir/Dialect/SparseTensor/IR/SparseTensorOps.h.inc'
specified in the package manifest cannot be found.
CondaVerificationError: The package for tensorflow-base located at C:\Users\BIOCBU~1\AppData\Local\R\cache\R\basilisk\117~1.0\0\pkgs\tensorflow-base-2.10.0-mkl_py38h6a7f48e_0
appears to be corrupted. The path 'Lib/site-packages/tensorflow/include/external/llvm-project/mlir/_virtual_includes/SparseTensorOpsIncGen/mlir/Dialect/SparseTensor/IR/SparseTensorOpsDialect.cpp.inc'
specified in the package manifest cannot be found.
CondaVerificationError: The package for tensorflow-base located at C:\Users\BIOCBU~1\AppData\Local\R\cache\R\basilisk\117~1.0\0\pkgs\tensorflow-base-2.10.0-mkl_py38h6a7f48e_0
appears to be corrupted. The path 'Lib/site-packages/tensorflow/include/external/llvm-project/mlir/_virtual_includes/SparseTensorOpsIncGen/mlir/Dialect/SparseTensor/IR/SparseTensorOpsDialect.h.inc'
specified in the package manifest cannot be found.
CondaVerificationError: The package for tensorflow-base located at C:\Users\BIOCBU~1\AppData\Local\R\cache\R\basilisk\117~1.0\0\pkgs\tensorflow-base-2.10.0-mkl_py38h6a7f48e_0
appears to be corrupted. The path 'Lib/site-packages/tensorflow/include/tensorflow/compiler/mlir/hlo/_virtual_includes/compose_set_interface_inc_gen/mlir-hlo/Dialect/gml_st/transforms/compose_set_interface.h.inc'
specified in the package manifest cannot be found.
CondaVerificationError: The package for tensorflow-base located at C:\Users\BIOCBU~1\AppData\Local\R\cache\R\basilisk\117~1.0\0\pkgs\tensorflow-base-2.10.0-mkl_py38h6a7f48e_0
appears to be corrupted. The path 'Lib/site-packages/tensorflow/include/tensorflow/compiler/mlir/hlo/_virtual_includes/fusion_interface_inc_gen/mlir-hlo/Dialect/gml_st/transforms/fusion_interface.h.inc'
specified in the package manifest cannot be found.
CondaVerificationError: The package for tensorflow-base located at C:\Users\BIOCBU~1\AppData\Local\R\cache\R\basilisk\117~1.0\0\pkgs\tensorflow-base-2.10.0-mkl_py38h6a7f48e_0
appears to be corrupted. The path 'Lib/site-packages/tensorflow/include/tensorflow/compiler/mlir/hlo/_virtual_includes/gml_st_passes_inc_gen/mlir-hlo/Dialect/gml_st/transforms/passes.h.inc'
specified in the package manifest cannot be found.
CondaVerificationError: The package for tensorflow-base located at C:\Users\BIOCBU~1\AppData\Local\R\cache\R\basilisk\117~1.0\0\pkgs\tensorflow-base-2.10.0-mkl_py38h6a7f48e_0
appears to be corrupted. The path 'Lib/site-packages/tensorflow/include/tensorflow/compiler/mlir/hlo/_virtual_includes/lhlo_gpu_ops_attrdefs_inc_gen/mlir-hlo/Dialect/lhlo_gpu/IR/lhlo_gpu_ops_attrdefs.h.inc'
specified in the package manifest cannot be found.
CondaVerificationError: The package for tensorflow-base located at C:\Users\BIOCBU~1\AppData\Local\R\cache\R\basilisk\117~1.0\0\pkgs\tensorflow-base-2.10.0-mkl_py38h6a7f48e_0
appears to be corrupted. The path 'Lib/site-packages/tensorflow/include/tensorflow/compiler/mlir/hlo/_virtual_includes/lhlo_gpu_ops_dialect_inc_gen/mlir-hlo/Dialect/lhlo_gpu/IR/lhlo_gpu_ops_dialect.h.inc'
specified in the package manifest cannot be found.
CondaVerificationError: The package for tensorflow-base located at C:\Users\BIOCBU~1\AppData\Local\R\cache\R\basilisk\117~1.0\0\pkgs\tensorflow-base-2.10.0-mkl_py38h6a7f48e_0
appears to be corrupted. The path 'Lib/site-packages/tensorflow/include/tensorflow/compiler/mlir/hlo/_virtual_includes/lhlo_gpu_ops_enums_inc_gen/mlir-hlo/Dialect/lhlo_gpu/IR/lhlo_gpu_ops_enums.h.inc'
specified in the package manifest cannot be found.
CondaVerificationError: The package for tensorflow-base located at C:\Users\BIOCBU~1\AppData\Local\R\cache\R\basilisk\117~1.0\0\pkgs\tensorflow-base-2.10.0-mkl_py38h6a7f48e_0
appears to be corrupted. The path 'Lib/site-packages/tensorflow/include/tensorflow/compiler/mlir/hlo/_virtual_includes/lhlo_gpu_ops_inc_gen/mlir-hlo/Dialect/lhlo_gpu/IR/lhlo_gpu_ops.h.inc'
specified in the package manifest cannot be found.
CondaVerificationError: The package for tensorflow-base located at C:\Users\BIOCBU~1\AppData\Local\R\cache\R\basilisk\117~1.0\0\pkgs\tensorflow-base-2.10.0-mkl_py38h6a7f48e_0
appears to be corrupted. The path 'Lib/site-packages/tensorflow/include/tensorflow/compiler/mlir/hlo/_virtual_includes/lhlo_ops_structs_inc_gen/mlir-hlo/Dialect/lhlo/IR/lhlo_ops_structs.h.inc'
specified in the package manifest cannot be found.
Quitting from lines 165-167 [unnamed-chunk-3] (cfTools-vignette.Rmd)
Error: processing vignette 'cfTools-vignette.Rmd' failed with diagnostics:
one or more Python packages failed to install [error code 1]
--- failed re-building 'cfTools-vignette.Rmd'
SUMMARY: processing the following file failed:
'cfTools-vignette.Rmd'
Error: Vignette re-building failed.
Execution halted