| Back to Multiple platform build/check report for BioC 3.20: simplified long |
|
This page was generated on 2025-03-20 12:11 -0400 (Thu, 20 Mar 2025).
| Hostname | OS | Arch (*) | R version | Installed pkgs |
|---|---|---|---|---|
| nebbiolo2 | Linux (Ubuntu 24.04.1 LTS) | x86_64 | 4.4.3 (2025-02-28) -- "Trophy Case" | 4756 |
| palomino8 | Windows Server 2022 Datacenter | x64 | 4.4.3 (2025-02-28 ucrt) -- "Trophy Case" | 4487 |
| merida1 | macOS 12.7.5 Monterey | x86_64 | 4.4.3 (2025-02-28) -- "Trophy Case" | 4514 |
| kjohnson1 | macOS 13.6.6 Ventura | arm64 | 4.4.3 (2025-02-28) -- "Trophy Case" | 4441 |
| taishan | Linux (openEuler 24.03 LTS) | aarch64 | 4.4.3 (2025-02-28) -- "Trophy Case" | 4406 |
| Click on any hostname to see more info about the system (e.g. compilers) (*) as reported by 'uname -p', except on Windows and Mac OS X | ||||
| Package 474/2289 | Hostname | OS / Arch | INSTALL | BUILD | CHECK | BUILD BIN | ||||||||
| cTRAP 1.24.0 (landing page) Nuno Saraiva-Agostinho
| nebbiolo2 | Linux (Ubuntu 24.04.1 LTS) / x86_64 | OK | OK | OK | |||||||||
| palomino8 | Windows Server 2022 Datacenter / x64 | OK | OK | OK | OK | |||||||||
| merida1 | macOS 12.7.5 Monterey / x86_64 | OK | OK | OK | OK | |||||||||
| kjohnson1 | macOS 13.6.6 Ventura / arm64 | OK | OK | OK | OK | |||||||||
| taishan | Linux (openEuler 24.03 LTS) / aarch64 | OK | OK | ERROR | ||||||||||
|
To the developers/maintainers of the cTRAP package: - Allow up to 24 hours (and sometimes 48 hours) for your latest push to git@git.bioconductor.org:packages/cTRAP.git to reflect on this report. See Troubleshooting Build Report for more information. - Use the following Renviron settings to reproduce errors and warnings. - If 'R CMD check' started to fail recently on the Linux builder(s) over a missing dependency, add the missing dependency to 'Suggests:' in your DESCRIPTION file. See Renviron.bioc for more information. - See Martin Grigorov's blog post for how to debug Linux ARM64 related issues on a x86_64 host. |
| Package: cTRAP |
| Version: 1.24.0 |
| Command: /home/biocbuild/R/R/bin/R CMD check --install=check:cTRAP.install-out.txt --library=/home/biocbuild/R/R/site-library --no-vignettes --timings cTRAP_1.24.0.tar.gz |
| StartedAt: 2025-03-18 06:43:50 -0000 (Tue, 18 Mar 2025) |
| EndedAt: 2025-03-18 06:56:51 -0000 (Tue, 18 Mar 2025) |
| EllapsedTime: 781.6 seconds |
| RetCode: 1 |
| Status: ERROR |
| CheckDir: cTRAP.Rcheck |
| Warnings: NA |
##############################################################################
##############################################################################
###
### Running command:
###
### /home/biocbuild/R/R/bin/R CMD check --install=check:cTRAP.install-out.txt --library=/home/biocbuild/R/R/site-library --no-vignettes --timings cTRAP_1.24.0.tar.gz
###
##############################################################################
##############################################################################
* using log directory ‘/home/biocbuild/bbs-3.20-bioc/meat/cTRAP.Rcheck’
* using R version 4.4.3 (2025-02-28)
* using platform: aarch64-unknown-linux-gnu
* R was compiled by
aarch64-unknown-linux-gnu-gcc (GCC) 14.2.0
GNU Fortran (GCC) 14.2.0
* running under: openEuler 24.03 (LTS)
* using session charset: UTF-8
* using option ‘--no-vignettes’
* checking for file ‘cTRAP/DESCRIPTION’ ... OK
* this is package ‘cTRAP’ version ‘1.24.0’
* package encoding: UTF-8
* checking package namespace information ... OK
* checking package dependencies ... OK
* checking if this is a source package ... OK
* checking if there is a namespace ... OK
* checking for hidden files and directories ... NOTE
Found the following hidden files and directories:
.devcontainer
These were most likely included in error. See section ‘Package
structure’ in the ‘Writing R Extensions’ manual.
* checking for portable file names ... OK
* checking for sufficient/correct file permissions ... OK
* checking whether package ‘cTRAP’ can be installed ... OK
* checking installed package size ... NOTE
installed size is 5.1Mb
sub-directories of 1Mb or more:
data 4.3Mb
* checking package directory ... OK
* checking DESCRIPTION meta-information ... NOTE
License stub is invalid DCF.
* checking top-level files ... OK
* checking for left-over files ... OK
* checking index information ... OK
* checking package subdirectories ... OK
* checking code files for non-ASCII characters ... OK
* checking R files for syntax errors ... OK
* checking whether the package can be loaded ... OK
* checking whether the package can be loaded with stated dependencies ... OK
* checking whether the package can be unloaded cleanly ... OK
* checking whether the namespace can be loaded with stated dependencies ... OK
* checking whether the namespace can be unloaded cleanly ... OK
* checking loading without being on the library search path ... OK
* checking dependencies in R code ... OK
* checking S3 generic/method consistency ... OK
* checking replacement functions ... OK
* checking foreign function calls ... OK
* checking R code for possible problems ... NOTE
Found the following possibly unsafe calls:
File ‘cTRAP/R/shinyInterface_session.R’:
assignInNamespace("dataTablesFilter", dt_mod, "DT")
plotComparison: no visible binding for global variable ‘.data’
plotMetricDistribution: no visible binding for global variable ‘.data’
plotSingleCorr: no visible binding for global variable ‘.data’
plotTargetingDrug: no visible binding for global variable ‘.data’
plotTargetingDrugsVSsimilarPerturbations: no visible binding for global
variable ‘.data’
Undefined global functions or variables:
.data
* checking Rd files ... OK
* checking Rd metadata ... OK
* checking Rd cross-references ... OK
* checking for missing documentation entries ... OK
* checking for code/documentation mismatches ... OK
* checking Rd \usage sections ... NOTE
Documented arguments not in \usage in Rd file 'compareWithAllMethods.Rd':
‘rankByAscending’
Functions with \usage entries need to have the appropriate \alias
entries, and all their arguments documented.
The \usage entries must correspond to syntactically valid R code.
See chapter ‘Writing R documentation files’ in the ‘Writing R
Extensions’ manual.
* checking Rd contents ... OK
* checking for unstated dependencies in examples ... OK
* checking contents of ‘data’ directory ... OK
* checking data for non-ASCII characters ... NOTE
Note: found 1 marked UTF-8 string
* checking LazyData ... OK
* checking data for ASCII and uncompressed saves ... OK
* checking R/sysdata.rda ... OK
* checking files in ‘vignettes’ ... OK
* checking examples ... ERROR
Running examples in ‘cTRAP-Ex.R’ failed
The error most likely occurred in:
> base::assign(".ptime", proc.time(), pos = "CheckExEnv")
> ### Name: filterCMapMetadata
> ### Title: Filter CMap metadata
> ### Aliases: filterCMapMetadata
>
> ### ** Examples
>
> cmapMetadata <- loadCMapData("cmapMetadata.txt", "metadata")
cmapMetadata.txt not found: downloading data...
trying URL 'https://www.ncbi.nlm.nih.gov/geo/download/?acc=GSE92742&format=file&file=GSE92742_Broad_LINCS_sig_info.txt.gz'
Content type 'application/octet-stream' length 11124404 bytes (10.6 MB)
================================================
downloaded 10.2 MB
Warning in download.file(link, file, mode = mode) :
downloaded length 10707558 != reported length 11124404
Warning in download.file(link, file, mode = mode) :
URL 'https://www.ncbi.nlm.nih.gov/geo/download/?acc=GSE92742&format=file&file=GSE92742_Broad_LINCS_sig_info.txt.gz': status was 'Failure when receiving data from the peer'
Error in download.file(link, file, mode = mode) :
download from 'https://www.ncbi.nlm.nih.gov/geo/download/?acc=GSE92742&format=file&file=GSE92742_Broad_LINCS_sig_info.txt.gz' failed
Calls: loadCMapData ... loadCMapMetadata -> downloadIfNotFound -> download.file
Execution halted
* checking for unstated dependencies in ‘tests’ ... OK
* checking tests ...
Running ‘spelling.R’
Running ‘testthat.R’
OK
* checking for unstated dependencies in vignettes ... OK
* checking package vignettes ... OK
* checking running R code from vignettes ... SKIPPED
* checking re-building of vignette outputs ... SKIPPED
* checking PDF version of manual ... OK
* DONE
Status: 1 ERROR, 6 NOTEs
See
‘/home/biocbuild/bbs-3.20-bioc/meat/cTRAP.Rcheck/00check.log’
for details.
cTRAP.Rcheck/00install.out
############################################################################## ############################################################################## ### ### Running command: ### ### /home/biocbuild/R/R/bin/R CMD INSTALL cTRAP ### ############################################################################## ############################################################################## * installing to library ‘/home/biocbuild/R/R-4.4.3/site-library’ * installing *source* package ‘cTRAP’ ... ** using staged installation ** R ** data *** moving datasets to lazyload DB ** inst ** byte-compile and prepare package for lazy loading ** help *** installing help indices ** building package indices ** installing vignettes ** testing if installed package can be loaded from temporary location ** testing if installed package can be loaded from final location ** testing if installed package keeps a record of temporary installation path * DONE (cTRAP)
cTRAP.Rcheck/tests/spelling.Rout
R version 4.4.3 (2025-02-28) -- "Trophy Case"
Copyright (C) 2025 The R Foundation for Statistical Computing
Platform: aarch64-unknown-linux-gnu
R is free software and comes with ABSOLUTELY NO WARRANTY.
You are welcome to redistribute it under certain conditions.
Type 'license()' or 'licence()' for distribution details.
R is a collaborative project with many contributors.
Type 'contributors()' for more information and
'citation()' on how to cite R or R packages in publications.
Type 'demo()' for some demos, 'help()' for on-line help, or
'help.start()' for an HTML browser interface to help.
Type 'q()' to quit R.
> if(requireNamespace('spelling', quietly = TRUE))
+ spelling::spell_check_test(vignettes = TRUE, error = FALSE,
+ skip_on_cran = TRUE)
NULL
>
> proc.time()
user system elapsed
0.195 0.037 0.218
cTRAP.Rcheck/tests/testthat.Rout
R version 4.4.3 (2025-02-28) -- "Trophy Case"
Copyright (C) 2025 The R Foundation for Statistical Computing
Platform: aarch64-unknown-linux-gnu
R is free software and comes with ABSOLUTELY NO WARRANTY.
You are welcome to redistribute it under certain conditions.
Type 'license()' or 'licence()' for distribution details.
R is a collaborative project with many contributors.
Type 'contributors()' for more information and
'citation()' on how to cite R or R packages in publications.
Type 'demo()' for some demos, 'help()' for on-line help, or
'help.start()' for an HTML browser interface to help.
Type 'q()' to quit R.
> library(testthat)
> library(cTRAP)
>
> test_check("cTRAP")
trying URL 'https://compbio.imm.medicina.ulisboa.pt/public/cTRAP/expressionDrugSensitivityCorGDSC7.qs'
downloaded 31.6 MB
trying URL 'https://compbio.imm.medicina.ulisboa.pt/public/cTRAP/compound_descriptors_NCI60_2D.qs'
downloaded 2.1 MB
[ FAIL 0 | WARN 0 | SKIP 2 | PASS 243 ]
══ Skipped tests (2) ═══════════════════════════════════════════════════════════
• On Bioconductor (1): 'test_ENCODE.R:16:5'
• empty test (1): 'test_drugSetEnrichment.R:88:1'
[ FAIL 0 | WARN 0 | SKIP 2 | PASS 243 ]
>
> proc.time()
user system elapsed
66.864 5.823 135.097
cTRAP.Rcheck/cTRAP-Ex.timings
| name | user | system | elapsed | |
| analyseDrugSetEnrichment | 15.877 | 1.189 | 275.761 | |
| convertGeneIdentifiers | 18.720 | 0.948 | 30.505 | |
| downloadENCODEknockdownMetadata | 2.221 | 0.427 | 115.766 | |