| Back to Multiple platform build/check report for BioC 3.20: simplified long |
|
This page was generated on 2024-11-20 12:07 -0500 (Wed, 20 Nov 2024).
| Hostname | OS | Arch (*) | R version | Installed pkgs |
|---|---|---|---|---|
| teran2 | Linux (Ubuntu 24.04.1 LTS) | x86_64 | 4.4.2 (2024-10-31) -- "Pile of Leaves" | 4481 |
| nebbiolo2 | Linux (Ubuntu 24.04.1 LTS) | x86_64 | 4.4.2 (2024-10-31) -- "Pile of Leaves" | 4479 |
| palomino8 | Windows Server 2022 Datacenter | x64 | 4.4.2 (2024-10-31 ucrt) -- "Pile of Leaves" | 4359 |
| lconway | macOS 12.7.1 Monterey | x86_64 | 4.4.1 (2024-06-14) -- "Race for Your Life" | 4539 |
| kunpeng2 | Linux (openEuler 22.03 LTS-SP1) | aarch64 | 4.4.1 (2024-06-14) -- "Race for Your Life" | 4493 |
| Click on any hostname to see more info about the system (e.g. compilers) (*) as reported by 'uname -p', except on Windows and Mac OS X | ||||
| Package 238/2289 | Hostname | OS / Arch | INSTALL | BUILD | CHECK | BUILD BIN | ||||||||
Amanda Price
| teran2 | Linux (Ubuntu 24.04.1 LTS) / x86_64 | OK | OK | ERROR | |||||||||
| nebbiolo2 | Linux (Ubuntu 24.04.1 LTS) / x86_64 | OK | OK | ERROR | ||||||||||
| palomino8 | Windows Server 2022 Datacenter / x64 | OK | OK | OK | OK | |||||||||
| lconway | macOS 12.7.1 Monterey / x86_64 | OK | OK | ERROR | OK | |||||||||
| kunpeng2 | Linux (openEuler 22.03 LTS-SP1) / aarch64 | OK | OK | ERROR | ||||||||||
|
To the developers/maintainers of the brainflowprobes package: - Allow up to 24 hours (and sometimes 48 hours) for your latest push to git@git.bioconductor.org:packages/brainflowprobes.git to reflect on this report. See Troubleshooting Build Report for more information. - Use the following Renviron settings to reproduce errors and warnings. - If 'R CMD check' started to fail recently on the Linux builder(s) over a missing dependency, add the missing dependency to 'Suggests:' in your DESCRIPTION file. See Renviron.bioc for more information. - See Martin Grigorov's blog post for how to debug Linux ARM64 related issues on a x86_64 host. |
| Package: brainflowprobes |
| Version: 1.20.0 |
| Command: /home/biocbuild/R/R/bin/R CMD check --install=check:brainflowprobes.install-out.txt --library=/home/biocbuild/R/R/site-library --no-vignettes --timings brainflowprobes_1.20.0.tar.gz |
| StartedAt: 2024-11-20 05:46:19 -0000 (Wed, 20 Nov 2024) |
| EndedAt: 2024-11-20 05:59:12 -0000 (Wed, 20 Nov 2024) |
| EllapsedTime: 773.1 seconds |
| RetCode: 1 |
| Status: ERROR |
| CheckDir: brainflowprobes.Rcheck |
| Warnings: NA |
##############################################################################
##############################################################################
###
### Running command:
###
### /home/biocbuild/R/R/bin/R CMD check --install=check:brainflowprobes.install-out.txt --library=/home/biocbuild/R/R/site-library --no-vignettes --timings brainflowprobes_1.20.0.tar.gz
###
##############################################################################
##############################################################################
* using log directory ‘/home/biocbuild/bbs-3.20-bioc/meat/brainflowprobes.Rcheck’
* using R version 4.4.1 (2024-06-14)
* using platform: aarch64-unknown-linux-gnu
* R was compiled by
gcc (GCC) 12.2.1 20220819 (openEuler 12.2.1-14)
GNU Fortran (GCC) 10.3.1
* running under: openEuler 22.03 (LTS-SP1)
* using session charset: UTF-8
* using option ‘--no-vignettes’
* checking for file ‘brainflowprobes/DESCRIPTION’ ... OK
* checking extension type ... Package
* this is package ‘brainflowprobes’ version ‘1.20.0’
* package encoding: UTF-8
* checking package namespace information ... OK
* checking package dependencies ... OK
* checking if this is a source package ... OK
* checking if there is a namespace ... OK
* checking for hidden files and directories ... OK
* checking for portable file names ... OK
* checking for sufficient/correct file permissions ... OK
* checking whether package ‘brainflowprobes’ can be installed ... OK
* checking installed package size ... OK
* checking package directory ... OK
* checking ‘build’ directory ... OK
* checking DESCRIPTION meta-information ... OK
* checking top-level files ... OK
* checking for left-over files ... OK
* checking index information ... OK
* checking package subdirectories ... OK
* checking code files for non-ASCII characters ... OK
* checking R files for syntax errors ... OK
* checking whether the package can be loaded ... OK
* checking whether the package can be loaded with stated dependencies ... OK
* checking whether the package can be unloaded cleanly ... OK
* checking whether the namespace can be loaded with stated dependencies ... OK
* checking whether the namespace can be unloaded cleanly ... OK
* checking loading without being on the library search path ... OK
* checking whether startup messages can be suppressed ... OK
* checking dependencies in R code ... OK
* checking S3 generic/method consistency ... OK
* checking replacement functions ... OK
* checking foreign function calls ... OK
* checking R code for possible problems ... OK
* checking Rd files ... OK
* checking Rd metadata ... OK
* checking Rd cross-references ... OK
* checking for missing documentation entries ... OK
* checking for code/documentation mismatches ... OK
* checking Rd \usage sections ... OK
* checking Rd contents ... OK
* checking for unstated dependencies in examples ... OK
* checking contents of ‘data’ directory ... OK
* checking data for non-ASCII characters ... OK
* checking LazyData ... OK
* checking data for ASCII and uncompressed saves ... OK
* checking files in ‘vignettes’ ... OK
* checking examples ... ERROR
Running examples in ‘brainflowprobes-Ex.R’ failed
The error most likely occurred in:
> base::assign(".ptime", proc.time(), pos = "CheckExEnv")
> ### Name: brainflowprobes_cov
> ### Title: Extract coverage data for a set of regions
> ### Aliases: brainflowprobes_cov
>
> ### ** Examples
>
>
> ## This function loads data from BigWig files using the rtracklayer package.
> ## This functionality is not supported on Windows OS machines!
> if (.Platform$OS.type != "windows") {
+ ## How long this takes to run will depend on your internet connection.
+ example_cov <- brainflowprobes_cov("chr20:10286777-10288069:+",
+ PD = lapply(brainflowprobes::pd, head, n = 2)
+ )
+
+ ## Output examination:
+ # A list with one element per element in brainflowprobes::pd
+ stopifnot(is.list(example_cov))
+ stopifnot(identical(
+ names(example_cov),
+ names(brainflowprobes::pd)
+ ))
+
+ # For each dataset, brainflowprobes_cov() returns a list of region
+ # coverage data.frames. In this example, there was a single input region.
+ stopifnot(all(
+ sapply(example_cov, length) ==
+ length(
+ GenomicRanges::GRanges("chr20:10286777-10288069:+")
+ )
+ ))
+
+ # Then each data.frame itself has 1 row per genome base-pair in the region
+ stopifnot(
+ all(
+ sapply(example_cov, function(x) {
+ nrow(x[[1]])
+ }) ==
+ GenomicRanges::width(
+ GenomicRanges::GRanges("chr20:10286777-10288069:+")
+ )
+ )
+ )
+
+ # and one column per sample in the dataset unless you subsetted the data
+ # like we did earlier when creating "example_cov".
+ stopifnot(identical(
+ sapply(four_panels_example_cov, function(x) {
+ ncol(x[[1]])
+ }),
+ sapply(pd, nrow)
+ ))
+ }
2024-11-20 05:53:59.050512 getRegionCoverage : attempting to load coverage data from 'files'.
2024-11-20 05:53:59.096829 fullCoverage: processing chromosome chr20
2024-11-20 05:53:59.165863 loadCoverage: finding chromosome lengths
Warning in seqinfo(x) :
Couldn't open http://brain-flow-rna.s3.us-east-2.amazonaws.com/Sep/Br1113C1_polyA.bw
Error: BiocParallel errors
1 remote errors, element index: 1
0 unevaluated and other errors
first remote error:
Error in h(simpleError(msg, call)): error in evaluating the argument 'x' in selecting a method for function 'seqlengths': UCSC library operation failed
Execution halted
* checking for unstated dependencies in ‘tests’ ... OK
* checking tests ...
Running ‘testthat.R’
OK
* checking for unstated dependencies in vignettes ... OK
* checking package vignettes ... OK
* checking running R code from vignettes ... SKIPPED
* checking re-building of vignette outputs ... SKIPPED
* checking PDF version of manual ... OK
* DONE
Status: 1 ERROR
See
‘/home/biocbuild/bbs-3.20-bioc/meat/brainflowprobes.Rcheck/00check.log’
for details.
brainflowprobes.Rcheck/00install.out
############################################################################## ############################################################################## ### ### Running command: ### ### /home/biocbuild/R/R/bin/R CMD INSTALL brainflowprobes ### ############################################################################## ############################################################################## * installing to library ‘/home/biocbuild/R/R-4.4.1/site-library’ * installing *source* package ‘brainflowprobes’ ... ** using staged installation ** R ** data *** moving datasets to lazyload DB ** inst ** byte-compile and prepare package for lazy loading ** help *** installing help indices ** building package indices ** installing vignettes ** testing if installed package can be loaded from temporary location Warning in fun(libname, pkgname) : Package 'brainflowprobes' is deprecated and will be removed from Bioconductor version 3.21 ** testing if installed package can be loaded from final location Warning in fun(libname, pkgname) : Package 'brainflowprobes' is deprecated and will be removed from Bioconductor version 3.21 ** testing if installed package keeps a record of temporary installation path * DONE (brainflowprobes)
brainflowprobes.Rcheck/tests/testthat.Rout
R version 4.4.1 (2024-06-14) -- "Race for Your Life"
Copyright (C) 2024 The R Foundation for Statistical Computing
Platform: aarch64-unknown-linux-gnu
R is free software and comes with ABSOLUTELY NO WARRANTY.
You are welcome to redistribute it under certain conditions.
Type 'license()' or 'licence()' for distribution details.
R is a collaborative project with many contributors.
Type 'contributors()' for more information and
'citation()' on how to cite R or R packages in publications.
Type 'demo()' for some demos, 'help()' for on-line help, or
'help.start()' for an HTML browser interface to help.
Type 'q()' to quit R.
> library(testthat)
> library(brainflowprobes)
Warning message:
In fun(libname, pkgname) :
Package 'brainflowprobes' is deprecated and will be removed from
Bioconductor version 3.21
>
> test_check("brainflowprobes")
[ FAIL 0 | WARN 0 | SKIP 0 | PASS 26 ]
>
> proc.time()
user system elapsed
40.559 2.620 52.130
brainflowprobes.Rcheck/brainflowprobes-Ex.timings
| name | user | system | elapsed |