| Back to Multiple platform build/check report for BioC 3.20: simplified long | 
 | 
This page was generated on 2025-04-02 19:35 -0400 (Wed, 02 Apr 2025).
| Hostname | OS | Arch (*) | R version | Installed pkgs | 
|---|---|---|---|---|
| nebbiolo2 | Linux (Ubuntu 24.04.1 LTS) | x86_64 | 4.4.3 (2025-02-28) -- "Trophy Case" | 4764 | 
| palomino8 | Windows Server 2022 Datacenter | x64 | 4.4.3 (2025-02-28 ucrt) -- "Trophy Case" | 4495 | 
| merida1 | macOS 12.7.5 Monterey | x86_64 | 4.4.3 (2025-02-28) -- "Trophy Case" | 4522 | 
| kjohnson1 | macOS 13.6.6 Ventura | arm64 | 4.4.3 (2025-02-28) -- "Trophy Case" | 4449 | 
| taishan | Linux (openEuler 24.03 LTS) | aarch64 | 4.4.3 (2025-02-28) -- "Trophy Case" | 4426 | 
| Click on any hostname to see more info about the system (e.g. compilers) (*) as reported by 'uname -p', except on Windows and Mac OS X | ||||
| Package 199/2289 | Hostname | OS / Arch | INSTALL | BUILD | CHECK | BUILD BIN | ||||||||
| biocViews 1.74.0  (landing page) Bioconductor Package Maintainer 
 | nebbiolo2 | Linux (Ubuntu 24.04.1 LTS) / x86_64 | OK | OK | OK |  | ||||||||
| palomino8 | Windows Server 2022 Datacenter / x64 | OK | OK | OK | OK |  | ||||||||
| merida1 | macOS 12.7.5 Monterey / x86_64 | OK | OK | OK | OK |  | ||||||||
| kjohnson1 | macOS 13.6.6 Ventura / arm64 | OK | OK | OK | OK |  | ||||||||
| taishan | Linux (openEuler 24.03 LTS) / aarch64 | OK | OK | ERROR | ||||||||||
| To the developers/maintainers of the biocViews package: - Allow up to 24 hours (and sometimes 48 hours) for your latest push to git@git.bioconductor.org:packages/biocViews.git to reflect on this report. See Troubleshooting Build Report for more information. - Use the following Renviron settings to reproduce errors and warnings. - If 'R CMD check' started to fail recently on the Linux builder(s) over a missing dependency, add the missing dependency to 'Suggests:' in your DESCRIPTION file. See Renviron.bioc for more information. - See Martin Grigorov's blog post for how to debug Linux ARM64 related issues on a x86_64 host. | 
| Package: biocViews | 
| Version: 1.74.0 | 
| Command: /home/biocbuild/R/R/bin/R CMD check --install=check:biocViews.install-out.txt --library=/home/biocbuild/R/R/site-library --no-vignettes --timings biocViews_1.74.0.tar.gz | 
| StartedAt: 2025-04-01 04:17:57 -0000 (Tue, 01 Apr 2025) | 
| EndedAt: 2025-04-01 04:33:09 -0000 (Tue, 01 Apr 2025) | 
| EllapsedTime: 911.7 seconds | 
| RetCode: 1 | 
| Status: ERROR | 
| CheckDir: biocViews.Rcheck | 
| Warnings: NA | 
##############################################################################
##############################################################################
###
### Running command:
###
###   /home/biocbuild/R/R/bin/R CMD check --install=check:biocViews.install-out.txt --library=/home/biocbuild/R/R/site-library --no-vignettes --timings biocViews_1.74.0.tar.gz
###
##############################################################################
##############################################################################
* using log directory ‘/home/biocbuild/bbs-3.20-bioc/meat/biocViews.Rcheck’
* using R version 4.4.3 (2025-02-28)
* using platform: aarch64-unknown-linux-gnu
* R was compiled by
    aarch64-unknown-linux-gnu-gcc (GCC) 14.2.0
    GNU Fortran (GCC) 14.2.0
* running under: openEuler 24.03 (LTS)
* using session charset: UTF-8
* using option ‘--no-vignettes’
* checking for file ‘biocViews/DESCRIPTION’ ... OK
* this is package ‘biocViews’ version ‘1.74.0’
* checking package namespace information ... OK
* checking package dependencies ... OK
* checking if this is a source package ... OK
* checking if there is a namespace ... OK
* checking for hidden files and directories ... OK
* checking for portable file names ... OK
* checking for sufficient/correct file permissions ... OK
* checking whether package ‘biocViews’ can be installed ... OK
* checking installed package size ... OK
* checking package directory ... OK
* checking ‘build’ directory ... OK
* checking DESCRIPTION meta-information ... OK
* checking top-level files ... OK
* checking for left-over files ... OK
* checking index information ... OK
* checking package subdirectories ... OK
* checking code files for non-ASCII characters ... OK
* checking R files for syntax errors ... OK
* checking whether the package can be loaded ... OK
* checking whether the package can be loaded with stated dependencies ... OK
* checking whether the package can be unloaded cleanly ... OK
* checking whether the namespace can be loaded with stated dependencies ... OK
* checking whether the namespace can be unloaded cleanly ... OK
* checking loading without being on the library search path ... OK
* checking dependencies in R code ... NOTE
':::' call which should be '::': ‘tools:::vignetteInfo’
  See the note in ?`:::` about the use of this operator.
Unexported objects imported by ':::' calls:
  ‘tools:::.build_news_db_from_package_NEWS_Rd’
  ‘tools:::.build_news_db_from_package_NEWS_md’
  ‘tools:::.build_repository_package_db’
  ‘tools:::.expand_package_description_db_R_fields’
  ‘tools:::.get_standard_repository_db_fields’
  ‘tools:::.news_reader_default’ ‘tools:::.read_description’
  ‘tools:::.split_dependencies’
  See the note in ?`:::` about the use of this operator.
* checking S3 generic/method consistency ... OK
* checking replacement functions ... OK
* checking foreign function calls ... OK
* checking R code for possible problems ... NOTE
dump_concept: no visible binding for global variable ‘biocViewsVocab’
getPackageNEWS : getNews: no visible binding for global variable
  ‘Version’
getReverseDepends : <anonymous>: no visible binding for global variable
  ‘Package’
Undefined global functions or variables:
  Package Version biocViewsVocab
* checking Rd files ... OK
* checking Rd metadata ... OK
* checking Rd cross-references ... OK
* checking for missing documentation entries ... OK
* checking for code/documentation mismatches ... OK
* checking Rd \usage sections ... OK
* checking Rd contents ... OK
* checking for unstated dependencies in examples ... OK
* checking contents of ‘data’ directory ... OK
* checking data for non-ASCII characters ... OK
* checking data for ASCII and uncompressed saves ... OK
* checking installed files from ‘inst/doc’ ... OK
* checking files in ‘vignettes’ ... OK
* checking examples ... ERROR
Running examples in ‘biocViews-Ex.R’ failed
The error most likely occurred in:
> base::assign(".ptime", proc.time(), pos = "CheckExEnv")
> ### Name: recommendPackages
> ### Title: Recommend Packages using existing biocViews.
> ### Aliases: recommendPackages
> 
> ### ** Examples
> 
>     recommendPackages(c("clustering", "classification"))
Warning in readLines(con) :
  URL 'https://bioconductor.org/js/versions.js': status was 'SSL connect error'
Error in readLines(con) : 
  cannot open the connection to 'http://bioconductor.org/js/versions.js'
Calls: recommendPackages -> .getBioCDevelUrl -> readLines
Execution halted
* checking for unstated dependencies in ‘tests’ ... OK
* checking tests ...
  Running ‘runTests.R’
 OK
* checking for unstated dependencies in vignettes ... OK
* checking package vignettes ... OK
* checking running R code from vignettes ... SKIPPED
* checking re-building of vignette outputs ... SKIPPED
* checking PDF version of manual ... OK
* DONE
Status: 1 ERROR, 2 NOTEs
See
  ‘/home/biocbuild/bbs-3.20-bioc/meat/biocViews.Rcheck/00check.log’
for details.
biocViews.Rcheck/00install.out
############################################################################## ############################################################################## ### ### Running command: ### ### /home/biocbuild/R/R/bin/R CMD INSTALL biocViews ### ############################################################################## ############################################################################## * installing to library ‘/home/biocbuild/R/R-4.4.3/site-library’ * installing *source* package ‘biocViews’ ... ** using staged installation ** R ** data ** inst ** byte-compile and prepare package for lazy loading ** help *** installing help indices ** building package indices ** installing vignettes ** testing if installed package can be loaded from temporary location ** testing if installed package can be loaded from final location ** testing if installed package keeps a record of temporary installation path * DONE (biocViews)
biocViews.Rcheck/tests/runTests.Rout
R version 4.4.3 (2025-02-28) -- "Trophy Case"
Copyright (C) 2025 The R Foundation for Statistical Computing
Platform: aarch64-unknown-linux-gnu
R is free software and comes with ABSOLUTELY NO WARRANTY.
You are welcome to redistribute it under certain conditions.
Type 'license()' or 'licence()' for distribution details.
R is a collaborative project with many contributors.
Type 'contributors()' for more information and
'citation()' on how to cite R or R packages in publications.
Type 'demo()' for some demos, 'help()' for on-line help, or
'help.start()' for an HTML browser interface to help.
Type 'q()' to quit R.
> BiocGenerics:::testPackage("biocViews")
Generate citation for /home/biocbuild/tmp/RtmpbVLKzD/testing/testrepos/src/contrib/biocViews2_1.74.0.tar.gz ... (try to process CITATION file) OK
Generate citation for /home/biocbuild/tmp/RtmpbVLKzD/testing/testrepos/src/contrib/biocViews_1.74.0.tar.gz ... /usr/bin/gtar: biocViews/inst/CITATION: Not found in archive
/usr/bin/gtar: Exiting with failure status due to previous errors
(auto-generate from DESCRIPTION file) OK
RUNIT TEST PROTOCOL -- Tue Apr  1 04:33:04 2025 
*********************************************** 
Number of test functions: 5 
Number of errors: 0 
Number of failures: 0 
 
1 Test Suite : 
biocViews RUnit Tests - 5 test functions, 0 errors, 0 failures
Number of test functions: 5 
Number of errors: 0 
Number of failures: 0 
Warning message:
In untar(tarball, tpaths, exdir = tmpdir) :
  '/usr/bin/gtar -xf '/home/biocbuild/tmp/RtmpbVLKzD/testing/testrepos/src/contrib/biocViews_1.74.0.tar.gz' -C '/home/biocbuild/tmp/RtmpbVLKzD' 'biocViews/DESCRIPTION' 'biocViews/inst/CITATION'' returned error code 2
> 
> proc.time()
   user  system elapsed 
  3.927   1.473  19.383 
biocViews.Rcheck/biocViews-Ex.timings
| name | user | system | elapsed | |
| PackageDetail-class | 0.176 | 23.785 | 89.059 | |
| biocViews-package | 0.186 | 0.014 | 0.446 | |
| biocViewsVocab | 0.000 | 0.013 | 0.042 | |
| dump_concept | 0.004 | 0.011 | 0.113 | |
| getBiocSubViews | 1.422 | 19.987 | 69.136 | |
| getBiocViews | 1.357 | 10.269 | 41.673 | |
| getCurrentbiocViews | 0.005 | 0.009 | 0.119 | |
| getPackageTitles | 0.000 | 0.001 | 0.004 | |
| getSubTerms | 0.212 | 0.020 | 0.364 | |
| guessPackageType | 0.008 | 0.013 | 0.087 | |