| Back to Multiple platform build/check report for BioC 3.20: simplified long |
|
This page was generated on 2024-11-20 12:07 -0500 (Wed, 20 Nov 2024).
| Hostname | OS | Arch (*) | R version | Installed pkgs |
|---|---|---|---|---|
| teran2 | Linux (Ubuntu 24.04.1 LTS) | x86_64 | 4.4.2 (2024-10-31) -- "Pile of Leaves" | 4481 |
| nebbiolo2 | Linux (Ubuntu 24.04.1 LTS) | x86_64 | 4.4.2 (2024-10-31) -- "Pile of Leaves" | 4479 |
| palomino8 | Windows Server 2022 Datacenter | x64 | 4.4.2 (2024-10-31 ucrt) -- "Pile of Leaves" | 4359 |
| lconway | macOS 12.7.1 Monterey | x86_64 | 4.4.1 (2024-06-14) -- "Race for Your Life" | 4539 |
| kunpeng2 | Linux (openEuler 22.03 LTS-SP1) | aarch64 | 4.4.1 (2024-06-14) -- "Race for Your Life" | 4493 |
| Click on any hostname to see more info about the system (e.g. compilers) (*) as reported by 'uname -p', except on Windows and Mac OS X | ||||
| Package 21/2289 | Hostname | OS / Arch | INSTALL | BUILD | CHECK | BUILD BIN | ||||||||
| adverSCarial 1.4.0 (landing page) Ghislain FIEVET
| teran2 | Linux (Ubuntu 24.04.1 LTS) / x86_64 | OK | OK | WARNINGS | |||||||||
| nebbiolo2 | Linux (Ubuntu 24.04.1 LTS) / x86_64 | OK | OK | WARNINGS | ||||||||||
| palomino8 | Windows Server 2022 Datacenter / x64 | OK | OK | WARNINGS | OK | |||||||||
| lconway | macOS 12.7.1 Monterey / x86_64 | OK | OK | WARNINGS | OK | |||||||||
| kunpeng2 | Linux (openEuler 22.03 LTS-SP1) / aarch64 | OK | OK | WARNINGS | ||||||||||
|
To the developers/maintainers of the adverSCarial package: - Allow up to 24 hours (and sometimes 48 hours) for your latest push to git@git.bioconductor.org:packages/adverSCarial.git to reflect on this report. See Troubleshooting Build Report for more information. - Use the following Renviron settings to reproduce errors and warnings. - If 'R CMD check' started to fail recently on the Linux builder(s) over a missing dependency, add the missing dependency to 'Suggests:' in your DESCRIPTION file. See Renviron.bioc for more information. - See Martin Grigorov's blog post for how to debug Linux ARM64 related issues on a x86_64 host. |
| Package: adverSCarial |
| Version: 1.4.0 |
| Command: /home/biocbuild/R/R/bin/R CMD check --install=check:adverSCarial.install-out.txt --library=/home/biocbuild/R/R/site-library --no-vignettes --timings adverSCarial_1.4.0.tar.gz |
| StartedAt: 2024-11-20 04:59:27 -0000 (Wed, 20 Nov 2024) |
| EndedAt: 2024-11-20 05:01:53 -0000 (Wed, 20 Nov 2024) |
| EllapsedTime: 145.3 seconds |
| RetCode: 0 |
| Status: WARNINGS |
| CheckDir: adverSCarial.Rcheck |
| Warnings: 2 |
##############################################################################
##############################################################################
###
### Running command:
###
### /home/biocbuild/R/R/bin/R CMD check --install=check:adverSCarial.install-out.txt --library=/home/biocbuild/R/R/site-library --no-vignettes --timings adverSCarial_1.4.0.tar.gz
###
##############################################################################
##############################################################################
* using log directory ‘/home/biocbuild/bbs-3.20-bioc/meat/adverSCarial.Rcheck’
* using R version 4.4.1 (2024-06-14)
* using platform: aarch64-unknown-linux-gnu
* R was compiled by
gcc (GCC) 12.2.1 20220819 (openEuler 12.2.1-14)
GNU Fortran (GCC) 10.3.1
* running under: openEuler 22.03 (LTS-SP1)
* using session charset: UTF-8
* using option ‘--no-vignettes’
* checking for file ‘adverSCarial/DESCRIPTION’ ... OK
* this is package ‘adverSCarial’ version ‘1.4.0’
* package encoding: UTF-8
* checking package namespace information ... OK
* checking package dependencies ... OK
* checking if this is a source package ... OK
* checking if there is a namespace ... OK
* checking for hidden files and directories ... NOTE
Found the following hidden files and directories:
vignettes/.RData
These were most likely included in error. See section ‘Package
structure’ in the ‘Writing R Extensions’ manual.
* checking for portable file names ... OK
* checking for sufficient/correct file permissions ... OK
* checking whether package ‘adverSCarial’ can be installed ... OK
* checking installed package size ... OK
* checking package directory ... OK
* checking ‘build’ directory ... OK
* checking DESCRIPTION meta-information ... OK
* checking top-level files ... OK
* checking for left-over files ... OK
* checking index information ... OK
* checking package subdirectories ... OK
* checking code files for non-ASCII characters ... OK
* checking R files for syntax errors ... OK
* checking whether the package can be loaded ... OK
* checking whether the package can be loaded with stated dependencies ... OK
* checking whether the package can be unloaded cleanly ... OK
* checking whether the namespace can be loaded with stated dependencies ... OK
* checking whether the namespace can be unloaded cleanly ... OK
* checking loading without being on the library search path ... OK
* checking dependencies in R code ... OK
* checking S3 generic/method consistency ... OK
* checking replacement functions ... OK
* checking foreign function calls ... OK
* checking R code for possible problems ... NOTE
.advModificationsFunction: no visible global function definition for
‘is’
.advModificationsFunction : <anonymous>: no visible global function
definition for ‘is’
.advModificationsNotFunction: no visible global function definition for
‘is’
.advModificationsNotFunction: no visible global function definition for
‘counts’
.advModificationsNotFunction : <anonymous>: no visible global function
definition for ‘is’
.randWalkGetSeed: no visible global function definition for
‘SingleCellExperiment’
.randWalkGetSeed: no visible global function definition for ‘is’
.randWalkTryNewVector: no visible global function definition for
‘SingleCellExperiment’
.randWalkTryNewVector: no visible global function definition for ‘is’
MClassifier: no visible global function definition for ‘is’
MClassifier: no visible global function definition for ‘counts’
advChar: no visible global function definition for ‘new’
advGridMinChange: no visible global function definition for ‘is’
advGridMinChange: no visible global function definition for ‘counts’
advGridMinChange: no visible global function definition for
‘SingleCellExperiment’
advList: no visible global function definition for ‘new’
advMaxChange: no visible global function definition for ‘is’
advMaxChange: no visible global function definition for ‘counts’
advMaxChange: no visible global function definition for ‘new’
advModifications: no visible global function definition for ‘is’
advModifications: no visible global function definition for ‘counts’
advModifications: no visible global function definition for
‘SingleCellExperiment’
advRandWalkMinChange: no visible global function definition for ‘is’
advRandWalkMinChange: no visible global function definition for
‘counts’
advSingleGene: no visible global function definition for ‘is’
advSingleGene: no visible global function definition for ‘counts’
advSingleGene: no visible binding for '<<-' assignment to
‘lastResLength’
advSingleGene : <anonymous>: no visible binding for global variable
‘lastResLength’
advSingleGene : <anonymous>: no visible binding for '<<-' assignment to
‘lastResLength’
advSingleGene: no visible global function definition for ‘new’
getDistantCouples: no visible global function definition for ‘combn’
getSignGenes : <anonymous>: no visible global function definition for
‘wilcox.test’
getSignGenes : <anonymous>: no visible global function definition for
‘t.test’
matrixFromSCE: no visible global function definition for ‘is’
matrixFromSCE: no visible global function definition for ‘colData’
maxChangeOverview: no visible global function definition for ‘is’
maxChangeOverview: no visible global function definition for ‘counts’
predictWithNewValue: no visible global function definition for ‘is’
sceConvertToHGNC: no visible global function definition for ‘is’
sceConvertToHGNC: no visible global function definition for
‘SingleCellExperiment’
sceConvertToHGNC: no visible global function definition for ‘colData’
singleGeneOverview: no visible global function definition for ‘is’
singleGeneOverview: no visible global function definition for ‘counts’
Undefined global functions or variables:
SingleCellExperiment colData combn counts is lastResLength new t.test
wilcox.test
Consider adding
importFrom("methods", "is", "new")
importFrom("stats", "t.test", "wilcox.test")
importFrom("utils", "combn")
to your NAMESPACE file (and ensure that your DESCRIPTION Imports field
contains 'methods').
* checking Rd files ... NOTE
checkRd: (-1) advCGD.Rd:31-34: Lost braces
31 | classifier = function(expr, clusters, target){
| ^
checkRd: (-1) advGridMinChange.Rd:34-37: Lost braces
34 | classifier = function(expr, clusters, target){
| ^
checkRd: (-1) advMaxChange.Rd:39-42: Lost braces
39 | classifier = function(expr, clusters, target){
| ^
checkRd: (-1) advRandWalkMinChange.Rd:36-39: Lost braces
36 | classifier = function(expr, clusters, target){
| ^
checkRd: (-1) advSingleGene.Rd:43-46: Lost braces
43 | classifier = function(expr, clusters, target){
| ^
checkRd: (-1) maxChangeOverview.Rd:35-38: Lost braces
35 | classifier = function(expr, clusters, target){
| ^
checkRd: (-1) predictWithNewValue.Rd:36-39: Lost braces
36 | classifier = function(expr, clusters, target){
| ^
checkRd: (-1) singleGeneOverview.Rd:37-40: Lost braces
37 | classifier = function(expr, clusters, target){
| ^
* checking Rd metadata ... OK
* checking Rd cross-references ... OK
* checking for missing documentation entries ... WARNING
Undocumented code objects:
‘advTraining’
All user-level objects in a package should have documentation entries.
See chapter ‘Writing R documentation files’ in the ‘Writing R
Extensions’ manual.
* checking for code/documentation mismatches ... OK
* checking Rd \usage sections ... WARNING
Undocumented arguments in Rd file 'advMaxChange.Rd'
‘slot’
Undocumented arguments in Rd file 'advModifications.Rd'
‘slot’
Undocumented arguments in Rd file 'advSingleGene.Rd'
‘slot’
Undocumented arguments in Rd file 'predictWithNewValue.Rd'
‘slot’
Functions with \usage entries need to have the appropriate \alias
entries, and all their arguments documented.
The \usage entries must correspond to syntactically valid R code.
See chapter ‘Writing R documentation files’ in the ‘Writing R
Extensions’ manual.
* checking Rd contents ... OK
* checking for unstated dependencies in examples ... OK
* checking files in ‘vignettes’ ... NOTE
The following directory looks like a leftover from 'knitr':
‘figure’
Please remove from your package.
* checking examples ... OK
Examples with CPU (user + system) or elapsed time > 5s
user system elapsed
MClassifier 26.936 1.872 34.842
advChar 13.504 0.583 14.117
sceConvertToHGNC 10.354 1.920 17.066
matrixFromSCE 9.037 0.873 14.892
* checking for unstated dependencies in ‘tests’ ... OK
* checking tests ...
Running ‘runTests.R’
OK
* checking for unstated dependencies in vignettes ... OK
* checking package vignettes ... OK
* checking running R code from vignettes ... SKIPPED
* checking re-building of vignette outputs ... SKIPPED
* checking PDF version of manual ... OK
* DONE
Status: 2 WARNINGs, 4 NOTEs
See
‘/home/biocbuild/bbs-3.20-bioc/meat/adverSCarial.Rcheck/00check.log’
for details.
adverSCarial.Rcheck/00install.out
############################################################################## ############################################################################## ### ### Running command: ### ### /home/biocbuild/R/R/bin/R CMD INSTALL adverSCarial ### ############################################################################## ############################################################################## * installing to library ‘/home/biocbuild/R/R-4.4.1/site-library’ * installing *source* package ‘adverSCarial’ ... ** using staged installation ** R ** inst ** byte-compile and prepare package for lazy loading ** help *** installing help indices ** building package indices ** installing vignettes ** testing if installed package can be loaded from temporary location ** testing if installed package can be loaded from final location ** testing if installed package keeps a record of temporary installation path * DONE (adverSCarial)
adverSCarial.Rcheck/tests/runTests.Rout
R version 4.4.1 (2024-06-14) -- "Race for Your Life"
Copyright (C) 2024 The R Foundation for Statistical Computing
Platform: aarch64-unknown-linux-gnu
R is free software and comes with ABSOLUTELY NO WARRANTY.
You are welcome to redistribute it under certain conditions.
Type 'license()' or 'licence()' for distribution details.
R is a collaborative project with many contributors.
Type 'contributors()' for more information and
'citation()' on how to cite R or R packages in publications.
Type 'demo()' for some demos, 'help()' for on-line help, or
'help.start()' for an HTML browser interface to help.
Type 'q()' to quit R.
> BiocGenerics:::testPackage("adverSCarial")
Running combination: 1 on 3
Running combination: 2 on 3
Running combination: 3 on 3
predictWithNewValue data.frame data.frame
predictWithNewValue data.frame data.frame
predictWithNewValue data.frame data.frame
predictWithNewValue data.frame data.frame
result length: 3
Running first batch to determine walk seed: 1 on 3
Running first batch to determine walk seed: 2 on 3
Running first batch to determine walk seed: 3 on 3
No modified type, try with a higher firstBatch argument
predictWithNewValue data.frame data.frame
Split number: 1/100
predictWithNewValue data.frame data.frame
cellType: b
classifTarget: b
target: b
Split number: 2/100
predictWithNewValue data.frame data.frame
cellType: b
classifTarget: b
target: b
predictWithNewValue data.frame data.frame
cellType: b
classifTarget: b
target: b
Split number: 4/100
Split time: 0.000184774398803711
Split number: 8/100
Split time: 0.00018000602722168
Split number: 16/100
Split time: 0.000166416168212891
Split number: 32/100
Split time: 0.000176668167114258
Split number: 64/100
Split time: 0.000190019607543945
Split number: 100/100
Split time: 0.00018620491027832
predictWithNewValue data.frame data.frame
predictWithNewValue data.frame data.frame
predictWithNewValue data.frame data.frame
predictWithNewValue data.frame data.frame
result length: 3
predictWithNewValue data.frame data.frame
predictWithNewValue data.frame data.frame
predictWithNewValue data.frame data.frame
predictWithNewValue data.frame data.frame
result length: 3
predictWithNewValue data.frame data.frame
predictWithNewValue data.frame data.frame
predictWithNewValue data.frame data.frame
predictWithNewValue data.frame data.frame
result length: 3
predictWithNewValue data.frame data.frame
predictWithNewValue data.frame data.frame
predictWithNewValue data.frame data.frame
predictWithNewValue data.frame data.frame
result length: 3
predictWithNewValue data.frame data.frame
predictWithNewValue data.frame data.frame
Split number: 1/100
predictWithNewValue data.frame data.frame
cellType: b
classifTarget: b
target: b
Split number: 2/100
predictWithNewValue data.frame data.frame
cellType: b
classifTarget: b
target: b
predictWithNewValue data.frame data.frame
cellType: b
classifTarget: b
target: b
Split number: 4/100
Split time: 0.000177145004272461
Split number: 8/100
Split time: 0.000163555145263672
Split number: 16/100
Split time: 0.000158786773681641
Split number: 32/100
Split time: 0.000161409378051758
Split number: 64/100
Split time: 0.000178098678588867
Split number: 100/100
Split time: 0.000169754028320312
predictWithNewValue data.frame data.frame
Split number: 1/100
predictWithNewValue data.frame data.frame
cellType: b
classifTarget: b
target: t
Split number: 2/100
predictWithNewValue data.frame data.frame
cellType: b
classifTarget: b
target: t
predictWithNewValue data.frame data.frame
cellType: b
classifTarget: b
target: t
Split number: 4/100
Split time: 0.000180959701538086
Split number: 8/100
Split time: 0.00016331672668457
Split number: 16/100
Split time: 0.000157833099365234
Split number: 32/100
Split time: 0.000163555145263672
Split number: 64/100
Split time: 0.00018310546875
Split number: 100/100
Split time: 0.000176429748535156
predictWithNewValue data.frame data.frame
Split number: 1/100
predictWithNewValue data.frame data.frame
cellType: b
classifTarget: b
target: b
Split number: 2/100
predictWithNewValue data.frame data.frame
cellType: b
classifTarget: b
target: b
predictWithNewValue data.frame data.frame
cellType: b
classifTarget: b
target: b
Split number: 4/100
Split time: 0.000168323516845703
Split number: 8/100
Split time: 0.000159978866577148
Split number: 16/100
Split time: 0.000153064727783203
Split number: 32/100
Split time: 0.000156402587890625
Split number: 64/100
Split time: 0.000160932540893555
Split number: 100/100
Split time: 0.000170707702636719
predictWithNewValue data.frame data.frame
Split number: 1/100
predictWithNewValue data.frame data.frame
cellType: b
classifTarget: b
target: t
Split number: 2/100
predictWithNewValue data.frame data.frame
cellType: b
classifTarget: b
target: t
predictWithNewValue data.frame data.frame
cellType: b
classifTarget: b
target: t
Split number: 4/100
Split time: 0.000167131423950195
Split number: 8/100
Split time: 0.000179052352905273
Split number: 16/100
Split time: 0.000155925750732422
Split number: 32/100
Split time: 0.000159978866577148
Split number: 64/100
Split time: 0.000160455703735352
Split number: 100/100
Split time: 0.00016474723815918
RUNIT TEST PROTOCOL -- Wed Nov 20 05:01:50 2024
***********************************************
Number of test functions: 8
Number of errors: 0
Number of failures: 0
1 Test Suite :
adverSCarial RUnit Tests - 8 test functions, 0 errors, 0 failures
Number of test functions: 8
Number of errors: 0
Number of failures: 0
>
> proc.time()
user system elapsed
6.469 0.275 6.661
adverSCarial.Rcheck/adverSCarial-Ex.timings
| name | user | system | elapsed | |
| MClassifier | 26.936 | 1.872 | 34.842 | |
| advCGD | 0.038 | 0.000 | 0.039 | |
| advChar | 13.504 | 0.583 | 14.117 | |
| advGridMinChange | 0.460 | 0.016 | 0.477 | |
| advList | 0.017 | 0.000 | 0.017 | |
| advMaxChange | 0.191 | 0.008 | 0.199 | |
| advModifications | 0.218 | 0.004 | 0.223 | |
| advRandWalkMinChange | 0.483 | 0.016 | 0.500 | |
| advSingleGene | 0.196 | 0.016 | 0.213 | |
| getSignGenes | 0.009 | 0.000 | 0.009 | |
| matrixFromSCE | 9.037 | 0.873 | 14.892 | |
| maxChangeOverview | 0.247 | 0.016 | 0.264 | |
| predictWithNewValue | 0.177 | 0.008 | 0.185 | |
| sceConvertToHGNC | 10.354 | 1.920 | 17.066 | |
| singleGeneOverview | 0.347 | 0.100 | 0.448 | |