| Back to Multiple platform build/check report for BioC 3.20: simplified long |
|
This page was generated on 2024-11-09 21:32 -0500 (Sat, 09 Nov 2024).
| Hostname | OS | Arch (*) | R version | Installed pkgs |
|---|---|---|---|---|
| teran2 | Linux (Ubuntu 24.04.1 LTS) | x86_64 | 4.4.1 (2024-06-14) -- "Race for Your Life" | 4505 |
| palomino8 | Windows Server 2022 Datacenter | x64 | 4.4.1 (2024-06-14 ucrt) -- "Race for Your Life" | 4506 |
| lconway | macOS 12.7.1 Monterey | x86_64 | 4.4.1 (2024-06-14) -- "Race for Your Life" | 4538 |
| kjohnson3 | macOS 13.6.5 Ventura | arm64 | 4.4.1 (2024-06-14) -- "Race for Your Life" | 4486 |
| kunpeng2 | Linux (openEuler 22.03 LTS-SP1) | aarch64 | 4.4.1 (2024-06-14) -- "Race for Your Life" | 4493 |
| Click on any hostname to see more info about the system (e.g. compilers) (*) as reported by 'uname -p', except on Windows and Mac OS X | ||||
| Package 2221/2289 | Hostname | OS / Arch | INSTALL | BUILD | CHECK | BUILD BIN | ||||||||
| Ularcirc 1.24.0 (landing page) David Humphreys
| teran2 | Linux (Ubuntu 24.04.1 LTS) / x86_64 | OK | OK | WARNINGS | |||||||||
| palomino8 | Windows Server 2022 Datacenter / x64 | OK | OK | WARNINGS | OK | |||||||||
| lconway | macOS 12.7.1 Monterey / x86_64 | OK | OK | WARNINGS | OK | |||||||||
| kjohnson3 | macOS 13.6.5 Ventura / arm64 | OK | OK | WARNINGS | OK | |||||||||
| kunpeng2 | Linux (openEuler 22.03 LTS-SP1) / aarch64 | OK | OK | WARNINGS | ||||||||||
|
To the developers/maintainers of the Ularcirc package: - Allow up to 24 hours (and sometimes 48 hours) for your latest push to git@git.bioconductor.org:packages/Ularcirc.git to reflect on this report. See Troubleshooting Build Report for more information. - Use the following Renviron settings to reproduce errors and warnings. - If 'R CMD check' started to fail recently on the Linux builder(s) over a missing dependency, add the missing dependency to 'Suggests:' in your DESCRIPTION file. See Renviron.bioc for more information. |
| Package: Ularcirc |
| Version: 1.24.0 |
| Command: /Library/Frameworks/R.framework/Resources/bin/R CMD check --install=check:Ularcirc.install-out.txt --library=/Library/Frameworks/R.framework/Resources/library --no-vignettes --timings Ularcirc_1.24.0.tar.gz |
| StartedAt: 2024-11-09 15:53:18 -0500 (Sat, 09 Nov 2024) |
| EndedAt: 2024-11-09 15:57:37 -0500 (Sat, 09 Nov 2024) |
| EllapsedTime: 259.5 seconds |
| RetCode: 0 |
| Status: WARNINGS |
| CheckDir: Ularcirc.Rcheck |
| Warnings: 1 |
##############################################################################
##############################################################################
###
### Running command:
###
### /Library/Frameworks/R.framework/Resources/bin/R CMD check --install=check:Ularcirc.install-out.txt --library=/Library/Frameworks/R.framework/Resources/library --no-vignettes --timings Ularcirc_1.24.0.tar.gz
###
##############################################################################
##############################################################################
* using log directory ‘/Users/biocbuild/bbs-3.20-bioc/meat/Ularcirc.Rcheck’
* using R version 4.4.1 (2024-06-14)
* using platform: aarch64-apple-darwin20
* R was compiled by
Apple clang version 14.0.0 (clang-1400.0.29.202)
GNU Fortran (GCC) 12.2.0
* running under: macOS Ventura 13.6.7
* using session charset: UTF-8
* using option ‘--no-vignettes’
* checking for file ‘Ularcirc/DESCRIPTION’ ... OK
* checking extension type ... Package
* this is package ‘Ularcirc’ version ‘1.24.0’
* package encoding: UTF-8
* checking package namespace information ... OK
* checking package dependencies ...Warning: unable to access index for repository https://CRAN.R-project.org/src/contrib:
cannot open URL 'https://CRAN.R-project.org/src/contrib/PACKAGES'
OK
* checking if this is a source package ... OK
* checking if there is a namespace ... OK
* checking for hidden files and directories ... OK
* checking for portable file names ... OK
* checking for sufficient/correct file permissions ... OK
* checking whether package ‘Ularcirc’ can be installed ... OK
* checking installed package size ... OK
* checking package directory ... OK
* checking ‘build’ directory ... OK
* checking DESCRIPTION meta-information ... OK
* checking top-level files ... OK
* checking for left-over files ... OK
* checking index information ... OK
* checking package subdirectories ... OK
* checking code files for non-ASCII characters ... OK
* checking R files for syntax errors ... OK
* checking whether the package can be loaded ... OK
* checking whether the package can be loaded with stated dependencies ... OK
* checking whether the package can be unloaded cleanly ... OK
* checking whether the namespace can be loaded with stated dependencies ... OK
* checking whether the namespace can be unloaded cleanly ... OK
* checking dependencies in R code ... NOTE
Namespaces in Imports field not imported from:
‘DT’ ‘GenomeInfoDb’ ‘GenomeInfoDbData’ ‘Organism.dplyr’ ‘ggplot2’
‘ggrepel’ ‘mirbase.db’ ‘moments’ ‘shinyFiles’ ‘shinydashboard’
‘shinyjs’ ‘yaml’
All declared Imports should be used.
* checking S3 generic/method consistency ... OK
* checking replacement functions ... OK
* checking foreign function calls ... OK
* checking R code for possible problems ... NOTE
FilterChimericJuncs: no visible global function definition for
‘Filter_by_Data_Set’
FilterChimericJuncs: no visible binding for global variable
‘strandDonor’
FilterChimericJuncs: no visible binding for global variable
‘startDonor’
FilterChimericJuncs: no visible binding for global variable
‘startAcceptor’
Junction_Sequence_from_Genome: no visible global function definition
for ‘extractGenomeSequence’
SelectUniqueJunctions : filtersteps: no visible global function
definition for ‘.’
SelectUniqueJunctions : filtersteps: no visible binding for global
variable ‘type’
SelectUniqueJunctions: no visible binding for global variable
‘BSjuncName’
SelectUniqueJunctions: no visible binding for global variable
‘JuncType’
SelectUniqueJunctions: no visible binding for global variable
‘strandDonor’
loadSTAR_chimeric: no visible binding for global variable
‘..returnColIdx’
Undefined global functions or variables:
. ..returnColIdx BSjuncName Filter_by_Data_Set JuncType
extractGenomeSequence startAcceptor startDonor strandDonor type
* checking Rd files ... OK
* checking Rd metadata ... OK
* checking Rd cross-references ... OK
* checking for missing documentation entries ... OK
* checking for code/documentation mismatches ... OK
* checking Rd \usage sections ... WARNING
Undocumented arguments in Rd file 'Junction_Sequence_from_Genome.Rd'
‘SelectUniqueJunct_Value’
Documented arguments not in \usage in Rd file 'Junction_Sequence_from_Genome.Rd':
‘SelectUniqueJunct_value’
Functions with \usage entries need to have the appropriate \alias
entries, and all their arguments documented.
The \usage entries must correspond to syntactically valid R code.
See chapter ‘Writing R documentation files’ in the ‘Writing R
Extensions’ manual.
* checking Rd contents ... OK
* checking for unstated dependencies in examples ... OK
* checking files in ‘vignettes’ ... OK
* checking examples ... OK
* checking for unstated dependencies in vignettes ... OK
* checking package vignettes ... OK
* checking running R code from vignettes ... SKIPPED
* checking re-building of vignette outputs ... SKIPPED
* checking PDF version of manual ... OK
* DONE
Status: 1 WARNING, 2 NOTEs
See
‘/Users/biocbuild/bbs-3.20-bioc/meat/Ularcirc.Rcheck/00check.log’
for details.
Ularcirc.Rcheck/00install.out
############################################################################## ############################################################################## ### ### Running command: ### ### /Library/Frameworks/R.framework/Resources/bin/R CMD INSTALL Ularcirc ### ############################################################################## ############################################################################## * installing to library ‘/Library/Frameworks/R.framework/Versions/4.4-arm64/Resources/library’ * installing *source* package ‘Ularcirc’ ... ** using staged installation ** R ** inst ** byte-compile and prepare package for lazy loading ** help *** installing help indices ** building package indices ** installing vignettes ** testing if installed package can be loaded from temporary location ** testing if installed package can be loaded from final location ** testing if installed package keeps a record of temporary installation path * DONE (Ularcirc)
Ularcirc.Rcheck/Ularcirc-Ex.timings
| name | user | system | elapsed | |
| BSJ_details | 0.000 | 0.000 | 0.001 | |
| Compatible_Annotation_DBs | 3.792 | 0.124 | 3.920 | |
| FilterChimericJuncs | 0.056 | 0.005 | 0.062 | |
| Ularcirc | 0 | 0 | 0 | |
| bsj_fastq_generate | 0.016 | 0.001 | 0.016 | |
| bsj_to_circRNA_sequence | 0.877 | 0.039 | 0.943 | |
| chimericStats | 0.034 | 0.003 | 0.037 | |
| plot_AllJunctions | 0.923 | 0.026 | 0.950 | |