| Back to Multiple platform build/check report for BioC 3.20: simplified long |
|
This page was generated on 2025-04-02 19:31 -0400 (Wed, 02 Apr 2025).
| Hostname | OS | Arch (*) | R version | Installed pkgs |
|---|---|---|---|---|
| nebbiolo2 | Linux (Ubuntu 24.04.1 LTS) | x86_64 | 4.4.3 (2025-02-28) -- "Trophy Case" | 4764 |
| palomino8 | Windows Server 2022 Datacenter | x64 | 4.4.3 (2025-02-28 ucrt) -- "Trophy Case" | 4495 |
| merida1 | macOS 12.7.5 Monterey | x86_64 | 4.4.3 (2025-02-28) -- "Trophy Case" | 4522 |
| kjohnson1 | macOS 13.6.6 Ventura | arm64 | 4.4.3 (2025-02-28) -- "Trophy Case" | 4449 |
| taishan | Linux (openEuler 24.03 LTS) | aarch64 | 4.4.3 (2025-02-28) -- "Trophy Case" | 4426 |
| Click on any hostname to see more info about the system (e.g. compilers) (*) as reported by 'uname -p', except on Windows and Mac OS X | ||||
| Package 2218/2289 | Hostname | OS / Arch | INSTALL | BUILD | CHECK | BUILD BIN | ||||||||
| TypeInfo 1.72.0 (landing page) Duncan Temple Lang
| nebbiolo2 | Linux (Ubuntu 24.04.1 LTS) / x86_64 | OK | ERROR | skipped | |||||||||
| palomino8 | Windows Server 2022 Datacenter / x64 | OK | ERROR | skipped | skipped | |||||||||
| merida1 | macOS 12.7.5 Monterey / x86_64 | OK | ERROR | skipped | skipped | |||||||||
| kjohnson1 | macOS 13.6.6 Ventura / arm64 | OK | ERROR | skipped | skipped | |||||||||
| taishan | Linux (openEuler 24.03 LTS) / aarch64 | OK | OK | OK | ||||||||||
|
To the developers/maintainers of the TypeInfo package: - Allow up to 24 hours (and sometimes 48 hours) for your latest push to git@git.bioconductor.org:packages/TypeInfo.git to reflect on this report. See Troubleshooting Build Report for more information. - Use the following Renviron settings to reproduce errors and warnings. - If 'R CMD check' started to fail recently on the Linux builder(s) over a missing dependency, add the missing dependency to 'Suggests:' in your DESCRIPTION file. See Renviron.bioc for more information. |
| Package: TypeInfo |
| Version: 1.72.0 |
| Command: chmod a+r TypeInfo -R && F:\biocbuild\bbs-3.20-bioc\R\bin\R.exe CMD build --keep-empty-dirs --no-resave-data TypeInfo |
| StartedAt: 2025-03-31 22:30:04 -0400 (Mon, 31 Mar 2025) |
| EndedAt: 2025-03-31 22:30:18 -0400 (Mon, 31 Mar 2025) |
| EllapsedTime: 13.5 seconds |
| RetCode: 1 |
| Status: ERROR |
| PackageFile: None |
| PackageFileSize: NA |
##############################################################################
##############################################################################
###
### Running command:
###
### chmod a+r TypeInfo -R && F:\biocbuild\bbs-3.20-bioc\R\bin\R.exe CMD build --keep-empty-dirs --no-resave-data TypeInfo
###
##############################################################################
##############################################################################
* checking for file 'TypeInfo/DESCRIPTION' ... OK
* preparing 'TypeInfo':
* checking DESCRIPTION meta-information ... OK
* installing the package to build vignettes
* creating vignettes ... ERROR
--- re-building 'TypeInfoNews.Rnw' using Sweave
Warning in system(paste(shQuote(texi2dvi), if (quiet) "--quiet" else "", :
running command '"C:\PROGRA~1\MiKTeX\miktex\bin\x64\texify.exe" --quiet --pdf "TypeInfoNews.tex" --max-iterations=20 -I "F:/biocbuild/bbs-3.20-bioc/R/share/texmf/tex/latex" -I "F:/biocbuild/bbs-3.20-bioc/R/share/texmf/bibtex/bst"' had status 1
Error: processing vignette 'TypeInfoNews.Rnw' failed with diagnostics:
running 'texi2dvi' on 'TypeInfoNews.tex' failed
LaTeX errors:
ttes/TypeInfoNews.tex:221: Argument of \__intarray_bounds_error:NNnw has an ext
ra }.
<inserted text>
\par
l.221
ttes/TypeInfoNews.tex:221: Paragraph ended before \__intarray_bounds_error:NNnw
was complete.
<to be read again>
\par
l.221
ttes/TypeInfoNews.tex:221: Argument of \__intarray_bounds_error:NNnw has an ext
ra }.
<inserted text>
\par
l.221
ttes/TypeInfoNews.tex:221: Paragraph ended before \__intarray_bounds_error:NNnw
was complete.
<to be read again>
\par
l.221
--- failed re-building 'TypeInfoNews.Rnw'
SUMMARY: processing the following file failed:
'TypeInfoNews.Rnw'
Error: Vignette re-building failed.
Execution halted