| Back to Multiple platform build/check report for BioC 3.20: simplified long | 
 | 
This page was generated on 2025-04-02 19:31 -0400 (Wed, 02 Apr 2025).
| Hostname | OS | Arch (*) | R version | Installed pkgs | 
|---|---|---|---|---|
| nebbiolo2 | Linux (Ubuntu 24.04.1 LTS) | x86_64 | 4.4.3 (2025-02-28) -- "Trophy Case" | 4764 | 
| palomino8 | Windows Server 2022 Datacenter | x64 | 4.4.3 (2025-02-28 ucrt) -- "Trophy Case" | 4495 | 
| merida1 | macOS 12.7.5 Monterey | x86_64 | 4.4.3 (2025-02-28) -- "Trophy Case" | 4522 | 
| kjohnson1 | macOS 13.6.6 Ventura | arm64 | 4.4.3 (2025-02-28) -- "Trophy Case" | 4449 | 
| taishan | Linux (openEuler 24.03 LTS) | aarch64 | 4.4.3 (2025-02-28) -- "Trophy Case" | 4426 | 
| Click on any hostname to see more info about the system (e.g. compilers) (*) as reported by 'uname -p', except on Windows and Mac OS X | ||||
| Package 1963/2289 | Hostname | OS / Arch | INSTALL | BUILD | CHECK | BUILD BIN | ||||||||
| SimBu 1.8.0  (landing page) Alexander Dietrich 
 | nebbiolo2 | Linux (Ubuntu 24.04.1 LTS) / x86_64 | OK | ERROR | skipped | |||||||||
| palomino8 | Windows Server 2022 Datacenter / x64 | OK | ERROR | skipped | skipped | |||||||||
| merida1 | macOS 12.7.5 Monterey / x86_64 | OK | ERROR | skipped | skipped | |||||||||
| kjohnson1 | macOS 13.6.6 Ventura / arm64 | OK | ERROR | skipped | skipped | |||||||||
| taishan | Linux (openEuler 24.03 LTS) / aarch64 | OK | ERROR | skipped | ||||||||||
| To the developers/maintainers of the SimBu package: - Allow up to 24 hours (and sometimes 48 hours) for your latest push to git@git.bioconductor.org:packages/SimBu.git to reflect on this report. See Troubleshooting Build Report for more information. - Use the following Renviron settings to reproduce errors and warnings. - If 'R CMD check' started to fail recently on the Linux builder(s) over a missing dependency, add the missing dependency to 'Suggests:' in your DESCRIPTION file. See Renviron.bioc for more information. | 
| Package: SimBu | 
| Version: 1.8.0 | 
| Command: chmod a+r SimBu -R && F:\biocbuild\bbs-3.20-bioc\R\bin\R.exe CMD build --keep-empty-dirs --no-resave-data SimBu | 
| StartedAt: 2025-03-31 21:57:16 -0400 (Mon, 31 Mar 2025) | 
| EndedAt: 2025-03-31 21:58:26 -0400 (Mon, 31 Mar 2025) | 
| EllapsedTime: 69.9 seconds | 
| RetCode: 1 | 
| Status: ERROR | 
| PackageFile: None | 
| PackageFileSize: NA | 
##############################################################################
##############################################################################
###
### Running command:
###
###   chmod a+r SimBu -R && F:\biocbuild\bbs-3.20-bioc\R\bin\R.exe CMD build --keep-empty-dirs --no-resave-data SimBu
###
##############################################################################
##############################################################################
* checking for file 'SimBu/DESCRIPTION' ... OK
* preparing 'SimBu':
* checking DESCRIPTION meta-information ... OK
* installing the package to build vignettes
* creating vignettes ... ERROR
--- re-building 'SimBu.Rmd' using rmarkdown
Warning: The vignette title specified in \VignetteIndexEntry{} is different from the title in the YAML metadata. The former is "Getting started", and the latter is "Getting started with SimBu". If that is intentional, you may set options(rmarkdown.html_vignette.check_title = FALSE) to suppress this check.
--- finished re-building 'SimBu.Rmd'
--- re-building 'sfaira_vignette.Rmd' using rmarkdown
--- finished re-building 'sfaira_vignette.Rmd'
--- re-building 'simulator_scaling_factors.Rmd' using rmarkdown
--- finished re-building 'simulator_scaling_factors.Rmd'
--- re-building 'simulator_input_output.Rmd' using knitr
Error: processing vignette 'simulator_input_output.Rmd' failed with diagnostics:
Detected yes/no in YAML(simulator_input_output.md). Please replace them with true/false.
--- failed re-building 'simulator_input_output.Rmd'
SUMMARY: processing the following file failed:
  'simulator_input_output.Rmd'
Error: Vignette re-building failed.
Execution halted