| Back to Multiple platform build/check report for BioC 3.20: simplified long |
|
This page was generated on 2025-04-02 19:29 -0400 (Wed, 02 Apr 2025).
| Hostname | OS | Arch (*) | R version | Installed pkgs |
|---|---|---|---|---|
| nebbiolo2 | Linux (Ubuntu 24.04.1 LTS) | x86_64 | 4.4.3 (2025-02-28) -- "Trophy Case" | 4764 |
| palomino8 | Windows Server 2022 Datacenter | x64 | 4.4.3 (2025-02-28 ucrt) -- "Trophy Case" | 4495 |
| merida1 | macOS 12.7.5 Monterey | x86_64 | 4.4.3 (2025-02-28) -- "Trophy Case" | 4522 |
| kjohnson1 | macOS 13.6.6 Ventura | arm64 | 4.4.3 (2025-02-28) -- "Trophy Case" | 4449 |
| taishan | Linux (openEuler 24.03 LTS) | aarch64 | 4.4.3 (2025-02-28) -- "Trophy Case" | 4426 |
| Click on any hostname to see more info about the system (e.g. compilers) (*) as reported by 'uname -p', except on Windows and Mac OS X | ||||
| Package 1751/2289 | Hostname | OS / Arch | INSTALL | BUILD | CHECK | BUILD BIN | ||||||||
| RiboProfiling 1.36.0 (landing page) A. Popa
| nebbiolo2 | Linux (Ubuntu 24.04.1 LTS) / x86_64 | OK | OK | WARNINGS | |||||||||
| palomino8 | Windows Server 2022 Datacenter / x64 | OK | OK | WARNINGS | OK | |||||||||
| merida1 | macOS 12.7.5 Monterey / x86_64 | OK | OK | WARNINGS | OK | |||||||||
| kjohnson1 | macOS 13.6.6 Ventura / arm64 | OK | OK | WARNINGS | OK | |||||||||
| taishan | Linux (openEuler 24.03 LTS) / aarch64 | OK | OK | WARNINGS | ||||||||||
|
To the developers/maintainers of the RiboProfiling package: - Allow up to 24 hours (and sometimes 48 hours) for your latest push to git@git.bioconductor.org:packages/RiboProfiling.git to reflect on this report. See Troubleshooting Build Report for more information. - Use the following Renviron settings to reproduce errors and warnings. - If 'R CMD check' started to fail recently on the Linux builder(s) over a missing dependency, add the missing dependency to 'Suggests:' in your DESCRIPTION file. See Renviron.bioc for more information. |
| Package: RiboProfiling |
| Version: 1.36.0 |
| Command: /home/biocbuild/bbs-3.20-bioc/R/bin/R CMD check --install=check:RiboProfiling.install-out.txt --library=/home/biocbuild/bbs-3.20-bioc/R/site-library --timings RiboProfiling_1.36.0.tar.gz |
| StartedAt: 2025-04-01 01:32:38 -0400 (Tue, 01 Apr 2025) |
| EndedAt: 2025-04-01 01:44:39 -0400 (Tue, 01 Apr 2025) |
| EllapsedTime: 720.8 seconds |
| RetCode: 0 |
| Status: WARNINGS |
| CheckDir: RiboProfiling.Rcheck |
| Warnings: 1 |
##############################################################################
##############################################################################
###
### Running command:
###
### /home/biocbuild/bbs-3.20-bioc/R/bin/R CMD check --install=check:RiboProfiling.install-out.txt --library=/home/biocbuild/bbs-3.20-bioc/R/site-library --timings RiboProfiling_1.36.0.tar.gz
###
##############################################################################
##############################################################################
* using log directory ‘/home/biocbuild/bbs-3.20-bioc/meat/RiboProfiling.Rcheck’
* using R version 4.4.3 (2025-02-28)
* using platform: x86_64-pc-linux-gnu
* R was compiled by
gcc (Ubuntu 13.3.0-6ubuntu2~24.04) 13.3.0
GNU Fortran (Ubuntu 13.3.0-6ubuntu2~24.04) 13.3.0
* running under: Ubuntu 24.04.2 LTS
* using session charset: UTF-8
* checking for file ‘RiboProfiling/DESCRIPTION’ ... OK
* checking extension type ... Package
* this is package ‘RiboProfiling’ version ‘1.36.0’
* checking package namespace information ... OK
* checking package dependencies ... OK
* checking if this is a source package ... OK
* checking if there is a namespace ... OK
* checking for hidden files and directories ... OK
* checking for portable file names ... OK
* checking for sufficient/correct file permissions ... OK
* checking whether package ‘RiboProfiling’ can be installed ... WARNING
Found the following significant warnings:
Warning: replacing previous import ‘BiocGenerics::Position’ by ‘ggplot2::Position’ when loading ‘RiboProfiling’
See ‘/home/biocbuild/bbs-3.20-bioc/meat/RiboProfiling.Rcheck/00install.out’ for details.
* checking installed package size ... OK
* checking package directory ... OK
* checking ‘build’ directory ... OK
* checking DESCRIPTION meta-information ... OK
* checking top-level files ... OK
* checking for left-over files ... OK
* checking index information ... OK
* checking package subdirectories ... OK
* checking code files for non-ASCII characters ... OK
* checking R files for syntax errors ... OK
* checking whether the package can be loaded ... OK
* checking whether the package can be loaded with stated dependencies ... OK
* checking whether the package can be unloaded cleanly ... OK
* checking whether the namespace can be loaded with stated dependencies ... OK
* checking whether the namespace can be unloaded cleanly ... OK
* checking loading without being on the library search path ... OK
* checking dependencies in R code ... OK
* checking S3 generic/method consistency ... OK
* checking replacement functions ... OK
* checking foreign function calls ... OK
* checking R code for possible problems ... NOTE
applyShiftFeature: no visible global function definition for 'is'
aroundPromoter: no visible global function definition for 'is'
codonInfo: no visible global function definition for 'is'
countShiftReads: no visible global function definition for 'is'
histMatchLength: no visible global function definition for 'is'
orfRelativePos: no visible global function definition for 'is'
plotSummarizedCov: no visible global function definition for 'is'
readStartCov: no visible global function definition for 'is'
readsToStartOrEnd: no visible global function definition for 'is'
riboSeqFromBAM: no visible global function definition for 'is'
Undefined global functions or variables:
is
Consider adding
importFrom("methods", "is")
to your NAMESPACE file (and ensure that your DESCRIPTION Imports field
contains 'methods').
* checking Rd files ... OK
* checking Rd metadata ... OK
* checking Rd cross-references ... OK
* checking for missing documentation entries ... OK
* checking for code/documentation mismatches ... OK
* checking Rd \usage sections ... OK
* checking Rd contents ... OK
* checking for unstated dependencies in examples ... OK
* checking contents of ‘data’ directory ... OK
* checking data for non-ASCII characters ... OK
* checking data for ASCII and uncompressed saves ... OK
* checking files in ‘vignettes’ ... OK
* checking examples ... OK
Examples with CPU (user + system) or elapsed time > 5s
user system elapsed
countsPlot 49.779 2.549 52.416
riboSeqFromBAM 48.312 2.673 51.094
orfRelativePos 30.501 0.634 31.149
codonInfo 20.074 0.591 20.491
countShiftReads 17.595 1.348 19.020
plotSummarizedCov 4.717 0.533 5.275
* checking for unstated dependencies in ‘tests’ ... OK
* checking tests ...
Running ‘testthat.R’
OK
* checking for unstated dependencies in vignettes ... OK
* checking package vignettes ... OK
* checking re-building of vignette outputs ... OK
* checking PDF version of manual ... OK
* DONE
Status: 1 WARNING, 1 NOTE
See
‘/home/biocbuild/bbs-3.20-bioc/meat/RiboProfiling.Rcheck/00check.log’
for details.
RiboProfiling.Rcheck/00install.out
############################################################################## ############################################################################## ### ### Running command: ### ### /home/biocbuild/bbs-3.20-bioc/R/bin/R CMD INSTALL RiboProfiling ### ############################################################################## ############################################################################## * installing to library ‘/home/biocbuild/bbs-3.20-bioc/R/site-library’ * installing *source* package ‘RiboProfiling’ ... ** using staged installation ** R ** data ** inst ** byte-compile and prepare package for lazy loading Warning: replacing previous import ‘BiocGenerics::Position’ by ‘ggplot2::Position’ when loading ‘RiboProfiling’ ** help *** installing help indices ** building package indices ** installing vignettes ** testing if installed package can be loaded from temporary location Warning: replacing previous import ‘BiocGenerics::Position’ by ‘ggplot2::Position’ when loading ‘RiboProfiling’ ** testing if installed package can be loaded from final location Warning: replacing previous import ‘BiocGenerics::Position’ by ‘ggplot2::Position’ when loading ‘RiboProfiling’ ** testing if installed package keeps a record of temporary installation path * DONE (RiboProfiling)
RiboProfiling.Rcheck/tests/testthat.Rout
R version 4.4.3 (2025-02-28) -- "Trophy Case"
Copyright (C) 2025 The R Foundation for Statistical Computing
Platform: x86_64-pc-linux-gnu
R is free software and comes with ABSOLUTELY NO WARRANTY.
You are welcome to redistribute it under certain conditions.
Type 'license()' or 'licence()' for distribution details.
R is a collaborative project with many contributors.
Type 'contributors()' for more information and
'citation()' on how to cite R or R packages in publications.
Type 'demo()' for some demos, 'help()' for on-line help, or
'help.start()' for an HTML browser interface to help.
Type 'q()' to quit R.
> library(testthat)
> library(RiboProfiling)
Loading required package: Biostrings
Loading required package: BiocGenerics
Attaching package: 'BiocGenerics'
The following objects are masked from 'package:stats':
IQR, mad, sd, var, xtabs
The following objects are masked from 'package:base':
Filter, Find, Map, Position, Reduce, anyDuplicated, aperm, append,
as.data.frame, basename, cbind, colnames, dirname, do.call,
duplicated, eval, evalq, get, grep, grepl, intersect, is.unsorted,
lapply, mapply, match, mget, order, paste, pmax, pmax.int, pmin,
pmin.int, rank, rbind, rownames, sapply, saveRDS, setdiff, table,
tapply, union, unique, unsplit, which.max, which.min
Loading required package: S4Vectors
Loading required package: stats4
Attaching package: 'S4Vectors'
The following object is masked from 'package:utils':
findMatches
The following objects are masked from 'package:base':
I, expand.grid, unname
Loading required package: IRanges
Loading required package: XVector
Loading required package: GenomeInfoDb
Attaching package: 'Biostrings'
The following object is masked from 'package:base':
strsplit
Warning message:
replacing previous import 'BiocGenerics::Position' by 'ggplot2::Position' when loading 'RiboProfiling'
>
> test_check("RiboProfiling")
[ FAIL 0 | WARN 1 | SKIP 0 | PASS 11 ]
[ FAIL 0 | WARN 1 | SKIP 0 | PASS 11 ]
>
> proc.time()
user system elapsed
80.068 2.886 82.942
RiboProfiling.Rcheck/RiboProfiling-Ex.timings
| name | user | system | elapsed | |
| aroundPromoter | 4.666 | 0.284 | 4.950 | |
| codonInfo | 20.074 | 0.591 | 20.491 | |
| codonPCA | 2.250 | 0.122 | 2.377 | |
| countShiftReads | 17.595 | 1.348 | 19.020 | |
| countsPlot | 49.779 | 2.549 | 52.416 | |
| histMatchLength | 0.232 | 0.009 | 0.242 | |
| orfRelativePos | 30.501 | 0.634 | 31.149 | |
| plotSummarizedCov | 4.717 | 0.533 | 5.275 | |
| printPCA | 1.233 | 0.039 | 1.274 | |
| readStartCov | 2.804 | 0.236 | 3.053 | |
| readsToStartOrEnd | 0.079 | 0.005 | 0.084 | |
| riboSeqFromBAM | 48.312 | 2.673 | 51.094 | |