| Back to Multiple platform build/check report for BioC 3.20: simplified long | 
  | 
This page was generated on 2024-07-16 11:41 -0400 (Tue, 16 Jul 2024).
| Hostname | OS | Arch (*) | R version | Installed pkgs | 
|---|---|---|---|---|
| nebbiolo2 | Linux (Ubuntu 22.04.3 LTS) | x86_64 | 4.4.1 (2024-06-14) -- "Race for Your Life" | 4677 | 
| palomino6 | Windows Server 2022 Datacenter | x64 | 4.4.1 (2024-06-14 ucrt) -- "Race for Your Life" | 4416 | 
| lconway | macOS 12.7.1 Monterey | x86_64 | 4.4.1 (2024-06-14) -- "Race for Your Life" | 4444 | 
| kjohnson3 | macOS 13.6.5 Ventura | arm64 | 4.4.1 (2024-06-14) -- "Race for Your Life" | 4393 | 
| palomino8 | Windows Server 2022 Datacenter | x64 | 4.4.1 (2024-06-14 ucrt) -- "Race for Your Life" | 4373 | 
| Click on any hostname to see more info about the system (e.g. compilers) (*) as reported by 'uname -p', except on Windows and Mac OS X | ||||
| Package 1666/2243 | Hostname | OS / Arch | INSTALL | BUILD | CHECK | BUILD BIN | ||||||||
| ReactomeGSA 1.19.0  (landing page) Johannes Griss 
  | nebbiolo2 | Linux (Ubuntu 22.04.3 LTS) / x86_64 | OK | ERROR | skipped | |||||||||
| palomino6 | Windows Server 2022 Datacenter / x64 | OK | ERROR | skipped | skipped | |||||||||
| lconway | macOS 12.7.1 Monterey / x86_64 | OK | ERROR | skipped | skipped | |||||||||
| kjohnson3 | macOS 13.6.5 Ventura / arm64 | OK | ERROR | skipped | skipped | |||||||||
| palomino8 | Windows Server 2022 Datacenter / x64 | OK | ERROR | skipped | skipped | |||||||||
| 
To the developers/maintainers of the ReactomeGSA package: - Allow up to 24 hours (and sometimes 48 hours) for your latest push to git@git.bioconductor.org:packages/ReactomeGSA.git to reflect on this report. See Troubleshooting Build Report for more information. - Use the following Renviron settings to reproduce errors and warnings. - If 'R CMD check' started to fail recently on the Linux builder(s) over a missing dependency, add the missing dependency to 'Suggests:' in your DESCRIPTION file. See Renviron.bioc for more information.  | 
| Package: ReactomeGSA | 
| Version: 1.19.0 | 
| Command: chmod a+r ReactomeGSA -R && C:\Users\biocbuild\bbs-3.20-bioc\R\bin\R.exe CMD build --keep-empty-dirs --no-resave-data ReactomeGSA | 
| StartedAt: 2024-07-15 20:21:43 -0400 (Mon, 15 Jul 2024) | 
| EndedAt: 2024-07-15 20:24:39 -0400 (Mon, 15 Jul 2024) | 
| EllapsedTime: 176.8 seconds | 
| RetCode: 1 | 
| Status: ERROR | 
| PackageFile: None | 
| PackageFileSize: NA | 
##############################################################################
##############################################################################
###
### Running command:
###
###   chmod a+r ReactomeGSA -R && C:\Users\biocbuild\bbs-3.20-bioc\R\bin\R.exe CMD build --keep-empty-dirs --no-resave-data ReactomeGSA
###
##############################################################################
##############################################################################
* checking for file 'ReactomeGSA/DESCRIPTION' ... OK
* preparing 'ReactomeGSA':
* checking DESCRIPTION meta-information ... OK
* installing the package to build vignettes
* creating vignettes ... ERROR
--- re-building 'analysing-scRNAseq.Rmd' using rmarkdown
Warning: The vignette title specified in \VignetteIndexEntry{} is different from the title in the YAML metadata. The former is "Analysing single-cell RNAseq data", and the latter is "Analysing single-cell RNA-sequencing Data". If that is intentional, you may set options(rmarkdown.html_vignette.check_title = FALSE) to suppress this check.
--- finished re-building 'analysing-scRNAseq.Rmd'
--- re-building 'reanalysing-public-data.Rmd' using rmarkdown
Quitting from lines 90-94 [unnamed-chunk-5] (reanalysing-public-data.Rmd)
Error: processing vignette 'reanalysing-public-data.Rmd' failed with diagnostics:
Request failed (503 - Service Unavailable): The number of analysis requests is currently too high. Please try again in a few minutes.
--- failed re-building 'reanalysing-public-data.Rmd'
--- re-building 'using-reactomegsa.Rmd' using rmarkdown
--- finished re-building 'using-reactomegsa.Rmd'
SUMMARY: processing the following file failed:
  'reanalysing-public-data.Rmd'
Error: Vignette re-building failed.
Execution halted