Back to Multiple platform build/check report for BioC 3.20:   simplified   long
ABCDEFGHIJKLMNOPQ[R]STUVWXYZ

This page was generated on 2024-11-20 12:08 -0500 (Wed, 20 Nov 2024).

HostnameOSArch (*)R versionInstalled pkgs
teran2Linux (Ubuntu 24.04.1 LTS)x86_644.4.2 (2024-10-31) -- "Pile of Leaves" 4481
nebbiolo2Linux (Ubuntu 24.04.1 LTS)x86_644.4.2 (2024-10-31) -- "Pile of Leaves" 4479
palomino8Windows Server 2022 Datacenterx644.4.2 (2024-10-31 ucrt) -- "Pile of Leaves" 4359
lconwaymacOS 12.7.1 Montereyx86_644.4.1 (2024-06-14) -- "Race for Your Life" 4539
kunpeng2Linux (openEuler 22.03 LTS-SP1)aarch644.4.1 (2024-06-14) -- "Race for Your Life" 4493
Click on any hostname to see more info about the system (e.g. compilers)      (*) as reported by 'uname -p', except on Windows and Mac OS X

Package 1825/2289HostnameOS / ArchINSTALLBUILDCHECKBUILD BIN
RUVcorr 1.38.0  (landing page)
Saskia Freytag
Snapshot Date: 2024-11-19 13:40 -0500 (Tue, 19 Nov 2024)
git_url: https://git.bioconductor.org/packages/RUVcorr
git_branch: RELEASE_3_20
git_last_commit: 0cfee14
git_last_commit_date: 2024-10-29 10:00:15 -0500 (Tue, 29 Oct 2024)
teran2Linux (Ubuntu 24.04.1 LTS) / x86_64  OK    OK    WARNINGS  UNNEEDED, same version is already published
nebbiolo2Linux (Ubuntu 24.04.1 LTS) / x86_64  OK    OK    WARNINGS  
palomino8Windows Server 2022 Datacenter / x64  OK    OK    WARNINGS    OK  UNNEEDED, same version is already published
lconwaymacOS 12.7.1 Monterey / x86_64  OK    OK    WARNINGS    OK  UNNEEDED, same version is already published
kunpeng2Linux (openEuler 22.03 LTS-SP1) / aarch64  OK    OK    WARNINGS  


CHECK results for RUVcorr on kunpeng2

To the developers/maintainers of the RUVcorr package:
- Allow up to 24 hours (and sometimes 48 hours) for your latest push to git@git.bioconductor.org:packages/RUVcorr.git to reflect on this report. See Troubleshooting Build Report for more information.
- Use the following Renviron settings to reproduce errors and warnings.
- If 'R CMD check' started to fail recently on the Linux builder(s) over a missing dependency, add the missing dependency to 'Suggests:' in your DESCRIPTION file. See Renviron.bioc for more information.
- See Martin Grigorov's blog post for how to debug Linux ARM64 related issues on a x86_64 host.

raw results


Summary

Package: RUVcorr
Version: 1.38.0
Command: /home/biocbuild/R/R/bin/R CMD check --install=check:RUVcorr.install-out.txt --library=/home/biocbuild/R/R/site-library --no-vignettes --timings RUVcorr_1.38.0.tar.gz
StartedAt: 2024-11-20 11:57:13 -0000 (Wed, 20 Nov 2024)
EndedAt: 2024-11-20 12:01:03 -0000 (Wed, 20 Nov 2024)
EllapsedTime: 229.8 seconds
RetCode: 0
Status:   WARNINGS  
CheckDir: RUVcorr.Rcheck
Warnings: 1

Command output

##############################################################################
##############################################################################
###
### Running command:
###
###   /home/biocbuild/R/R/bin/R CMD check --install=check:RUVcorr.install-out.txt --library=/home/biocbuild/R/R/site-library --no-vignettes --timings RUVcorr_1.38.0.tar.gz
###
##############################################################################
##############################################################################


* using log directory ‘/home/biocbuild/bbs-3.20-bioc/meat/RUVcorr.Rcheck’
* using R version 4.4.1 (2024-06-14)
* using platform: aarch64-unknown-linux-gnu
* R was compiled by
    gcc (GCC) 12.2.1 20220819 (openEuler 12.2.1-14)
    GNU Fortran (GCC) 10.3.1
* running under: openEuler 22.03 (LTS-SP1)
* using session charset: UTF-8
* using option ‘--no-vignettes’
* checking for file ‘RUVcorr/DESCRIPTION’ ... OK
* checking extension type ... Package
* this is package ‘RUVcorr’ version ‘1.38.0’
* checking package namespace information ... NOTE
Found export directives that require package ‘methods’:
  ‘exportClasses’ ‘exportMethods’
Remove all such namespace directives (if obsolete) or ensure that the
DESCRIPTION Depends or Imports field contains ‘methods’.
* checking package dependencies ... OK
* checking if this is a source package ... OK
* checking if there is a namespace ... OK
* checking for hidden files and directories ... OK
* checking for portable file names ... OK
* checking for sufficient/correct file permissions ... OK
* checking whether package ‘RUVcorr’ can be installed ... OK
* checking installed package size ... OK
* checking package directory ... OK
* checking ‘build’ directory ... OK
* checking DESCRIPTION meta-information ... OK
* checking top-level files ... OK
* checking for left-over files ... OK
* checking index information ... OK
* checking package subdirectories ... OK
* checking code files for non-ASCII characters ... OK
* checking R files for syntax errors ... OK
* checking whether the package can be loaded ... OK
* checking whether the package can be loaded with stated dependencies ... OK
* checking whether the package can be unloaded cleanly ... OK
* checking whether the namespace can be loaded with stated dependencies ... WARNING
Warning: S4 exports specified in 'NAMESPACE' but not defined in package ‘RUVcorr’
* checking whether the namespace can be unloaded cleanly ... OK
* checking loading without being on the library search path ... OK
* checking dependencies in R code ... OK
* checking S3 generic/method consistency ... OK
* checking replacement functions ... OK
* checking foreign function calls ... OK
* checking R code for possible problems ... OK
* checking Rd files ... NOTE
checkRd: (-1) calculateThreshold.Rd:48: Lost braces in \itemize; \value handles \item{}{} directly
checkRd: (-1) calculateThreshold.Rd:49: Lost braces in \itemize; \value handles \item{}{} directly
checkRd: (-1) calculateThreshold.Rd:50: Lost braces in \itemize; \value handles \item{}{} directly
checkRd: (-1) findWeights.Rd:21: Lost braces in \itemize; \value handles \item{}{} directly
checkRd: (-1) findWeights.Rd:22: Lost braces in \itemize; \value handles \item{}{} directly
checkRd: (-1) simulateGEdata.Rd:54: Lost braces in \itemize; \value handles \item{}{} directly
checkRd: (-1) simulateGEdata.Rd:55: Lost braces in \itemize; \value handles \item{}{} directly
checkRd: (-1) simulateGEdata.Rd:56: Lost braces in \itemize; \value handles \item{}{} directly
checkRd: (-1) simulateGEdata.Rd:57: Lost braces in \itemize; \value handles \item{}{} directly
checkRd: (-1) simulateGEdata.Rd:58: Lost braces in \itemize; \value handles \item{}{} directly
* checking Rd metadata ... OK
* checking Rd cross-references ... OK
* checking for missing documentation entries ... OK
* checking for code/documentation mismatches ... OK
* checking Rd \usage sections ... NOTE
Documented arguments not in \usage in Rd file 'findIQR.Rd':
  ‘Vector’

Functions with \usage entries need to have the appropriate \alias
entries, and all their arguments documented.
The \usage entries must correspond to syntactically valid R code.
See chapter ‘Writing R documentation files’ in the ‘Writing R
Extensions’ manual.
* checking Rd contents ... OK
* checking for unstated dependencies in examples ... OK
* checking files in ‘vignettes’ ... OK
* checking examples ... OK
Examples with CPU (user + system) or elapsed time > 5s
                          user system elapsed
calculateThreshold      27.182  0.036  27.086
plotThreshold           27.149  0.008  27.033
plot.optimizeParameters 24.682  0.004  23.978
ECDFPlot                15.473  0.056  15.281
prioritise              15.154  0.024  15.030
wcor                    14.980  0.026  14.857
findWeights             14.764  0.012  14.622
simulateGEdata          14.552  0.000  14.309
optimizeParameters      14.144  0.008  13.483
* checking for unstated dependencies in vignettes ... OK
* checking package vignettes ... OK
* checking running R code from vignettes ... SKIPPED
* checking re-building of vignette outputs ... SKIPPED
* checking PDF version of manual ... OK
* DONE

Status: 1 WARNING, 3 NOTEs
See
  ‘/home/biocbuild/bbs-3.20-bioc/meat/RUVcorr.Rcheck/00check.log’
for details.


Installation output

RUVcorr.Rcheck/00install.out

##############################################################################
##############################################################################
###
### Running command:
###
###   /home/biocbuild/R/R/bin/R CMD INSTALL RUVcorr
###
##############################################################################
##############################################################################


* installing to library ‘/home/biocbuild/R/R-4.4.1/site-library’
* installing *source* package ‘RUVcorr’ ...
** using staged installation
** R
** inst
** byte-compile and prepare package for lazy loading
** help
*** installing help indices
** building package indices
** installing vignettes
** testing if installed package can be loaded from temporary location
** testing if installed package can be loaded from final location
** testing if installed package keeps a record of temporary installation path
* DONE (RUVcorr)

Tests output


Example timings

RUVcorr.Rcheck/RUVcorr-Ex.timings

nameusersystemelapsed
ECDFPlot15.473 0.05615.281
PCAPlot2.9340.0202.271
RLEPlot3.7730.0243.535
RUVNaiveRidge2.0470.0001.784
assessQuality2.2670.0002.097
background1.7060.0001.615
calculateThreshold27.182 0.03627.086
compareRanks3.1900.0082.748
correlationPlot1.7820.0001.645
eigenvaluePlot1.8490.0041.685
empNegativeControls1.9900.0321.851
findWeights14.764 0.01214.622
genePlot1.9620.0121.808
histogramPlot2.4850.0042.228
is.optimizeParameters000
is.simulateGEdata000
optimizeParameters14.144 0.00813.483
plot.optimizeParameters24.682 0.00423.978
plotDesign0.7270.0160.750
plotThreshold27.149 0.00827.033
print.simulateGEdata000
prioritise15.154 0.02415.030
simulateGEdata14.552 0.00014.309
wcor14.980 0.02614.857