| Back to Multiple platform build/check report for BioC 3.20: simplified long |
|
This page was generated on 2025-04-02 19:31 -0400 (Wed, 02 Apr 2025).
| Hostname | OS | Arch (*) | R version | Installed pkgs |
|---|---|---|---|---|
| nebbiolo2 | Linux (Ubuntu 24.04.1 LTS) | x86_64 | 4.4.3 (2025-02-28) -- "Trophy Case" | 4764 |
| palomino8 | Windows Server 2022 Datacenter | x64 | 4.4.3 (2025-02-28 ucrt) -- "Trophy Case" | 4495 |
| merida1 | macOS 12.7.5 Monterey | x86_64 | 4.4.3 (2025-02-28) -- "Trophy Case" | 4522 |
| kjohnson1 | macOS 13.6.6 Ventura | arm64 | 4.4.3 (2025-02-28) -- "Trophy Case" | 4449 |
| taishan | Linux (openEuler 24.03 LTS) | aarch64 | 4.4.3 (2025-02-28) -- "Trophy Case" | 4426 |
| Click on any hostname to see more info about the system (e.g. compilers) (*) as reported by 'uname -p', except on Windows and Mac OS X | ||||
| Package 1734/2289 | Hostname | OS / Arch | INSTALL | BUILD | CHECK | BUILD BIN | ||||||||
| RGMQL 1.26.0 (landing page) Simone Pallotta
| nebbiolo2 | Linux (Ubuntu 24.04.1 LTS) / x86_64 | OK | ERROR | skipped | |||||||||
| palomino8 | Windows Server 2022 Datacenter / x64 | OK | ERROR | skipped | skipped | |||||||||
| merida1 | macOS 12.7.5 Monterey / x86_64 | ... NOT SUPPORTED ... | ||||||||||||
| kjohnson1 | macOS 13.6.6 Ventura / arm64 | ... NOT SUPPORTED ... | ||||||||||||
| taishan | Linux (openEuler 24.03 LTS) / aarch64 | OK | ERROR | skipped | ||||||||||
|
To the developers/maintainers of the RGMQL package: - Allow up to 24 hours (and sometimes 48 hours) for your latest push to git@git.bioconductor.org:packages/RGMQL.git to reflect on this report. See Troubleshooting Build Report for more information. - Use the following Renviron settings to reproduce errors and warnings. - If 'R CMD check' started to fail recently on the Linux builder(s) over a missing dependency, add the missing dependency to 'Suggests:' in your DESCRIPTION file. See Renviron.bioc for more information. |
| Package: RGMQL |
| Version: 1.26.0 |
| Command: chmod a+r RGMQL -R && F:\biocbuild\bbs-3.20-bioc\R\bin\R.exe CMD build --keep-empty-dirs --no-resave-data RGMQL |
| StartedAt: 2025-03-31 21:26:18 -0400 (Mon, 31 Mar 2025) |
| EndedAt: 2025-03-31 21:28:38 -0400 (Mon, 31 Mar 2025) |
| EllapsedTime: 139.4 seconds |
| RetCode: 1 |
| Status: ERROR |
| PackageFile: None |
| PackageFileSize: NA |
##############################################################################
##############################################################################
###
### Running command:
###
### chmod a+r RGMQL -R && F:\biocbuild\bbs-3.20-bioc\R\bin\R.exe CMD build --keep-empty-dirs --no-resave-data RGMQL
###
##############################################################################
##############################################################################
* checking for file 'RGMQL/DESCRIPTION' ... OK
* preparing 'RGMQL':
* checking DESCRIPTION meta-information ... OK
* installing the package to build vignettes
* creating vignettes ... ERROR
--- re-building 'RGMQL-vignette.Rmd' using rmarkdown
Using Spark's default log4j profile: org/apache/spark/log4j-defaults.properties
25/03/31 21:27:59 INFO SparkContext: Running Spark version 2.2.0
25/03/31 21:28:00 WARN NativeCodeLoader: Unable to load native-hadoop library for your platform... using builtin-java classes where applicable
25/03/31 21:28:00 ERROR Shell: Failed to locate the winutils binary in the hadoop binary path
java.io.IOException: Could not locate executable null\bin\winutils.exe in the Hadoop binaries.
at org.apache.hadoop.util.Shell.getQualifiedBinPath(Shell.java:378)
at org.apache.hadoop.util.Shell.getWinUtilsPath(Shell.java:393)
at org.apache.hadoop.util.Shell.<clinit>(Shell.java:386)
at org.apache.hadoop.util.StringUtils.<clinit>(StringUtils.java:79)
at org.apache.hadoop.security.Groups.parseStaticMapping(Groups.java:116)
at org.apache.hadoop.security.Groups.<init>(Groups.java:93)
at org.apache.hadoop.security.Groups.<init>(Groups.java:73)
at org.apache.hadoop.security.Groups.getUserToGroupsMappingService(Groups.java:293)
at org.apache.hadoop.security.UserGroupInformation.initialize(UserGroupInformation.java:283)
at org.apache.hadoop.security.UserGroupInformation.ensureInitialized(UserGroupInformation.java:260)
at org.apache.hadoop.security.UserGroupInformation.loginUserFromSubject(UserGroupInformation.java:789)
at org.apache.hadoop.security.UserGroupInformation.getLoginUser(UserGroupInformation.java:774)
at org.apache.hadoop.security.UserGroupInformation.getCurrentUser(UserGroupInformation.java:647)
at org.apache.spark.util.Utils$$anonfun$getCurrentUserName$1.apply(Utils.scala:2430)
at org.apache.spark.util.Utils$$anonfun$getCurrentUserName$1.apply(Utils.scala:2430)
at scala.Option.getOrElse(Option.scala:121)
at org.apache.spark.util.Utils$.getCurrentUserName(Utils.scala:2430)
at org.apache.spark.SparkContext.<init>(SparkContext.scala:295)
at org.apache.spark.SparkContext$.getOrCreate(SparkContext.scala:2509)
at it.polimi.genomics.r.GMQLManager$.initGMQL(GMQLManager.scala:81)
at it.polimi.genomics.r.Wrapper$.initGMQL(Wrapper.scala:59)
at it.polimi.genomics.r.Wrapper.initGMQL(Wrapper.scala)
at java.base/jdk.internal.reflect.DirectMethodHandleAccessor.invoke(DirectMethodHandleAccessor.java:103)
at java.base/java.lang.reflect.Method.invoke(Method.java:580)
at RJavaTools.invokeMethod(RJavaTools.java:399)
25/03/31 21:28:00 INFO SparkContext: Submitted application: GMQL-R
25/03/31 21:28:00 INFO SecurityManager: Changing view acls to: biocbuild
25/03/31 21:28:00 INFO SecurityManager: Changing modify acls to: biocbuild
25/03/31 21:28:00 INFO SecurityManager: Changing view acls groups to:
25/03/31 21:28:00 INFO SecurityManager: Changing modify acls groups to:
25/03/31 21:28:00 INFO SecurityManager: SecurityManager: authentication disabled; ui acls disabled; users with view permissions: Set(biocbuild); groups with view permissions: Set(); users with modify permissions: Set(biocbuild); groups with modify permissions: Set()
25/03/31 21:28:00 INFO PlatformDependent: Your platform does not provide complete low-level API for accessing direct buffers reliably. Unless explicitly requested, heap buffer will always be preferred to avoid potential system unstability.
25/03/31 21:28:32 INFO Utils: Successfully started service 'sparkDriver' on port 50087.
25/03/31 21:28:32 INFO SparkEnv: Registering MapOutputTracker
25/03/31 21:28:32 INFO SparkEnv: Registering BlockManagerMaster
25/03/31 21:28:32 INFO BlockManagerMasterEndpoint: Using org.apache.spark.storage.DefaultTopologyMapper for getting topology information
25/03/31 21:28:32 INFO BlockManagerMasterEndpoint: BlockManagerMasterEndpoint up
25/03/31 21:28:32 INFO DiskBlockManager: Created local directory at F:\biocbuild\bbs-3.20-bioc\tmp\blockmgr-ce548f49-4fdd-484b-aaae-53e7ce645d7b
25/03/31 21:28:32 INFO MemoryStore: MemoryStore started with capacity 127.2 MB
25/03/31 21:28:32 INFO SparkEnv: Registering OutputCommitCoordinator
25/03/31 21:28:32 INFO Utils: Successfully started service 'SparkUI' on port 4040.
25/03/31 21:28:32 INFO SparkUI: Bound SparkUI to 0.0.0.0, and started at http://10.0.0.5:4040
25/03/31 21:28:32 INFO Executor: Starting executor ID driver on host localhost
25/03/31 21:28:32 INFO Utils: Successfully started service 'org.apache.spark.network.netty.NettyBlockTransferService' on port 50088.
25/03/31 21:28:32 INFO NettyBlockTransferService: Server created on 10.0.0.5:50088
25/03/31 21:28:32 INFO BlockManager: Using org.apache.spark.storage.RandomBlockReplicationPolicy for block replication policy
25/03/31 21:28:32 INFO BlockManagerMaster: Registering BlockManager BlockManagerId(driver, 10.0.0.5, 50088, None)
25/03/31 21:28:32 INFO BlockManagerMasterEndpoint: Registering block manager 10.0.0.5:50088 with 127.2 MB RAM, BlockManagerId(driver, 10.0.0.5, 50088, None)
25/03/31 21:28:32 INFO BlockManagerMaster: Registered BlockManager BlockManagerId(driver, 10.0.0.5, 50088, None)
25/03/31 21:28:32 INFO BlockManager: Initialized BlockManager: BlockManagerId(driver, 10.0.0.5, 50088, None)
GMQL Server is up
Quitting from RGMQL-vignette.Rmd:470-473 [init with guest login]
~~~~~~~~~~~~~~~~~~~~~~~~~~~~~~~~~~~~~~~~~~~~~~~~~~~~~~~~~~~~~~~~~~~~~~~~~~~~~~~~
<error/rlang_error>
Error in `login_gmql()`:
---
Backtrace:
▆
1. └─RGMQL::login_gmql(test_url)
~~~~~~~~~~~~~~~~~~~~~~~~~~~~~~~~~~~~~~~~~~~~~~~~~~~~~~~~~~~~~~~~~~~~~~~~~~~~~~~~
Error: processing vignette 'RGMQL-vignette.Rmd' failed with diagnostics:
--- failed re-building 'RGMQL-vignette.Rmd'
SUMMARY: processing the following file failed:
'RGMQL-vignette.Rmd'
Error: Vignette re-building failed.
Execution halted