Back to Multiple platform build/check report for BioC 3.20:   simplified   long
ABCDEFGHIJKLMNOPQ[R]STUVWXYZ

This page was generated on 2025-02-06 12:10 -0500 (Thu, 06 Feb 2025).

HostnameOSArch (*)R versionInstalled pkgs
nebbiolo2Linux (Ubuntu 24.04.1 LTS)x86_644.4.2 (2024-10-31) -- "Pile of Leaves" 4753
palomino8Windows Server 2022 Datacenterx644.4.2 (2024-10-31 ucrt) -- "Pile of Leaves" 4501
merida1macOS 12.7.5 Montereyx86_644.4.2 (2024-10-31) -- "Pile of Leaves" 4524
kjohnson1macOS 13.6.6 Venturaarm644.4.2 (2024-10-31) -- "Pile of Leaves" 4476
taishanLinux (openEuler 24.03 LTS)aarch644.4.2 (2024-10-31) -- "Pile of Leaves" 4407
Click on any hostname to see more info about the system (e.g. compilers)      (*) as reported by 'uname -p', except on Windows and Mac OS X

Package 1692/2289HostnameOS / ArchINSTALLBUILDCHECKBUILD BIN
RCyjs 2.28.0  (landing page)
Paul Shannon
Snapshot Date: 2025-02-03 13:00 -0500 (Mon, 03 Feb 2025)
git_url: https://git.bioconductor.org/packages/RCyjs
git_branch: RELEASE_3_20
git_last_commit: e9b5dce
git_last_commit_date: 2024-10-29 10:00:30 -0500 (Tue, 29 Oct 2024)
nebbiolo2Linux (Ubuntu 24.04.1 LTS) / x86_64  OK    OK    WARNINGS  UNNEEDED, same version is already published
palomino8Windows Server 2022 Datacenter / x64  OK    OK    WARNINGS    OK  UNNEEDED, same version is already published
merida1macOS 12.7.5 Monterey / x86_64  OK    OK    WARNINGS    OK  UNNEEDED, same version is already published
kjohnson1macOS 13.6.6 Ventura / arm64  OK    OK    WARNINGS    OK  UNNEEDED, same version is already published
taishanLinux (openEuler 24.03 LTS) / aarch64  OK    OK    WARNINGS  


CHECK results for RCyjs on kjohnson1

To the developers/maintainers of the RCyjs package:
- Allow up to 24 hours (and sometimes 48 hours) for your latest push to git@git.bioconductor.org:packages/RCyjs.git to reflect on this report. See Troubleshooting Build Report for more information.
- Use the following Renviron settings to reproduce errors and warnings.
- If 'R CMD check' started to fail recently on the Linux builder(s) over a missing dependency, add the missing dependency to 'Suggests:' in your DESCRIPTION file. See Renviron.bioc for more information.

raw results


Summary

Package: RCyjs
Version: 2.28.0
Command: /Library/Frameworks/R.framework/Resources/bin/R CMD check --install=check:RCyjs.install-out.txt --library=/Library/Frameworks/R.framework/Resources/library --no-vignettes --timings RCyjs_2.28.0.tar.gz
StartedAt: 2025-02-05 06:55:03 -0500 (Wed, 05 Feb 2025)
EndedAt: 2025-02-05 06:55:48 -0500 (Wed, 05 Feb 2025)
EllapsedTime: 45.1 seconds
RetCode: 0
Status:   WARNINGS  
CheckDir: RCyjs.Rcheck
Warnings: 1

Command output

##############################################################################
##############################################################################
###
### Running command:
###
###   /Library/Frameworks/R.framework/Resources/bin/R CMD check --install=check:RCyjs.install-out.txt --library=/Library/Frameworks/R.framework/Resources/library --no-vignettes --timings RCyjs_2.28.0.tar.gz
###
##############################################################################
##############################################################################


* using log directory ‘/Users/biocbuild/bbs-3.20-bioc/meat/RCyjs.Rcheck’
* using R version 4.4.2 (2024-10-31)
* using platform: aarch64-apple-darwin20
* R was compiled by
    Apple clang version 14.0.0 (clang-1400.0.29.202)
    GNU Fortran (GCC) 12.2.0
* running under: macOS Ventura 13.7.1
* using session charset: UTF-8
* using option ‘--no-vignettes’
* checking for file ‘RCyjs/DESCRIPTION’ ... OK
* checking extension type ... Package
* this is package ‘RCyjs’ version ‘2.28.0’
* checking package namespace information ... OK
* checking package dependencies ... OK
* checking if this is a source package ... OK
* checking if there is a namespace ... OK
* checking for hidden files and directories ... OK
* checking for portable file names ... OK
* checking for sufficient/correct file permissions ... OK
* checking whether package ‘RCyjs’ can be installed ... OK
* checking installed package size ... OK
* checking package directory ... OK
* checking ‘build’ directory ... OK
* checking DESCRIPTION meta-information ... NOTE
License stub is invalid DCF.
* checking top-level files ... OK
* checking for left-over files ... OK
* checking index information ... OK
* checking package subdirectories ... OK
* checking code files for non-ASCII characters ... OK
* checking R files for syntax errors ... OK
* checking whether the package can be loaded ... OK
* checking whether the package can be loaded with stated dependencies ... OK
* checking whether the package can be unloaded cleanly ... OK
* checking whether the namespace can be loaded with stated dependencies ... OK
* checking whether the namespace can be unloaded cleanly ... OK
* checking whether startup messages can be suppressed ... OK
* checking dependencies in R code ... OK
* checking S3 generic/method consistency ... OK
* checking replacement functions ... OK
* checking foreign function calls ... OK
* checking R code for possible problems ... OK
* checking Rd files ... OK
* checking Rd metadata ... OK
* checking Rd cross-references ... OK
* checking for missing documentation entries ... OK
* checking for code/documentation mismatches ... OK
* checking Rd \usage sections ... WARNING
Undocumented arguments in Rd file 'hideNodes.Rd'
  ‘nodeIDs’

Undocumented arguments in Rd file 'readAndStandardizeJSONNetworkFile.Rd'
  ‘filename’
Documented arguments not in \usage in Rd file 'readAndStandardizeJSONNetworkFile.Rd':
  ‘file’

Undocumented arguments in Rd file 'readAndStandardizeJSONStyleFile.Rd'
  ‘filename’
Documented arguments not in \usage in Rd file 'readAndStandardizeJSONStyleFile.Rd':
  ‘file’

Undocumented arguments in Rd file 'showNodes.Rd'
  ‘nodeIDs’

Functions with \usage entries need to have the appropriate \alias
entries, and all their arguments documented.
The \usage entries must correspond to syntactically valid R code.
See chapter ‘Writing R documentation files’ in the ‘Writing R
Extensions’ manual.
* checking Rd contents ... OK
* checking for unstated dependencies in examples ... OK
* checking include directives in Makefiles ... OK
* checking files in ‘vignettes’ ... OK
* checking examples ... OK
* checking for unstated dependencies in ‘tests’ ... OK
* checking tests ...
  Running ‘runTests.R’
 OK
* checking for unstated dependencies in vignettes ... OK
* checking package vignettes ... OK
* checking running R code from vignettes ... SKIPPED
* checking re-building of vignette outputs ... SKIPPED
* checking PDF version of manual ... OK
* DONE

Status: 1 WARNING, 1 NOTE
See
  ‘/Users/biocbuild/bbs-3.20-bioc/meat/RCyjs.Rcheck/00check.log’
for details.


Installation output

RCyjs.Rcheck/00install.out

##############################################################################
##############################################################################
###
### Running command:
###
###   /Library/Frameworks/R.framework/Resources/bin/R CMD INSTALL RCyjs
###
##############################################################################
##############################################################################


* installing to library ‘/Library/Frameworks/R.framework/Versions/4.4-arm64/Resources/library’
* installing *source* package ‘RCyjs’ ...
** using staged installation
** R
** inst
** byte-compile and prepare package for lazy loading
Creating a new generic function for ‘layout’ in package ‘RCyjs’
** help
*** installing help indices
** building package indices
** installing vignettes
** testing if installed package can be loaded from temporary location
** testing if installed package can be loaded from final location
** testing if installed package keeps a record of temporary installation path
* DONE (RCyjs)

Tests output

RCyjs.Rcheck/tests/runTests.Rout


R version 4.4.2 (2024-10-31) -- "Pile of Leaves"
Copyright (C) 2024 The R Foundation for Statistical Computing
Platform: aarch64-apple-darwin20

R is free software and comes with ABSOLUTELY NO WARRANTY.
You are welcome to redistribute it under certain conditions.
Type 'license()' or 'licence()' for distribution details.

R is a collaborative project with many contributors.
Type 'contributors()' for more information and
'citation()' on how to cite R or R packages in publications.

Type 'demo()' for some demos, 'help()' for on-line help, or
'help.start()' for an HTML browser interface to help.
Type 'q()' to quit R.

> # disabled: the bioc build system no longer supports browser use.
> # BiocGenerics:::testPackage("RCyjs")
> 
> proc.time()
   user  system elapsed 
  0.220   0.065   0.290 

Example timings

RCyjs.Rcheck/RCyjs-Ex.timings

nameusersystemelapsed
RCyjs-class0.0000.0010.001
addGraph0.0000.0000.001
addGraphFromFile000
clearSelection0.0000.0010.001
createTestGaph0.0070.0000.007
deleteGraph000
deleteSelectedNodes000
eda0.0000.0010.001
edaNames000
fit0.0000.0010.001
fitSelection0.0000.0000.001
getEdgeCount0.0000.0000.001
getJSON0.0000.0000.001
getLayoutStrategies000
getNodeCount000
getNodes000
getPosition0.0010.0000.001
getSelectedNodes0.0000.0000.001
getSupportedEdgeDecoratorShapes0.0000.0000.001
getSupportedNodeShapes0.0000.0000.001
getZoom0.0000.0010.000
graphNELtoJSON.string000
hAlign0.0010.0000.000
hideAllEdges000
hideEdges0.0000.0000.001
hideNodes0.0000.0000.001
hideSelectedNodes0.0000.0000.001
invertNodeSelection0.0010.0000.000
layout0.0000.0010.001
layoutSelectionInGrid000
layoutSelectionInGridInferAnchorm0.0010.0000.000
loadStyleFile000
noa000
noaNames0.0000.0000.001
redraw0.0010.0000.001
restoreLayout0.0000.0000.001
saveJPG0.0000.0010.001
saveLayout0.0010.0000.001
savePNG0.0000.0000.001
selectFirstNeighborsOfSelectedNodes0.0000.0000.001
selectNodes0.0000.0000.001
setBackgroundColor000
setDefaultEdgeColor000
setDefaultEdgeLineColor000
setDefaultEdgeLineStyle000
setDefaultEdgeSourceArrowColor000
setDefaultEdgeSourceArrowShape0.0010.0000.001
setDefaultEdgeTargetArrowColor0.0000.0010.001
setDefaultEdgeTargetArrowShape0.0010.0000.001
setDefaultEdgeWidth000
setDefaultNodeBorderColor0.0010.0000.000
setDefaultNodeBorderWidth000
setDefaultNodeColor0.0010.0000.000
setDefaultNodeFontColor000
setDefaultNodeFontSize0.0010.0000.001
setDefaultNodeHeight0.0000.0010.001
setDefaultNodeShape0.0010.0000.001
setDefaultNodeSize0.0000.0010.001
setDefaultNodeWidth0.0010.0000.001
setDefaultStyle000
setEdgeStyle0.0010.0000.000
setGraph000
setNodeAttributes0.0010.0000.000
setNodeBorderColor000
setNodeBorderWidth000
setNodeColor0.0000.0010.000
setNodeColorRule0.0000.0000.001
setNodeFontColor0.0000.0000.001
setNodeFontSize0.0000.0000.001
setNodeHeight0.0000.0000.001
setNodeLabelRule000
setNodeShape000
setNodeSize000
setNodeSizeRule0.0000.0010.000
setNodeWidth000
setPosition0.0010.0000.000
setZoom000
sfn0.0010.0000.000
showAll0.0000.0010.001
showEdges000
showNodes0.0010.0000.000
simpleDemoGraph0.0440.0000.044
vAlign0.0000.0000.001