Back to Multiple platform build/check report for BioC 3.20: simplified long |
|
This page was generated on 2024-06-11 15:41 -0400 (Tue, 11 Jun 2024).
Hostname | OS | Arch (*) | R version | Installed pkgs |
---|---|---|---|---|
nebbiolo2 | Linux (Ubuntu 22.04.3 LTS) | x86_64 | 4.4.0 RC (2024-04-16 r86468) -- "Puppy Cup" | 4679 |
palomino4 | Windows Server 2022 Datacenter | x64 | 4.4.0 RC (2024-04-16 r86468 ucrt) -- "Puppy Cup" | 4414 |
merida1 | macOS 12.7.4 Monterey | x86_64 | 4.4.0 Patched (2024-04-24 r86482) -- "Puppy Cup" | 4441 |
kjohnson1 | macOS 13.6.6 Ventura | arm64 | 4.4.0 Patched (2024-04-24 r86482) -- "Puppy Cup" | 4394 |
Click on any hostname to see more info about the system (e.g. compilers) (*) as reported by 'uname -p', except on Windows and Mac OS X |
Package 1613/2239 | Hostname | OS / Arch | INSTALL | BUILD | CHECK | BUILD BIN | ||||||||
R3CPET 1.37.0 (landing page) Mohamed Nadhir Djekidel
| nebbiolo2 | Linux (Ubuntu 22.04.3 LTS) / x86_64 | OK | ERROR | skipped | |||||||||
palomino4 | Windows Server 2022 Datacenter / x64 | OK | ERROR | skipped | skipped | |||||||||
merida1 | macOS 12.7.4 Monterey / x86_64 | ... NOT SUPPORTED ... | ||||||||||||
kjohnson1 | macOS 13.6.6 Ventura / arm64 | ... NOT SUPPORTED ... | ||||||||||||
To the developers/maintainers of the R3CPET package: - Allow up to 24 hours (and sometimes 48 hours) for your latest push to git@git.bioconductor.org:packages/R3CPET.git to reflect on this report. See Troubleshooting Build Report for more information. - Use the following Renviron settings to reproduce errors and warnings. - If 'R CMD check' started to fail recently on the Linux builder(s) over a missing dependency, add the missing dependency to 'Suggests:' in your DESCRIPTION file. See Renviron.bioc for more information. |
Package: R3CPET |
Version: 1.37.0 |
Command: chmod a+r R3CPET -R && F:\biocbuild\bbs-3.20-bioc\R\bin\R.exe CMD build --keep-empty-dirs --no-resave-data R3CPET |
StartedAt: 2024-06-09 21:29:25 -0400 (Sun, 09 Jun 2024) |
EndedAt: 2024-06-09 21:33:19 -0400 (Sun, 09 Jun 2024) |
EllapsedTime: 234.3 seconds |
RetCode: 1 |
Status: ERROR |
PackageFile: None |
PackageFileSize: NA |
############################################################################## ############################################################################## ### ### Running command: ### ### chmod a+r R3CPET -R && F:\biocbuild\bbs-3.20-bioc\R\bin\R.exe CMD build --keep-empty-dirs --no-resave-data R3CPET ### ############################################################################## ############################################################################## * checking for file 'R3CPET/DESCRIPTION' ... OK * preparing 'R3CPET': * checking DESCRIPTION meta-information ... OK * cleaning src * installing the package to build vignettes * creating vignettes ... ERROR --- re-building 'R3CPET.Rnw' using knitr pdftex: major issue: User/administrator updates are out-of-sync. pdfcrop: major issue: User/administrator updates are out-of-sync. pdftex: major issue: User/administrator updates are out-of-sync. pdfcrop: major issue: User/administrator updates are out-of-sync. pdftex: major issue: User/administrator updates are out-of-sync. pdfcrop: major issue: User/administrator updates are out-of-sync. pdftex: major issue: User/administrator updates are out-of-sync. pdfcrop: major issue: User/administrator updates are out-of-sync. pdftex: major issue: User/administrator updates are out-of-sync. pdfcrop: major issue: User/administrator updates are out-of-sync. pdftex: major issue: User/administrator updates are out-of-sync. pdfcrop: major issue: User/administrator updates are out-of-sync. texify: major issue: User/administrator updates are out-of-sync. Warning in system(paste(shQuote(texi2dvi), if (quiet) "--quiet" else "", : running command '"C:\PROGRA~1\MiKTeX\miktex\bin\x64\texify.exe" --quiet --pdf "R3CPET.tex" --max-iterations=20 -I "F:/biocbuild/bbs-3.20-bioc/R/share/texmf/tex/latex" -I "F:/biocbuild/bbs-3.20-bioc/R/share/texmf/bibtex/bst"' had status 1 Error: processing vignette 'R3CPET.Rnw' failed with diagnostics: running 'texi2dvi' on 'R3CPET.tex' failed LaTeX errors: /R3CPET.tex:151: Package xcolor Error: Undefined color `fgcolor'. See the xcolor package documentation for explanation. Type H <return> for immediate help. ... /R3CPET.tex:170: Package xcolor Error: Undefined color `fgcolor'. See the xcolor package documentation for explanation. Type H <return> for immediate help. ... /R3CPET.tex:202: Package xcolor Error: Undefined color `fgcolor'. See the xcolor package documentation for explanation. Type H <return> for immediate help. ... /R3CPET.tex:224: Package xcolor Error: Undefined color `fgcolor'. See the xcolor package documentation for explanation. Type H <return> for immediate help. ... /R3CPET.tex:238: Package xcolor Error: Undefined color `fgcolor'. See the xcolor package documentation for explanation. Type H <return> for immediate help. ... /R3CPET.tex:254: Package xcolor Error: Undefined color `fgcolor'. See the xcolor package documentation for explanation. Type H <return> for immediate help. ... /R3CPET.tex:282: Package xcolor Error: Undefined color `fgcolor'. See the xcolor package documentation for explanation. Type H <return> for immediate help. ... /R3CPET.tex:329: Package xcolor Error: Undefined color `fgcolor'. See the xcolor package documentation for explanation. Type H <return> for immediate help. ... /R3CPET.tex:348: Package xcolor Error: Undefined color `fgcolor'. See the xcolor package documentation for explanation. Type H <return> for immediate help. ... /R3CPET.tex:367: Package xcolor Error: Undefined color `fgcolor'. See the xcolor package documentation for explanation. Type H <return> for immediate help. ... /R3CPET.tex:404: Package xcolor Error: Undefined color `fgcolor'. See the xcolor package documentation for explanation. Type H <return> for immediate help. ... /R3CPET.tex:412: Package xcolor Error: Undefined color `fgcolor'. See the xcolor package documentation for explanation. Type H <return> for immediate help. ... /R3CPET.tex:430: Package xcolor Error: Undefined color `fgcolor'. See the xcolor package documentation for explanation. Type H <return> for immediate help. ... /R3CPET.tex:448: Package xcolor Error: Undefined color `fgcolor'. See the xcolor package documentation for explanation. Type H <return> for immediate help. ... /R3CPET.tex:456: Package xcolor Error: Undefined color `fgcolor'. See the xcolor package documentation for explanation. Type H <return> for immediate help. ... /R3CPET.tex:474: Package xcolor Error: Undefined color `fgcolor'. See the xcolor package documentation for explanation. Type H <return> for immediate help. ... /R3CPET.tex:527: Package xcolor Error: Undefined color `fgcolor'. See the xcolor package documentation for explanation. Type H <return> for immediate help. ... /R3CPET.tex:586: Package xcolor Error: Undefined color `fgcolor'. See the xcolor package documentation for explanation. Type H <return> for immediate help. ... /R3CPET.tex:615: Package xcolor Error: Undefined color `fgcolor'. See the xcolor package documentation for explanation. Type H <return> for immediate help. ... /R3CPET.tex:623: Package xcolor Error: Undefined color `fgcolor'. See the xcolor package documentation for explanation. Type H <return> for immediate help. ... /R3CPET.tex:642: Package xcolor Error: Undefined color `fgcolor'. See the xcolor package documentation for explanation. Type H <return> for immediate help. ... /R3CPET.tex:656: Package xcolor Error: Undefined color `fgcolor'. See the xcolor package documentation for explanation. Type H <return> for immediate help. ... /R3CPET.tex:687: Package xcolor Error: Undefined color `fgcolor'. See the xcolor package documentation for explanation. Type H <return> for immediate help. ... /R3CPET.tex:710: Package xcolor Error: Undefined color `fgcolor'. See the xcolor package documentation for explanation. Type H <return> for immediate help. ... /R3CPET.tex:726: Package xcolor Error: Undefined color `fgcolor'. See the xcolor package documentation for explanation. Type H <return> for immediate help. ... /R3CPET.tex:749: Package xcolor Error: Undefined color `fgcolor'. See the xcolor package documentation for explanation. Type H <return> for immediate help. ... /R3CPET.tex:768: Package xcolor Error: Undefined color `fgcolor'. See the xcolor package documentation for explanation. Type H <return> for immediate help. ... /R3CPET.tex:786: Package xcolor Error: Undefined color `fgcolor'. See the xcolor package documentation for explanation. Type H <return> for immediate help. ... /R3CPET.tex:797: Package xcolor Error: Undefined color `fgcolor'. See the xcolor package documentation for explanation. Type H <return> for immediate help. ... /R3CPET.tex:829: Package xcolor Error: Undefined color `fgcolor'. See the xcolor package documentation for explanation. Type H <return> for immediate help. ... /R3CPET.tex:871: Package xcolor Error: Undefined color `fgcolor'. See the xcolor package documentation for explanation. Type H <return> for immediate help. ... --- failed re-building 'R3CPET.Rnw' SUMMARY: processing the following file failed: 'R3CPET.Rnw' Error: Vignette re-building failed. Execution halted