| Back to Multiple platform build/check report for BioC 3.20: simplified long | 
 | 
This page was generated on 2024-11-20 12:06 -0500 (Wed, 20 Nov 2024).
| Hostname | OS | Arch (*) | R version | Installed pkgs | 
|---|---|---|---|---|
| teran2 | Linux (Ubuntu 24.04.1 LTS) | x86_64 | 4.4.2 (2024-10-31) -- "Pile of Leaves" | 4481 | 
| nebbiolo2 | Linux (Ubuntu 24.04.1 LTS) | x86_64 | 4.4.2 (2024-10-31) -- "Pile of Leaves" | 4479 | 
| palomino8 | Windows Server 2022 Datacenter | x64 | 4.4.2 (2024-10-31 ucrt) -- "Pile of Leaves" | 4359 | 
| lconway | macOS 12.7.1 Monterey | x86_64 | 4.4.1 (2024-06-14) -- "Race for Your Life" | 4539 | 
| kunpeng2 | Linux (openEuler 22.03 LTS-SP1) | aarch64 | 4.4.1 (2024-06-14) -- "Race for Your Life" | 4493 | 
| Click on any hostname to see more info about the system (e.g. compilers) (*) as reported by 'uname -p', except on Windows and Mac OS X | ||||
| Package 1578/2289 | Hostname | OS / Arch | INSTALL | BUILD | CHECK | BUILD BIN | ||||||||
| PolySTest 1.0.2  (landing page) Veit Schwämmle 
 | teran2 | Linux (Ubuntu 24.04.1 LTS) / x86_64 | OK | OK | ERROR | |||||||||
| nebbiolo2 | Linux (Ubuntu 24.04.1 LTS) / x86_64 | OK | OK | ERROR | ||||||||||
| palomino8 | Windows Server 2022 Datacenter / x64 | OK | OK | ERROR | OK | |||||||||
| lconway | macOS 12.7.1 Monterey / x86_64 | OK | OK | ERROR | OK | |||||||||
| kunpeng2 | Linux (openEuler 22.03 LTS-SP1) / aarch64 | OK | OK | ERROR | ||||||||||
| To the developers/maintainers of the PolySTest package: - Allow up to 24 hours (and sometimes 48 hours) for your latest push to git@git.bioconductor.org:packages/PolySTest.git to reflect on this report. See Troubleshooting Build Report for more information. - Use the following Renviron settings to reproduce errors and warnings. - If 'R CMD check' started to fail recently on the Linux builder(s) over a missing dependency, add the missing dependency to 'Suggests:' in your DESCRIPTION file. See Renviron.bioc for more information. | 
| Package: PolySTest | 
| Version: 1.0.2 | 
| Command: /Library/Frameworks/R.framework/Resources/bin/R CMD check --install=check:PolySTest.install-out.txt --library=/Library/Frameworks/R.framework/Resources/library --no-vignettes --timings PolySTest_1.0.2.tar.gz | 
| StartedAt: 2024-11-20 01:16:59 -0500 (Wed, 20 Nov 2024) | 
| EndedAt: 2024-11-20 01:27:11 -0500 (Wed, 20 Nov 2024) | 
| EllapsedTime: 611.9 seconds | 
| RetCode: 1 | 
| Status: ERROR | 
| CheckDir: PolySTest.Rcheck | 
| Warnings: NA | 
##############################################################################
##############################################################################
###
### Running command:
###
###   /Library/Frameworks/R.framework/Resources/bin/R CMD check --install=check:PolySTest.install-out.txt --library=/Library/Frameworks/R.framework/Resources/library --no-vignettes --timings PolySTest_1.0.2.tar.gz
###
##############################################################################
##############################################################################
* using log directory ‘/Users/biocbuild/bbs-3.20-bioc/meat/PolySTest.Rcheck’
* using R version 4.4.1 (2024-06-14)
* using platform: x86_64-apple-darwin20
* R was compiled by
    Apple clang version 14.0.0 (clang-1400.0.29.202)
    GNU Fortran (GCC) 12.2.0
* running under: macOS Monterey 12.7.6
* using session charset: UTF-8
* using option ‘--no-vignettes’
* checking for file ‘PolySTest/DESCRIPTION’ ... OK
* this is package ‘PolySTest’ version ‘1.0.2’
* package encoding: UTF-8
* checking package namespace information ... OK
* checking package dependencies ...Warning: unable to access index for repository https://CRAN.R-project.org/src/contrib:
  cannot open URL 'https://CRAN.R-project.org/src/contrib/PACKAGES'
 OK
* checking if this is a source package ... OK
* checking if there is a namespace ... OK
* checking for hidden files and directories ... OK
* checking for portable file names ... OK
* checking for sufficient/correct file permissions ... OK
* checking whether package ‘PolySTest’ can be installed ... OK
* checking installed package size ... OK
* checking package directory ... OK
* checking ‘build’ directory ... OK
* checking DESCRIPTION meta-information ... OK
* checking top-level files ... NOTE
File
  LICENSE
is not mentioned in the DESCRIPTION file.
* checking for left-over files ... OK
* checking index information ... OK
* checking package subdirectories ... WARNING
Invalid citation information in ‘inst/CITATION’:
  Error in parse(con): 11:41: unexpected ','
  10:          year="2020",
  11:          doi="10.1074/mcp.RA119.001777"),
                                              ^
* checking code files for non-ASCII characters ... OK
* checking R files for syntax errors ... OK
* checking whether the package can be loaded ... OK
* checking whether the package can be loaded with stated dependencies ... OK
* checking whether the package can be unloaded cleanly ... OK
* checking whether the namespace can be loaded with stated dependencies ... OK
* checking whether the namespace can be unloaded cleanly ... OK
* checking dependencies in R code ... OK
* checking S3 generic/method consistency ... OK
* checking replacement functions ... OK
* checking foreign function calls ... OK
* checking R code for possible problems ... NOTE
perm_unpaired: no visible binding for global variable ‘NumTests’
permtest_paired: no visible binding for global variable ‘NumTests’
Undefined global functions or variables:
  NumTests
* checking Rd files ... OK
* checking Rd metadata ... OK
* checking Rd cross-references ... OK
* checking for missing documentation entries ... OK
* checking for code/documentation mismatches ... OK
* checking Rd \usage sections ... OK
* checking Rd contents ... OK
* checking for unstated dependencies in examples ... OK
* checking contents of ‘data’ directory ... OK
* checking data for non-ASCII characters ... OK
* checking data for ASCII and uncompressed saves ... OK
* checking files in ‘vignettes’ ... OK
* checking examples ... OK
Examples with CPU (user + system) or elapsed time > 5s
                    user system elapsed
PolySTest_unpaired 0.295  0.045  18.666
perm_unpaired      0.017  0.009   9.420
FindFCandQlim      0.010  0.006   6.972
rp_unpaired        0.007  0.006   7.210
permtest_paired    0.007  0.005   7.185
* checking for unstated dependencies in ‘tests’ ... OK
* checking tests ...
  Running ‘testthat.R’
 ERROR
Running the tests in ‘tests/testthat.R’ failed.
Last 13 lines of output:
  ══ Failed tests ════════════════════════════════════════════════════════════════
  ── Failure ('test-general.R:50:3'): overall test of full workflow ──────────────
  sum(DRFs) (`actual`) not equal to 21 (`expected`).
  
    `actual`: 23.0
  `expected`: 21.0
  ── Failure ('test-general.R:56:3'): overall test of full workflow ──────────────
  sum(DRFs) (`actual`) not equal to 21 (`expected`).
  
    `actual`: 23.0
  `expected`: 21.0
  
  [ FAIL 2 | WARN 0 | SKIP 0 | PASS 62 ]
  Error: Test failures
  Execution halted
* checking for unstated dependencies in vignettes ... OK
* checking package vignettes ... OK
* checking running R code from vignettes ... SKIPPED
* checking re-building of vignette outputs ... SKIPPED
* checking PDF version of manual ... OK
* DONE
Status: 1 ERROR, 1 WARNING, 2 NOTEs
See
  ‘/Users/biocbuild/bbs-3.20-bioc/meat/PolySTest.Rcheck/00check.log’
for details.
PolySTest.Rcheck/00install.out
############################################################################## ############################################################################## ### ### Running command: ### ### /Library/Frameworks/R.framework/Resources/bin/R CMD INSTALL PolySTest ### ############################################################################## ############################################################################## * installing to library ‘/Library/Frameworks/R.framework/Versions/4.4-x86_64/Resources/library’ * installing *source* package ‘PolySTest’ ... ** using staged installation ** R ** data ** inst ** byte-compile and prepare package for lazy loading ** help *** installing help indices ** building package indices ** installing vignettes ** testing if installed package can be loaded from temporary location ** testing if installed package can be loaded from final location ** testing if installed package keeps a record of temporary installation path * DONE (PolySTest)
PolySTest.Rcheck/tests/testthat.Rout.fail
R version 4.4.1 (2024-06-14) -- "Race for Your Life"
Copyright (C) 2024 The R Foundation for Statistical Computing
Platform: x86_64-apple-darwin20
R is free software and comes with ABSOLUTELY NO WARRANTY.
You are welcome to redistribute it under certain conditions.
Type 'license()' or 'licence()' for distribution details.
R is a collaborative project with many contributors.
Type 'contributors()' for more information and
'citation()' on how to cite R or R packages in publications.
Type 'demo()' for some demos, 'help()' for on-line help, or
'help.start()' for an HTML browser interface to help.
Type 'q()' to quit R.
> # This file is part of the standard setup for testthat.
> # It is recommended that you do not modify it.
> #
> # Where should you do additional test configuration?
> # Learn more about the roles of various files in:
> # * https://r-pkgs.org/testing-design.html#sec-tests-files-overview
> # * https://testthat.r-lib.org/articles/special-files.html
> 
> library(testthat)
> library(PolySTest)
> 
> test_check("PolySTest")
Estimating suitable values for FDR and FC cutoff
Estimating suitable values for FDR and FC cutoff
Loading required package: MatrixGenerics
Loading required package: matrixStats
Attaching package: 'MatrixGenerics'
The following objects are masked from 'package:matrixStats':
    colAlls, colAnyNAs, colAnys, colAvgsPerRowSet, colCollapse,
    colCounts, colCummaxs, colCummins, colCumprods, colCumsums,
    colDiffs, colIQRDiffs, colIQRs, colLogSumExps, colMadDiffs,
    colMads, colMaxs, colMeans2, colMedians, colMins, colOrderStats,
    colProds, colQuantiles, colRanges, colRanks, colSdDiffs, colSds,
    colSums2, colTabulates, colVarDiffs, colVars, colWeightedMads,
    colWeightedMeans, colWeightedMedians, colWeightedSds,
    colWeightedVars, rowAlls, rowAnyNAs, rowAnys, rowAvgsPerColSet,
    rowCollapse, rowCounts, rowCummaxs, rowCummins, rowCumprods,
    rowCumsums, rowDiffs, rowIQRDiffs, rowIQRs, rowLogSumExps,
    rowMadDiffs, rowMads, rowMaxs, rowMeans2, rowMedians, rowMins,
    rowOrderStats, rowProds, rowQuantiles, rowRanges, rowRanks,
    rowSdDiffs, rowSds, rowSums2, rowTabulates, rowVarDiffs, rowVars,
    rowWeightedMads, rowWeightedMeans, rowWeightedMedians,
    rowWeightedSds, rowWeightedVars
Loading required package: GenomicRanges
Loading required package: stats4
Loading required package: BiocGenerics
Attaching package: 'BiocGenerics'
The following objects are masked from 'package:stats':
    IQR, mad, sd, var, xtabs
The following objects are masked from 'package:base':
    Filter, Find, Map, Position, Reduce, anyDuplicated, aperm, append,
    as.data.frame, basename, cbind, colnames, dirname, do.call,
    duplicated, eval, evalq, get, grep, grepl, intersect, is.unsorted,
    lapply, mapply, match, mget, order, paste, pmax, pmax.int, pmin,
    pmin.int, rank, rbind, rownames, sapply, saveRDS, setdiff, table,
    tapply, union, unique, unsplit, which.max, which.min
Loading required package: S4Vectors
Attaching package: 'S4Vectors'
The following object is masked from 'package:utils':
    findMatches
The following objects are masked from 'package:base':
    I, expand.grid, unname
Loading required package: IRanges
Loading required package: GenomeInfoDb
Loading required package: Biobase
Welcome to Bioconductor
    Vignettes contain introductory material; view with
    'browseVignettes()'. To cite Bioconductor, see
    'citation("Biobase")', and for packages 'citation("pkgname")'.
Attaching package: 'Biobase'
The following object is masked from 'package:MatrixGenerics':
    rowMedians
The following objects are masked from 'package:matrixStats':
    anyMissing, rowMedians
Plotting number of regulated features
Runninglimmatest
limmacompleted
RunningMiss_Testtest
Running Miss test ...
================================================================================
Miss_Testcompleted
=======tests completed
Unifying q-values across tests ...
Calculating PolySTest FDRs ...
------- Summary of Results --------
Number of differentially regulated features with FDR < 0.01:
|       | PolySTest| limma| Miss_Test| rank_products| permutation_test| t_test|
|:------|---------:|-----:|---------:|-------------:|----------------:|------:|
|B_vs_A |         0|     0|         0|             0|                0|      0|
Runninglimmatest
limmacompleted
=======tests completed
------- Summary of Results --------
Number of differentially regulated features with FDR < 0.01:
|       | limma| t_test|
|:------|-----:|------:|
|B_vs_A |     0|      0|
Runninglimmatest
limmacompleted
=======tests completed
Unifying q-values across tests ...
Calculating PolySTest FDRs ...
------- Summary of Results --------
Number of differentially regulated features with FDR < 0.01:
|       | PolySTest| limma| rank_products| t_test|
|:------|---------:|-----:|-------------:|------:|
|B_vs_A |         0|     0|             0|      0|
Running limmatest
limma completed
Running Miss_Testtest
Running Miss test ...
================================================================================
Miss_Test completed
================================================================================
tests completed
Unifying q-values across tests ...
Calculating PolySTest FDRs ...
------- Summary of Results --------
Number of differentially regulated features with FDR < 0.01:
|       | PolySTest| limma| Miss_Test| rank_products| permutation_test| t_test|
|:------|---------:|-----:|---------:|-------------:|----------------:|------:|
|B_vs_A |         0|     0|         0|             0|                0|      0|
Running limmatest
limma completed
================================================================================
tests completed
------- Summary of Results --------
Number of differentially regulated features with FDR < 0.01:
|       | limma| t_test|
|:------|-----:|------:|
|B_vs_A |     0|      0|
Running limmatest
limma completed
================================================================================
tests completed
Unifying q-values across tests ...
Calculating PolySTest FDRs ...
------- Summary of Results --------
Number of differentially regulated features with FDR < 0.01:
|       | PolySTest| limma| rank_products| t_test|
|:------|---------:|-----:|-------------:|------:|
|B_vs_A |         0|     0|             0|      0|
All pairwise comparison between conditions:
|Condition A |Condition B |
|:-----------|:-----------|
|TTA.Rep.    |HF.Rep.     |
|TTA.Rep.    |FO.Rep.     |
|TTA.Rep.    |TTA.FO.Rep. |
Runninglimmatest
limmacompleted
RunningMiss_Testtest
Running Miss test ...
================================================================================
Miss_Testcompleted
======================================================tests completed
Unifying q-values across tests ...
Calculating PolySTest FDRs ...
------- Summary of Results --------
Number of differentially regulated features with FDR < 0.01:
|                        | PolySTest| limma| Miss_Test| rank_products| permutation_test| t_test|
|:-----------------------|---------:|-----:|---------:|-------------:|----------------:|------:|
|HF.Rep._vs_TTA.Rep.     |        23|    33|         9|             3|                0|      0|
|FO.Rep._vs_TTA.Rep.     |        20|    39|         8|             4|                0|      0|
|TTA.FO.Rep._vs_TTA.Rep. |         1|     0|         2|             0|                0|      0|
Running limmatest
limma completed
Running Miss_Testtest
Running Miss test ...
================================================================================
Miss_Test completed
================================================================================
tests completed
Unifying q-values across tests ...
Calculating PolySTest FDRs ...
------- Summary of Results --------
Number of differentially regulated features with FDR < 0.01:
|                        | PolySTest| limma| Miss_Test| rank_products| permutation_test| t_test|
|:-----------------------|---------:|-----:|---------:|-------------:|----------------:|------:|
|HF.Rep._vs_TTA.Rep.     |        34|    49|         7|             3|                0|     16|
|FO.Rep._vs_TTA.Rep.     |        33|    46|         7|             5|                0|     11|
|TTA.FO.Rep._vs_TTA.Rep. |         1|     0|         2|             0|                0|      0|
plotting expression profiles
Making circos plot
Note: 1 point is out of plotting region in sector '1', track '1'.
Note: 1 point is out of plotting region in sector '1', track '1'.
Note: 1 point is out of plotting region in sector '2', track '1'.
Note: 1 point is out of plotting region in sector '2', track '1'.
Note: 1 point is out of plotting region in sector '3', track '1'.
Note: 1 point is out of plotting region in sector '3', track '1'.
plotting expression profiles
Making circos plot
Note: 1 point is out of plotting region in sector '1', track '1'.
Note: 1 point is out of plotting region in sector '1', track '1'.
Note: 1 point is out of plotting region in sector '2', track '1'.
Note: 1 point is out of plotting region in sector '2', track '1'.
Note: 1 point is out of plotting region in sector '3', track '1'.
Note: 1 point is out of plotting region in sector '3', track '1'.
plotting heatmap ...
plotting heatmap ...
Plotting p-values
Plotting upset plots
Plotting volcano plots
Plotting volcano plots
[ FAIL 2 | WARN 0 | SKIP 0 | PASS 62 ]
══ Failed tests ════════════════════════════════════════════════════════════════
── Failure ('test-general.R:50:3'): overall test of full workflow ──────────────
sum(DRFs) (`actual`) not equal to 21 (`expected`).
  `actual`: 23.0
`expected`: 21.0
── Failure ('test-general.R:56:3'): overall test of full workflow ──────────────
sum(DRFs) (`actual`) not equal to 21 (`expected`).
  `actual`: 23.0
`expected`: 21.0
[ FAIL 2 | WARN 0 | SKIP 0 | PASS 62 ]
Error: Test failures
Execution halted
PolySTest.Rcheck/PolySTest-Ex.timings
| name | user | system | elapsed | |
| FindFCandQlim | 0.010 | 0.006 | 6.972 | |
| FindFCandQlimAlternative | 0.002 | 0.000 | 0.002 | |
| MissValPDistr | 0.001 | 0.000 | 0.000 | |
| MissingStats | 0.015 | 0.001 | 0.017 | |
| MissingStatsDesign | 0.113 | 0.002 | 0.115 | |
| PolySTest_paired | 0.821 | 0.025 | 0.850 | |
| PolySTest_unpaired | 0.295 | 0.045 | 18.666 | |
| RPStats | 0 | 0 | 0 | |
| StatsForPermutTest | 0 | 0 | 0 | |
| check_for_polystest | 0.015 | 0.001 | 0.018 | |
| check_stat_names | 0.008 | 0.001 | 0.010 | |
| create_pairwise_comparisons | 0.002 | 0.000 | 0.002 | |
| get_numthreads | 0.000 | 0.000 | 0.001 | |
| limma_paired | 0.012 | 0.000 | 0.012 | |
| limma_unpaired | 0.009 | 0.001 | 0.011 | |
| liver_example | 0.008 | 0.001 | 0.010 | |
| perm_unpaired | 0.017 | 0.009 | 9.420 | |
| permtest_paired | 0.007 | 0.005 | 7.185 | |
| plotExpression | 2.065 | 0.074 | 2.142 | |
| plotHeatmaply | 1.440 | 0.051 | 1.550 | |
| plotPvalueDistr | 0.056 | 0.003 | 0.060 | |
| plotRegNumber | 0.144 | 0.007 | 0.152 | |
| plotUpset | 0.533 | 0.015 | 0.550 | |
| plotVolcano | 0.032 | 0.003 | 0.034 | |
| rp_unpaired | 0.007 | 0.006 | 7.210 | |
| set_mfrow | 0.023 | 0.001 | 0.024 | |
| ttest_paired | 0.011 | 0.000 | 0.011 | |
| ttest_unpaired | 0.016 | 0.001 | 0.017 | |
| update_conditions_with_lcs | 0.151 | 0.011 | 0.162 | |