| Back to Multiple platform build/check report for BioC 3.20: simplified long |
|
This page was generated on 2025-04-02 19:29 -0400 (Wed, 02 Apr 2025).
| Hostname | OS | Arch (*) | R version | Installed pkgs |
|---|---|---|---|---|
| nebbiolo2 | Linux (Ubuntu 24.04.1 LTS) | x86_64 | 4.4.3 (2025-02-28) -- "Trophy Case" | 4764 |
| palomino8 | Windows Server 2022 Datacenter | x64 | 4.4.3 (2025-02-28 ucrt) -- "Trophy Case" | 4495 |
| merida1 | macOS 12.7.5 Monterey | x86_64 | 4.4.3 (2025-02-28) -- "Trophy Case" | 4522 |
| kjohnson1 | macOS 13.6.6 Ventura | arm64 | 4.4.3 (2025-02-28) -- "Trophy Case" | 4449 |
| taishan | Linux (openEuler 24.03 LTS) | aarch64 | 4.4.3 (2025-02-28) -- "Trophy Case" | 4426 |
| Click on any hostname to see more info about the system (e.g. compilers) (*) as reported by 'uname -p', except on Windows and Mac OS X | ||||
| Package 1558/2289 | Hostname | OS / Arch | INSTALL | BUILD | CHECK | BUILD BIN | ||||||||
| Pirat 1.0.3 (landing page) Samuel Wieczorek
| nebbiolo2 | Linux (Ubuntu 24.04.1 LTS) / x86_64 | OK | ERROR | skipped | |||||||||
| palomino8 | Windows Server 2022 Datacenter / x64 | OK | OK | OK | OK | |||||||||
| merida1 | macOS 12.7.5 Monterey / x86_64 | OK | ERROR | skipped | skipped | |||||||||
| kjohnson1 | macOS 13.6.6 Ventura / arm64 | OK | OK | OK | OK | |||||||||
| taishan | Linux (openEuler 24.03 LTS) / aarch64 | OK | ERROR | skipped | ||||||||||
|
To the developers/maintainers of the Pirat package: - Allow up to 24 hours (and sometimes 48 hours) for your latest push to git@git.bioconductor.org:packages/Pirat.git to reflect on this report. See Troubleshooting Build Report for more information. - Use the following Renviron settings to reproduce errors and warnings. - If 'R CMD check' started to fail recently on the Linux builder(s) over a missing dependency, add the missing dependency to 'Suggests:' in your DESCRIPTION file. See Renviron.bioc for more information. |
| Package: Pirat |
| Version: 1.0.3 |
| Command: /home/biocbuild/bbs-3.20-bioc/R/bin/R CMD build --keep-empty-dirs --no-resave-data --md5 Pirat |
| StartedAt: 2025-03-31 18:33:06 -0400 (Mon, 31 Mar 2025) |
| EndedAt: 2025-03-31 18:33:33 -0400 (Mon, 31 Mar 2025) |
| EllapsedTime: 27.0 seconds |
| RetCode: 1 |
| Status: ERROR |
| PackageFile: None |
| PackageFileSize: NA |
##############################################################################
##############################################################################
###
### Running command:
###
### /home/biocbuild/bbs-3.20-bioc/R/bin/R CMD build --keep-empty-dirs --no-resave-data --md5 Pirat
###
##############################################################################
##############################################################################
* checking for file ‘Pirat/DESCRIPTION’ ... OK
* preparing ‘Pirat’:
* checking DESCRIPTION meta-information ... OK
* installing the package to build vignettes
* creating vignettes ... ERROR
--- re-building ‘Pirat.Rmd’ using rmarkdown
Quitting from Pirat.Rmd:90-92 [impute]
~~~~~~~~~~~~~~~~~~~~~~~~~~~~~~~~~~~~~~~~~~~~~~~~~~~~~~~~~~~~~~~~~~~~~~~~~~~~~~~~
<error/rlang_error>
Error in `py_module_import()`:
! ImportError: /home/biocbuild/.cache/R/basilisk/1.18.0/Pirat/1.0.3/envPirat/lib/python3.9/site-packages/torch/lib/libtorch_cpu.so: undefined symbol: iJIT_NotifyEvent
Run `reticulate::py_last_error()` for details.
---
Backtrace:
▆
1. └─Pirat::my_pipeline_llkimpute(subbouyssie)
2. └─basilisk::basiliskRun(...)
3. └─Pirat (local) fun(...)
4. └─Pirat::pipeline_llkimpute(arg1, ...)
5. └─reticulate::import("PyPirat")
6. └─reticulate:::py_module_import(module, convert = convert)
~~~~~~~~~~~~~~~~~~~~~~~~~~~~~~~~~~~~~~~~~~~~~~~~~~~~~~~~~~~~~~~~~~~~~~~~~~~~~~~~
Error: processing vignette 'Pirat.Rmd' failed with diagnostics:
ImportError: /home/biocbuild/.cache/R/basilisk/1.18.0/Pirat/1.0.3/envPirat/lib/python3.9/site-packages/torch/lib/libtorch_cpu.so: undefined symbol: iJIT_NotifyEvent
Run `reticulate::py_last_error()` for details.
--- failed re-building ‘Pirat.Rmd’
SUMMARY: processing the following file failed:
‘Pirat.Rmd’
Error: Vignette re-building failed.
Execution halted