| Back to Multiple platform build/check report for BioC 3.20: simplified long |
|
This page was generated on 2024-11-20 12:06 -0500 (Wed, 20 Nov 2024).
| Hostname | OS | Arch (*) | R version | Installed pkgs |
|---|---|---|---|---|
| teran2 | Linux (Ubuntu 24.04.1 LTS) | x86_64 | 4.4.2 (2024-10-31) -- "Pile of Leaves" | 4481 |
| nebbiolo2 | Linux (Ubuntu 24.04.1 LTS) | x86_64 | 4.4.2 (2024-10-31) -- "Pile of Leaves" | 4479 |
| palomino8 | Windows Server 2022 Datacenter | x64 | 4.4.2 (2024-10-31 ucrt) -- "Pile of Leaves" | 4359 |
| lconway | macOS 12.7.1 Monterey | x86_64 | 4.4.1 (2024-06-14) -- "Race for Your Life" | 4539 |
| kunpeng2 | Linux (openEuler 22.03 LTS-SP1) | aarch64 | 4.4.1 (2024-06-14) -- "Race for Your Life" | 4493 |
| Click on any hostname to see more info about the system (e.g. compilers) (*) as reported by 'uname -p', except on Windows and Mac OS X | ||||
| Package 1355/2289 | Hostname | OS / Arch | INSTALL | BUILD | CHECK | BUILD BIN | ||||||||
| MSstatsPTM 2.8.0 (landing page) Devon Kohler
| teran2 | Linux (Ubuntu 24.04.1 LTS) / x86_64 | OK | OK | ERROR | |||||||||
| nebbiolo2 | Linux (Ubuntu 24.04.1 LTS) / x86_64 | OK | OK | ERROR | ||||||||||
| palomino8 | Windows Server 2022 Datacenter / x64 | ERROR | ERROR | skipped | skipped | |||||||||
| lconway | macOS 12.7.1 Monterey / x86_64 | OK | OK | ERROR | OK | |||||||||
| kunpeng2 | Linux (openEuler 22.03 LTS-SP1) / aarch64 | OK | OK | ERROR | ||||||||||
|
To the developers/maintainers of the MSstatsPTM package: - Allow up to 24 hours (and sometimes 48 hours) for your latest push to git@git.bioconductor.org:packages/MSstatsPTM.git to reflect on this report. See Troubleshooting Build Report for more information. - Use the following Renviron settings to reproduce errors and warnings. - If 'R CMD check' started to fail recently on the Linux builder(s) over a missing dependency, add the missing dependency to 'Suggests:' in your DESCRIPTION file. See Renviron.bioc for more information. |
| Package: MSstatsPTM |
| Version: 2.8.0 |
| Command: /Library/Frameworks/R.framework/Resources/bin/R CMD check --install=check:MSstatsPTM.install-out.txt --library=/Library/Frameworks/R.framework/Resources/library --no-vignettes --timings MSstatsPTM_2.8.0.tar.gz |
| StartedAt: 2024-11-20 00:24:19 -0500 (Wed, 20 Nov 2024) |
| EndedAt: 2024-11-20 00:30:15 -0500 (Wed, 20 Nov 2024) |
| EllapsedTime: 356.6 seconds |
| RetCode: 1 |
| Status: ERROR |
| CheckDir: MSstatsPTM.Rcheck |
| Warnings: NA |
##############################################################################
##############################################################################
###
### Running command:
###
### /Library/Frameworks/R.framework/Resources/bin/R CMD check --install=check:MSstatsPTM.install-out.txt --library=/Library/Frameworks/R.framework/Resources/library --no-vignettes --timings MSstatsPTM_2.8.0.tar.gz
###
##############################################################################
##############################################################################
* using log directory ‘/Users/biocbuild/bbs-3.20-bioc/meat/MSstatsPTM.Rcheck’
* using R version 4.4.1 (2024-06-14)
* using platform: x86_64-apple-darwin20
* R was compiled by
Apple clang version 14.0.0 (clang-1400.0.29.202)
GNU Fortran (GCC) 12.2.0
* running under: macOS Monterey 12.7.6
* using session charset: UTF-8
* using option ‘--no-vignettes’
* checking for file ‘MSstatsPTM/DESCRIPTION’ ... OK
* checking extension type ... Package
* this is package ‘MSstatsPTM’ version ‘2.8.0’
* package encoding: UTF-8
* checking package namespace information ... OK
* checking package dependencies ...Warning: unable to access index for repository https://CRAN.R-project.org/src/contrib:
cannot open URL 'https://CRAN.R-project.org/src/contrib/PACKAGES'
OK
* checking if this is a source package ... OK
* checking if there is a namespace ... OK
* checking for hidden files and directories ... NOTE
Found the following hidden files and directories:
.travis.yml
These were most likely included in error. See section ‘Package
structure’ in the ‘Writing R Extensions’ manual.
* checking for portable file names ... OK
* checking for sufficient/correct file permissions ... OK
* checking whether package ‘MSstatsPTM’ can be installed ... WARNING
Found the following significant warnings:
Warning: MSstatsPTM.Rd:3: docType ‘_PACKAGE’ is unrecognized
See ‘/Users/biocbuild/bbs-3.20-bioc/meat/MSstatsPTM.Rcheck/00install.out’ for details.
* used C++ compiler: ‘Apple clang version 14.0.0 (clang-1400.0.29.202)’
* used SDK: ‘MacOSX11.3.sdk’
* checking installed package size ... OK
* checking package directory ... OK
* checking ‘build’ directory ... OK
* checking DESCRIPTION meta-information ... OK
* checking top-level files ... OK
* checking for left-over files ... OK
* checking index information ... OK
* checking package subdirectories ... OK
* checking code files for non-ASCII characters ... OK
* checking R files for syntax errors ... OK
* checking whether the package can be loaded ... OK
* checking whether the package can be loaded with stated dependencies ... OK
* checking whether the package can be unloaded cleanly ... OK
* checking whether the namespace can be loaded with stated dependencies ... OK
* checking whether the namespace can be unloaded cleanly ... OK
* checking dependencies in R code ... NOTE
Unexported objects imported by ':::' calls:
‘MSstats:::.getMedianSigmaSubject’ ‘MSstats:::.getVarComponent’
‘MSstatsConvert:::.filterFewMeasurements’
‘MSstatsConvert:::.filterManyColumns’
‘MSstatsConvert:::.getChannelColumns’
‘MSstatsConvert:::.standardizeColnames’
See the note in ?`:::` about the use of this operator.
* checking S3 generic/method consistency ... OK
* checking replacement functions ... OK
* checking foreign function calls ... OK
* checking R code for possible problems ... NOTE
.extract_pd_mods: no visible binding for global variable
‘..sequence_col’
.format.data.process.plots: no visible binding for global variable
‘ABUNDANCE’
.pivotPS: no visible binding for global variable ‘..keep_cols’
.plot.model.volcano: no visible binding for global variable
‘text.angle’
.progensis.add.sites: no visible binding for global variable
‘..col_order’
.qc.all.plot.lf: no visible binding for global variable ‘text.angle’
.qc.single.plot.lf: no visible binding for global variable ‘text.angle’
.removeCutoffSites: no visible binding for global variable
‘..mod_pep_col’
.rmConfounded: no visible binding for global variable ‘..col_res’
DIANNtoMSstatsPTMFormat: no visible binding for global variable
‘..protein_id_col’
FragPipetoMSstatsPTMFormat: no visible binding for global variable
‘..msstats_cols’
MSstatsPTMSiteLocator: no visible binding for global variable
‘..mod_pep_col’
MaxQtoMSstatsPTMFormat: no visible binding for global variable
‘TMT.keyword’
MaxQtoMSstatsPTMFormat: no visible binding for global variable
‘ptm.keyword’
MaxQtoMSstatsPTMFormat: no visible binding for global variable
‘mod.num’
MaxQtoMSstatsPTMFormat: no visible binding for global variable
‘which.proteinid.ptm’
MaxQtoMSstatsPTMFormat: no visible binding for global variable
‘PeptideSequence’
MetamorpheusToMSstatsPTMFormat: no visible binding for global variable
‘..protein_id_col’
PStoMSstatsPTMFormat: no visible binding for global variable
‘Intensity’
ProgenesistoMSstatsPTMFormat: no visible binding for global variable
‘Type’
SkylinetoMSstatsPTMFormat: no visible binding for global variable
‘annotation_prot’
dataProcessPlotsPTM: no visible binding for global variable
‘PROTEINNAME’
dataProcessPlotsPTM: no visible binding for global variable
‘GLOBALPROTEIN’
dataSummarizationPTM: no visible binding for global variable ‘address’
locatePTM: no visible binding for global variable ‘..col_seq’
locatePTM: no visible binding for global variable ‘..col_fasta’
Undefined global functions or variables:
..col_fasta ..col_order ..col_res ..col_seq ..keep_cols ..mod_pep_col
..msstats_cols ..protein_id_col ..sequence_col ABUNDANCE
GLOBALPROTEIN Intensity PROTEINNAME PeptideSequence TMT.keyword Type
address annotation_prot mod.num ptm.keyword text.angle
which.proteinid.ptm
* checking Rd files ... WARNING
prepare_Rd: MSstatsPTM.Rd:3: docType ‘_PACKAGE’ is unrecognized
* checking Rd metadata ... OK
* checking Rd cross-references ... OK
* checking for missing documentation entries ... OK
* checking for code/documentation mismatches ... OK
* checking Rd \usage sections ... NOTE
Documented arguments not in \usage in Rd file 'dot-fixTerminus.Rd':
‘fasta_file’
Functions with \usage entries need to have the appropriate \alias
entries, and all their arguments documented.
The \usage entries must correspond to syntactically valid R code.
See chapter ‘Writing R documentation files’ in the ‘Writing R
Extensions’ manual.
* checking Rd contents ... OK
* checking for unstated dependencies in examples ... OK
* checking contents of ‘data’ directory ... OK
* checking data for non-ASCII characters ... OK
* checking LazyData ... OK
* checking data for ASCII and uncompressed saves ... OK
* checking line endings in C/C++/Fortran sources/headers ... OK
* checking compiled code ... NOTE
Note: information on .o files is not available
* checking files in ‘vignettes’ ... OK
* checking examples ... OK
Examples with CPU (user + system) or elapsed time > 5s
user system elapsed
groupComparisonPlotsPTM 8.415 0.048 8.487
* checking for unstated dependencies in ‘tests’ ... OK
* checking tests ...
Running ‘testthat.R’
ERROR
Running the tests in ‘tests/testthat.R’ failed.
Last 13 lines of output:
Error in `gtable_add_grob(gt, grobs, t = positions$t, b = positions$b,
l = positions$l, r = positions$r, z = seq_along(grobs), clip = clip)`: `grobs` must be a single grob or a list of grobs, not a list.
Backtrace:
▆
1. └─MSstatsPTM::dataProcessPlotsPTM(...) at test_dataProcessPlotsPTM.R:8:5
2. └─MSstatsPTM:::.qc.lf(...)
3. └─gridExtra::grid.arrange(ptemp.ptm, ptemp.protein, ncol = 1)
4. └─gridExtra::arrangeGrob(...)
5. └─gtable::gtable_add_grob(grobs = grobs)
6. └─gtable:::stop_input_type(grobs, "a single grob or a list of grobs")
7. └─rlang::abort(message, ..., call = call, arg = arg)
[ FAIL 1 | WARN 0 | SKIP 0 | PASS 0 ]
Error: Test failures
Execution halted
* checking for unstated dependencies in vignettes ... OK
* checking package vignettes ... OK
* checking running R code from vignettes ... SKIPPED
* checking re-building of vignette outputs ... SKIPPED
* checking PDF version of manual ... OK
* DONE
Status: 1 ERROR, 2 WARNINGs, 5 NOTEs
See
‘/Users/biocbuild/bbs-3.20-bioc/meat/MSstatsPTM.Rcheck/00check.log’
for details.
MSstatsPTM.Rcheck/00install.out
############################################################################## ############################################################################## ### ### Running command: ### ### /Library/Frameworks/R.framework/Resources/bin/R CMD INSTALL MSstatsPTM ### ############################################################################## ############################################################################## * installing to library ‘/Library/Frameworks/R.framework/Versions/4.4-x86_64/Resources/library’ * installing *source* package ‘MSstatsPTM’ ... ** using staged installation ** libs using C++ compiler: ‘Apple clang version 14.0.0 (clang-1400.0.29.202)’ using SDK: ‘MacOSX11.3.sdk’ clang++ -arch x86_64 -std=gnu++17 -I"/Library/Frameworks/R.framework/Resources/include" -DNDEBUG -I'/Library/Frameworks/R.framework/Versions/4.4-x86_64/Resources/library/Rcpp/include' -I/opt/R/x86_64/include -fPIC -falign-functions=64 -Wall -g -O2 -c RcppExports.cpp -o RcppExports.o clang++ -arch x86_64 -std=gnu++17 -I"/Library/Frameworks/R.framework/Resources/include" -DNDEBUG -I'/Library/Frameworks/R.framework/Versions/4.4-x86_64/Resources/library/Rcpp/include' -I/opt/R/x86_64/include -fPIC -falign-functions=64 -Wall -g -O2 -c model_adjustment.cpp -o model_adjustment.o clang++ -arch x86_64 -std=gnu++17 -dynamiclib -Wl,-headerpad_max_install_names -undefined dynamic_lookup -L/Library/Frameworks/R.framework/Resources/lib -L/opt/R/x86_64/lib -o MSstatsPTM.so RcppExports.o model_adjustment.o -F/Library/Frameworks/R.framework/.. -framework R -Wl,-framework -Wl,CoreFoundation installing to /Library/Frameworks/R.framework/Versions/4.4-x86_64/Resources/library/00LOCK-MSstatsPTM/00new/MSstatsPTM/libs ** R ** data *** moving datasets to lazyload DB ** inst ** byte-compile and prepare package for lazy loading ** help Warning: MSstatsPTM.Rd:3: docType ‘_PACKAGE’ is unrecognized *** installing help indices ** building package indices ** installing vignettes ** testing if installed package can be loaded from temporary location ** checking absolute paths in shared objects and dynamic libraries ** testing if installed package can be loaded from final location ** testing if installed package keeps a record of temporary installation path * DONE (MSstatsPTM)
MSstatsPTM.Rcheck/tests/testthat.Rout.fail
R version 4.4.1 (2024-06-14) -- "Race for Your Life"
Copyright (C) 2024 The R Foundation for Statistical Computing
Platform: x86_64-apple-darwin20
R is free software and comes with ABSOLUTELY NO WARRANTY.
You are welcome to redistribute it under certain conditions.
Type 'license()' or 'licence()' for distribution details.
R is a collaborative project with many contributors.
Type 'contributors()' for more information and
'citation()' on how to cite R or R packages in publications.
Type 'demo()' for some demos, 'help()' for on-line help, or
'help.start()' for an HTML browser interface to help.
Type 'q()' to quit R.
> # This file is part of the standard setup for testthat.
> # It is recommended that you do not modify it.
> #
> # Where should you do additional test configuration?
> # Learn more about the roles of various files in:
> # * https://r-pkgs.org/testing-design.html#sec-tests-files-overview
> # * https://testthat.r-lib.org/articles/special-files.html
>
> library(testthat)
> library(mockery)
> library(MSstatsPTM)
>
> test_check("MSstatsPTM")
[ FAIL 1 | WARN 0 | SKIP 0 | PASS 0 ]
══ Failed tests ════════════════════════════════════════════════════════════════
── Error ('test_dataProcessPlotsPTM.R:8:5'): Medians are equalized in ptm data to QC plot helper function ──
Error in `gtable_add_grob(gt, grobs, t = positions$t, b = positions$b,
l = positions$l, r = positions$r, z = seq_along(grobs), clip = clip)`: `grobs` must be a single grob or a list of grobs, not a list.
Backtrace:
▆
1. └─MSstatsPTM::dataProcessPlotsPTM(...) at test_dataProcessPlotsPTM.R:8:5
2. └─MSstatsPTM:::.qc.lf(...)
3. └─gridExtra::grid.arrange(ptemp.ptm, ptemp.protein, ncol = 1)
4. └─gridExtra::arrangeGrob(...)
5. └─gtable::gtable_add_grob(grobs = grobs)
6. └─gtable:::stop_input_type(grobs, "a single grob or a list of grobs")
7. └─rlang::abort(message, ..., call = call, arg = arg)
[ FAIL 1 | WARN 0 | SKIP 0 | PASS 0 ]
Error: Test failures
Execution halted
MSstatsPTM.Rcheck/MSstatsPTM-Ex.timings
| name | user | system | elapsed | |
| DIANNtoMSstatsPTMFormat | 0.000 | 0.000 | 0.001 | |
| FragPipetoMSstatsPTMFormat | 0.669 | 0.029 | 0.702 | |
| MSstatsPTMSiteLocator | 0 | 0 | 0 | |
| MaxQtoMSstatsPTMFormat | 0.250 | 0.019 | 0.272 | |
| MetamorpheusToMSstatsPTMFormat | 0.091 | 0.009 | 0.101 | |
| PDtoMSstatsPTMFormat | 0.575 | 0.052 | 0.627 | |
| PStoMSstatsPTMFormat | 0.052 | 0.001 | 0.054 | |
| ProgenesistoMSstatsPTMFormat | 0.040 | 0.005 | 0.046 | |
| SkylinetoMSstatsPTMFormat | 0.037 | 0.001 | 0.037 | |
| SpectronauttoMSstatsPTMFormat | 0.406 | 0.013 | 0.419 | |
| annotSite | 0.001 | 0.000 | 0.000 | |
| dataProcessPlotsPTM | 1.524 | 0.012 | 1.539 | |
| dataSummarizationPTM | 1.602 | 0.045 | 1.651 | |
| dataSummarizationPTM_TMT | 3.112 | 0.090 | 3.208 | |
| designSampleSizePTM | 3.116 | 0.034 | 3.157 | |
| fragpipe_annotation | 0.001 | 0.001 | 0.001 | |
| fragpipe_annotation_protein | 0.001 | 0.000 | 0.001 | |
| fragpipe_input | 0.003 | 0.001 | 0.004 | |
| fragpipe_input_protein | 0.004 | 0.000 | 0.004 | |
| groupComparisonPTM | 3.339 | 0.045 | 3.395 | |
| groupComparisonPlotsPTM | 8.415 | 0.048 | 8.487 | |
| locateMod | 0.000 | 0.001 | 0.001 | |
| locatePTM | 0.011 | 0.001 | 0.012 | |
| maxq_lf_annotation | 0.001 | 0.001 | 0.001 | |
| maxq_lf_evidence | 0.006 | 0.003 | 0.009 | |
| maxq_tmt_annotation | 0.001 | 0.001 | 0.002 | |
| maxq_tmt_evidence | 0.009 | 0.004 | 0.012 | |
| pd_annotation | 0.001 | 0.000 | 0.001 | |
| pd_psm_input | 0.007 | 0.001 | 0.008 | |
| pd_testing_output | 0.097 | 0.098 | 0.196 | |
| raw.input | 0.045 | 0.000 | 0.045 | |
| raw.input.tmt | 0.002 | 0.001 | 0.004 | |
| spectronaut_annotation | 0.001 | 0.000 | 0.001 | |
| spectronaut_input | 0.002 | 0.000 | 0.003 | |
| summary.data | 0.196 | 0.246 | 0.447 | |
| summary.data.tmt | 0.398 | 0.484 | 0.888 | |
| tidyFasta | 0.005 | 0.001 | 0.006 | |