Back to Multiple platform build/check report for BioC 3.20:   simplified   long
ABCDEFGHIJKL[M]NOPQRSTUVWXYZ

This page was generated on 2025-02-06 12:05 -0500 (Thu, 06 Feb 2025).

HostnameOSArch (*)R versionInstalled pkgs
nebbiolo2Linux (Ubuntu 24.04.1 LTS)x86_644.4.2 (2024-10-31) -- "Pile of Leaves" 4753
palomino8Windows Server 2022 Datacenterx644.4.2 (2024-10-31 ucrt) -- "Pile of Leaves" 4501
merida1macOS 12.7.5 Montereyx86_644.4.2 (2024-10-31) -- "Pile of Leaves" 4524
kjohnson1macOS 13.6.6 Venturaarm644.4.2 (2024-10-31) -- "Pile of Leaves" 4476
taishanLinux (openEuler 24.03 LTS)aarch644.4.2 (2024-10-31) -- "Pile of Leaves" 4407
Click on any hostname to see more info about the system (e.g. compilers)      (*) as reported by 'uname -p', except on Windows and Mac OS X

Package 1313/2289HostnameOS / ArchINSTALLBUILDCHECKBUILD BIN
MOSim 2.2.0  (landing page)
Sonia Tarazona
Snapshot Date: 2025-02-03 13:00 -0500 (Mon, 03 Feb 2025)
git_url: https://git.bioconductor.org/packages/MOSim
git_branch: RELEASE_3_20
git_last_commit: b7b8075
git_last_commit_date: 2024-10-29 10:39:30 -0500 (Tue, 29 Oct 2024)
nebbiolo2Linux (Ubuntu 24.04.1 LTS) / x86_64  OK    OK    WARNINGS  UNNEEDED, same version is already published
palomino8Windows Server 2022 Datacenter / x64  OK    OK    WARNINGS    OK  UNNEEDED, same version is already published
merida1macOS 12.7.5 Monterey / x86_64  OK    OK    WARNINGS    OK  UNNEEDED, same version is already published
kjohnson1macOS 13.6.6 Ventura / arm64  OK    OK    WARNINGS    OK  UNNEEDED, same version is already published
taishanLinux (openEuler 24.03 LTS) / aarch64  OK    OK    WARNINGS  


CHECK results for MOSim on nebbiolo2

To the developers/maintainers of the MOSim package:
- Allow up to 24 hours (and sometimes 48 hours) for your latest push to git@git.bioconductor.org:packages/MOSim.git to reflect on this report. See Troubleshooting Build Report for more information.
- Use the following Renviron settings to reproduce errors and warnings.
- If 'R CMD check' started to fail recently on the Linux builder(s) over a missing dependency, add the missing dependency to 'Suggests:' in your DESCRIPTION file. See Renviron.bioc for more information.

raw results


Summary

Package: MOSim
Version: 2.2.0
Command: /home/biocbuild/bbs-3.20-bioc/R/bin/R CMD check --install=check:MOSim.install-out.txt --library=/home/biocbuild/bbs-3.20-bioc/R/site-library --timings MOSim_2.2.0.tar.gz
StartedAt: 2025-02-04 00:20:53 -0500 (Tue, 04 Feb 2025)
EndedAt: 2025-02-04 00:37:15 -0500 (Tue, 04 Feb 2025)
EllapsedTime: 982.1 seconds
RetCode: 0
Status:   WARNINGS  
CheckDir: MOSim.Rcheck
Warnings: 1

Command output

##############################################################################
##############################################################################
###
### Running command:
###
###   /home/biocbuild/bbs-3.20-bioc/R/bin/R CMD check --install=check:MOSim.install-out.txt --library=/home/biocbuild/bbs-3.20-bioc/R/site-library --timings MOSim_2.2.0.tar.gz
###
##############################################################################
##############################################################################


* using log directory ‘/home/biocbuild/bbs-3.20-bioc/meat/MOSim.Rcheck’
* using R version 4.4.2 (2024-10-31)
* using platform: x86_64-pc-linux-gnu
* R was compiled by
    gcc (Ubuntu 13.2.0-23ubuntu4) 13.2.0
    GNU Fortran (Ubuntu 13.2.0-23ubuntu4) 13.2.0
* running under: Ubuntu 24.04.1 LTS
* using session charset: UTF-8
* checking for file ‘MOSim/DESCRIPTION’ ... OK
* this is package ‘MOSim’ version ‘2.2.0’
* package encoding: UTF-8
* checking package namespace information ... OK
* checking package dependencies ... OK
* checking if this is a source package ... OK
* checking if there is a namespace ... OK
* checking for hidden files and directories ... OK
* checking for portable file names ... OK
* checking for sufficient/correct file permissions ... OK
* checking whether package ‘MOSim’ can be installed ... WARNING
Found the following significant warnings:
  Warning: replacing previous import ‘dplyr::count’ by ‘matrixStats::count’ when loading ‘MOSim’
See ‘/home/biocbuild/bbs-3.20-bioc/meat/MOSim.Rcheck/00install.out’ for details.
* used C++ compiler: ‘g++ (Ubuntu 13.3.0-6ubuntu2~24.04) 13.3.0’
* checking installed package size ... NOTE
  installed size is  7.3Mb
  sub-directories of 1Mb or more:
    data   5.8Mb
* checking package directory ... OK
* checking ‘build’ directory ... OK
* checking DESCRIPTION meta-information ... OK
* checking top-level files ... OK
* checking for left-over files ... OK
* checking index information ... OK
* checking package subdirectories ... OK
* checking code files for non-ASCII characters ... OK
* checking R files for syntax errors ... OK
* checking whether the package can be loaded ... OK
* checking whether the package can be loaded with stated dependencies ... OK
* checking whether the package can be unloaded cleanly ... OK
* checking whether the namespace can be loaded with stated dependencies ... OK
* checking whether the namespace can be unloaded cleanly ... OK
* checking loading without being on the library search path ... OK
* checking whether startup messages can be suppressed ... OK
* checking dependencies in R code ... OK
* checking S3 generic/method consistency ... OK
* checking replacement functions ... OK
* checking foreign function calls ... OK
* checking R code for possible problems ... NOTE
make_association_dataframe : keep_remaining: no visible binding for
  global variable ‘Freq.a’
make_association_dataframe : keep_remaining: no visible binding for
  global variable ‘Freq.ao’
make_association_dataframe : keep_remaining: no visible binding for
  global variable ‘cluster’
make_association_dataframe : keep_remaining: no visible binding for
  global variable ‘Freq’
make_association_dataframe : keep_remaining2: no visible binding for
  global variable ‘Freq.a’
make_association_dataframe : keep_remaining2: no visible binding for
  global variable ‘Freq.ao’
make_association_dataframe : keep_remaining2: no visible binding for
  global variable ‘cluster’
make_association_dataframe : keep_remaining2: no visible binding for
  global variable ‘Freq’
make_association_dataframe: no visible binding for global variable
  ‘Peak_ID’
make_association_dataframe: no visible binding for global variable
  ‘Gene_ID’
Undefined global functions or variables:
  Freq Freq.a Freq.ao Gene_ID Peak_ID cluster
* checking Rd files ... NOTE
checkRd: (-1) TF_human.Rd:12: Lost braces; missing escapes or markup?
    12 |  @source {https://tflink.net/}
       |          ^
checkRd: (-1) associationList.Rd:14: Lost braces; missing escapes or markup?
    14 |  @source {Created in-house to serve as an example}
       |          ^
checkRd: (-1) sc_mosim.Rd:94: Lost braces; missing escapes or markup?
    94 | {https://tflink.net/}}
       | ^
checkRd: (-1) scatac.Rd:14-15: Lost braces
    14 |  @source {https://github.com/satijalab/seurat-data, we took 11 cells 
       |          ^
checkRd: (-1) scrna.Rd:14-15: Lost braces
    14 |  @source {https://github.com/satijalab/seurat-data, we took 11 cells 
       |          ^
checkRd: (-1) scrna.Rd:23-28: Lost braces
    23 |  for (cell_type in unique_cell_types) {
       |                                       ^
* checking Rd metadata ... OK
* checking Rd cross-references ... OK
* checking for missing documentation entries ... OK
* checking for code/documentation mismatches ... OK
* checking Rd \usage sections ... OK
* checking Rd contents ... OK
* checking for unstated dependencies in examples ... OK
* checking contents of ‘data’ directory ... OK
* checking data for non-ASCII characters ... OK
* checking data for ASCII and uncompressed saves ... OK
* checking line endings in C/C++/Fortran sources/headers ... OK
* checking compiled code ... NOTE
Note: information on .o files is not available
* checking files in ‘vignettes’ ... OK
* checking examples ... OK
Examples with CPU (user + system) or elapsed time > 5s
                        user system elapsed
discretize            57.549  0.902  58.453
omicSettings          51.877  0.650  52.528
omicSim               48.459  0.248  48.710
plotProfile           48.028  0.205  48.234
sc_mosim              39.091  0.372  39.463
experimentalDesign    36.540  0.342  36.882
omicResults           36.047  0.199  36.248
mosim                 35.547  0.187  35.737
sc_omicSettings       34.785  0.162  34.951
sc_omicResults        34.103  0.214  34.318
make_cluster_patterns 12.993  0.085  13.078
* checking for unstated dependencies in ‘tests’ ... OK
* checking tests ...
  Running ‘testthat.R’
 OK
* checking for unstated dependencies in vignettes ... OK
* checking package vignettes ... OK
* checking re-building of vignette outputs ... OK
* checking PDF version of manual ... OK
* DONE

Status: 1 WARNING, 4 NOTEs
See
  ‘/home/biocbuild/bbs-3.20-bioc/meat/MOSim.Rcheck/00check.log’
for details.


Installation output

MOSim.Rcheck/00install.out

##############################################################################
##############################################################################
###
### Running command:
###
###   /home/biocbuild/bbs-3.20-bioc/R/bin/R CMD INSTALL MOSim
###
##############################################################################
##############################################################################


* installing to library ‘/home/biocbuild/bbs-3.20-bioc/R/site-library’
* installing *source* package ‘MOSim’ ...
** using staged installation
** libs
using C++ compiler: ‘g++ (Ubuntu 13.3.0-6ubuntu2~24.04) 13.3.0’
g++ -std=gnu++17 -I"/home/biocbuild/bbs-3.20-bioc/R/include" -DNDEBUG  -I'/home/biocbuild/bbs-3.20-bioc/R/site-library/cpp11/include' -I'/home/biocbuild/bbs-3.20-bioc/R/site-library/Rcpp/include' -I/usr/local/include    -fpic  -g -O2  -Wall  -c Random_number.cpp -o Random_number.o
g++ -std=gnu++17 -shared -L/home/biocbuild/bbs-3.20-bioc/R/lib -L/usr/local/lib -o MOSim.so Random_number.o -L/home/biocbuild/bbs-3.20-bioc/R/lib -lR
installing to /home/biocbuild/bbs-3.20-bioc/R/site-library/00LOCK-MOSim/00new/MOSim/libs
** R
** data
** inst
** byte-compile and prepare package for lazy loading
Warning: replacing previous import ‘dplyr::count’ by ‘matrixStats::count’ when loading ‘MOSim’
Creating a new generic function for ‘simulate’ in package ‘MOSim’
** help
*** installing help indices
** building package indices
** installing vignettes
** testing if installed package can be loaded from temporary location
Warning: replacing previous import ‘dplyr::count’ by ‘matrixStats::count’ when loading ‘MOSim’
** checking absolute paths in shared objects and dynamic libraries
** testing if installed package can be loaded from final location
Warning: replacing previous import ‘dplyr::count’ by ‘matrixStats::count’ when loading ‘MOSim’
** testing if installed package keeps a record of temporary installation path
* DONE (MOSim)

Tests output

MOSim.Rcheck/tests/testthat.Rout


R version 4.4.2 (2024-10-31) -- "Pile of Leaves"
Copyright (C) 2024 The R Foundation for Statistical Computing
Platform: x86_64-pc-linux-gnu

R is free software and comes with ABSOLUTELY NO WARRANTY.
You are welcome to redistribute it under certain conditions.
Type 'license()' or 'licence()' for distribution details.

R is a collaborative project with many contributors.
Type 'contributors()' for more information and
'citation()' on how to cite R or R packages in publications.

Type 'demo()' for some demos, 'help()' for on-line help, or
'help.start()' for an HTML browser interface to help.
Type 'q()' to quit R.

> library(testthat)
> #library(MOSim)
> 
> #test_check("MOSim")
> 
> proc.time()
   user  system elapsed 
  0.315   0.038   0.337 

Example timings

MOSim.Rcheck/MOSim-Ex.timings

nameusersystemelapsed
calculate_mean_per_list_df0.0030.0010.004
check_patterns0.0060.0020.008
discretize57.549 0.90258.453
experimentalDesign36.540 0.34236.882
make_cluster_patterns12.993 0.08513.078
match_gene_regulator0.0150.0020.017
match_gene_regulator_cluster0.0440.0010.046
mosim35.547 0.18735.737
omicData3.2370.0993.336
omicResults36.047 0.19936.248
omicSettings51.877 0.65052.528
omicSim48.459 0.24848.710
plotProfile48.028 0.20548.234
sc_mosim39.091 0.37239.463
sc_omicData0.6470.0210.668
sc_omicResults34.103 0.21434.318
sc_omicSettings34.785 0.16234.951
sc_param_estimation0.1290.0000.130