| Back to Multiple platform build/check report for BioC 3.20: simplified long |
|
This page was generated on 2024-11-20 12:07 -0500 (Wed, 20 Nov 2024).
| Hostname | OS | Arch (*) | R version | Installed pkgs |
|---|---|---|---|---|
| teran2 | Linux (Ubuntu 24.04.1 LTS) | x86_64 | 4.4.2 (2024-10-31) -- "Pile of Leaves" | 4481 |
| nebbiolo2 | Linux (Ubuntu 24.04.1 LTS) | x86_64 | 4.4.2 (2024-10-31) -- "Pile of Leaves" | 4479 |
| palomino8 | Windows Server 2022 Datacenter | x64 | 4.4.2 (2024-10-31 ucrt) -- "Pile of Leaves" | 4359 |
| lconway | macOS 12.7.1 Monterey | x86_64 | 4.4.1 (2024-06-14) -- "Race for Your Life" | 4539 |
| kunpeng2 | Linux (openEuler 22.03 LTS-SP1) | aarch64 | 4.4.1 (2024-06-14) -- "Race for Your Life" | 4493 |
| Click on any hostname to see more info about the system (e.g. compilers) (*) as reported by 'uname -p', except on Windows and Mac OS X | ||||
| Package 1145/2289 | Hostname | OS / Arch | INSTALL | BUILD | CHECK | BUILD BIN | ||||||||
| MANOR 1.78.0 (landing page) Pierre Neuvial
| teran2 | Linux (Ubuntu 24.04.1 LTS) / x86_64 | OK | OK | WARNINGS | |||||||||
| nebbiolo2 | Linux (Ubuntu 24.04.1 LTS) / x86_64 | OK | OK | WARNINGS | ||||||||||
| palomino8 | Windows Server 2022 Datacenter / x64 | OK | OK | WARNINGS | OK | |||||||||
| lconway | macOS 12.7.1 Monterey / x86_64 | OK | OK | WARNINGS | OK | |||||||||
| kunpeng2 | Linux (openEuler 22.03 LTS-SP1) / aarch64 | OK | OK | WARNINGS | ||||||||||
|
To the developers/maintainers of the MANOR package: - Allow up to 24 hours (and sometimes 48 hours) for your latest push to git@git.bioconductor.org:packages/MANOR.git to reflect on this report. See Troubleshooting Build Report for more information. - Use the following Renviron settings to reproduce errors and warnings. - If 'R CMD check' started to fail recently on the Linux builder(s) over a missing dependency, add the missing dependency to 'Suggests:' in your DESCRIPTION file. See Renviron.bioc for more information. - See Martin Grigorov's blog post for how to debug Linux ARM64 related issues on a x86_64 host. |
| Package: MANOR |
| Version: 1.78.0 |
| Command: /home/biocbuild/R/R/bin/R CMD check --install=check:MANOR.install-out.txt --library=/home/biocbuild/R/R/site-library --no-vignettes --timings MANOR_1.78.0.tar.gz |
| StartedAt: 2024-11-20 09:26:48 -0000 (Wed, 20 Nov 2024) |
| EndedAt: 2024-11-20 09:27:31 -0000 (Wed, 20 Nov 2024) |
| EllapsedTime: 43.1 seconds |
| RetCode: 0 |
| Status: WARNINGS |
| CheckDir: MANOR.Rcheck |
| Warnings: 2 |
##############################################################################
##############################################################################
###
### Running command:
###
### /home/biocbuild/R/R/bin/R CMD check --install=check:MANOR.install-out.txt --library=/home/biocbuild/R/R/site-library --no-vignettes --timings MANOR_1.78.0.tar.gz
###
##############################################################################
##############################################################################
* using log directory ‘/home/biocbuild/bbs-3.20-bioc/meat/MANOR.Rcheck’
* using R version 4.4.1 (2024-06-14)
* using platform: aarch64-unknown-linux-gnu
* R was compiled by
gcc (GCC) 12.2.1 20220819 (openEuler 12.2.1-14)
GNU Fortran (GCC) 10.3.1
* running under: openEuler 22.03 (LTS-SP1)
* using session charset: UTF-8
* using option ‘--no-vignettes’
* checking for file ‘MANOR/DESCRIPTION’ ... OK
* this is package ‘MANOR’ version ‘1.78.0’
* package encoding: UTF-8
* checking package namespace information ... OK
* checking package dependencies ... OK
* checking if this is a source package ... OK
* checking if there is a namespace ... OK
* checking for hidden files and directories ... OK
* checking for portable file names ... OK
* checking for sufficient/correct file permissions ... OK
* checking whether package ‘MANOR’ can be installed ... WARNING
Found the following significant warnings:
nem_alg.c:801:7: warning: '__builtin_strncpy' output may be truncated copying 100 bytes from a string of length 100 [-Wstringop-truncation]
See ‘/home/biocbuild/bbs-3.20-bioc/meat/MANOR.Rcheck/00install.out’ for details.
* used C compiler: ‘gcc (conda-forge gcc 14.2.0-1) 14.2.0’
* checking installed package size ... OK
* checking package directory ... OK
* checking ‘build’ directory ... OK
* checking DESCRIPTION meta-information ... OK
* checking top-level files ... OK
* checking for left-over files ... OK
* checking index information ... OK
* checking package subdirectories ... OK
* checking code files for non-ASCII characters ... OK
* checking R files for syntax errors ... OK
* checking whether the package can be loaded ... OK
* checking whether the package can be loaded with stated dependencies ... OK
* checking whether the package can be unloaded cleanly ... OK
* checking whether the namespace can be loaded with stated dependencies ... OK
* checking whether the namespace can be unloaded cleanly ... OK
* checking loading without being on the library search path ... OK
* checking dependencies in R code ... OK
* checking S3 generic/method consistency ... OK
* checking replacement functions ... OK
* checking foreign function calls ... OK
* checking R code for possible problems ... OK
* checking Rd files ... NOTE
checkRd: (-1) genome.plot.Rd:14: Escaped LaTeX specials: \$
checkRd: (-1) spatial.Rd:33-40: Lost braces in \itemize; meant \describe ?
checkRd: (-1) spatial.Rd:41: Lost braces in \itemize; meant \describe ?
* checking Rd metadata ... OK
* checking Rd cross-references ... OK
* checking for missing documentation entries ... OK
* checking for code/documentation mismatches ... OK
* checking Rd \usage sections ... OK
* checking Rd contents ... OK
* checking for unstated dependencies in examples ... OK
* checking contents of ‘data’ directory ... OK
* checking data for non-ASCII characters ... OK
* checking data for ASCII and uncompressed saves ... OK
* checking line endings in C/C++/Fortran sources/headers ... OK
* checking compiled code ... WARNING
Note: information on .o files is not available
File ‘/home/biocbuild/R/R-4.4.1/site-library/MANOR/libs/MANOR.so’:
Found ‘sprintf’, possibly from ‘sprintf’ (C)
Compiled code should not call entry points which might terminate R nor
write to stdout/stderr instead of to the console, nor use Fortran I/O
nor system RNGs nor [v]sprintf. The detected symbols are linked into
the code but might come from libraries and not actually be called.
See ‘Writing portable packages’ in the ‘Writing R Extensions’ manual.
* checking files in ‘vignettes’ ... OK
* checking examples ... OK
* checking for unstated dependencies in vignettes ... OK
* checking package vignettes ... OK
* checking running R code from vignettes ... SKIPPED
* checking re-building of vignette outputs ... SKIPPED
* checking PDF version of manual ... OK
* DONE
Status: 2 WARNINGs, 1 NOTE
See
‘/home/biocbuild/bbs-3.20-bioc/meat/MANOR.Rcheck/00check.log’
for details.
MANOR.Rcheck/00install.out
##############################################################################
##############################################################################
###
### Running command:
###
### /home/biocbuild/R/R/bin/R CMD INSTALL MANOR
###
##############################################################################
##############################################################################
* installing to library ‘/home/biocbuild/R/R-4.4.1/site-library’
* installing *source* package ‘MANOR’ ...
** using staged installation
** libs
using C compiler: ‘gcc (conda-forge gcc 14.2.0-1) 14.2.0’
gcc -I"/home/biocbuild/R/R-4.4.1/include" -DNDEBUG -I/usr/local/include -fPIC -g -O2 -Wall -c Rnem_arg.c -o Rnem_arg.o
gcc -I"/home/biocbuild/R/R-4.4.1/include" -DNDEBUG -I/usr/local/include -fPIC -g -O2 -Wall -c Rnem_exe.c -o Rnem_exe.o
gcc -I"/home/biocbuild/R/R-4.4.1/include" -DNDEBUG -I/usr/local/include -fPIC -g -O2 -Wall -c exememo.c -o exememo.o
exememo.c: In function 'GenAlloc':
exememo.c:40:5: warning: 'msg' may be used uninitialized [-Wmaybe-uninitialized]
40 | sprintf(msg, "Fatal: in %s, no memory for %s (%ld elements size %ld)\n",
| ^~~~~~~~~~~~~~~~~~~~~~~~~~~~~~~~~~~~~~~~~~~~~~~~~~~~~~~~~~~~~~~~~~~~~~~~
41 | where, what, nelem, elsize);
| ~~~~~~~~~~~~~~~~~~~~~~~~~~~
exememo.c:39:11: note: 'msg' was declared here
39 | char* msg;
| ^~~
gcc -I"/home/biocbuild/R/R-4.4.1/include" -DNDEBUG -I/usr/local/include -fPIC -g -O2 -Wall -c nem_alg.c -o nem_alg.o
nem_alg.c: In function 'ClassifyByNem':
nem_alg.c:801:7: warning: '__builtin_strncpy' output may be truncated copying 100 bytes from a string of length 100 [-Wstringop-truncation]
801 | strncpy( namecri, NemParaP->OutBaseName, LEN_FILENAME ) ;
| ^~~~~~~
gcc -I"/home/biocbuild/R/R-4.4.1/include" -DNDEBUG -I/usr/local/include -fPIC -g -O2 -Wall -c nem_hlp.c -o nem_hlp.o
gcc -I"/home/biocbuild/R/R-4.4.1/include" -DNDEBUG -I/usr/local/include -fPIC -g -O2 -Wall -c nem_mod.c -o nem_mod.o
gcc -I"/home/biocbuild/R/R-4.4.1/include" -DNDEBUG -I/usr/local/include -fPIC -g -O2 -Wall -c nem_nei.c -o nem_nei.o
gcc -I"/home/biocbuild/R/R-4.4.1/include" -DNDEBUG -I/usr/local/include -fPIC -g -O2 -Wall -c nem_rnd.c -o nem_rnd.o
gcc -I"/home/biocbuild/R/R-4.4.1/include" -DNDEBUG -I/usr/local/include -fPIC -g -O2 -Wall -c nem_ver.c -o nem_ver.o
gcc -I"/home/biocbuild/R/R-4.4.1/include" -DNDEBUG -I/usr/local/include -fPIC -g -O2 -Wall -c registerDynamicSymbols.c -o registerDynamicSymbols.o
gcc -shared -L/home/biocbuild/R/R-4.4.1/lib -L/usr/local/lib -o MANOR.so Rnem_arg.o Rnem_exe.o exememo.o nem_alg.o nem_hlp.o nem_mod.o nem_nei.o nem_rnd.o nem_ver.o registerDynamicSymbols.o -L/home/biocbuild/R/R-4.4.1/lib -lR
installing to /home/biocbuild/R/R-4.4.1/site-library/00LOCK-MANOR/00new/MANOR/libs
** R
** data
** inst
** byte-compile and prepare package for lazy loading
** help
*** installing help indices
** building package indices
** installing vignettes
** testing if installed package can be loaded from temporary location
** checking absolute paths in shared objects and dynamic libraries
** testing if installed package can be loaded from final location
** testing if installed package keeps a record of temporary installation path
* DONE (MANOR)
MANOR.Rcheck/MANOR-Ex.timings
| name | user | system | elapsed | |
| arrayTrend | 0.374 | 0.012 | 0.386 | |
| detectSB | 0.350 | 0.004 | 0.354 | |
| flag.arrayCGH | 1.145 | 0.016 | 1.163 | |
| flag.summary | 0.102 | 0.012 | 0.114 | |
| flags | 0.101 | 0.008 | 0.109 | |
| genome.plot | 0.444 | 0.048 | 0.493 | |
| import | 0.159 | 0.020 | 0.181 | |
| nem | 1.308 | 0.036 | 1.346 | |
| norm | 4.143 | 0.104 | 4.255 | |
| qscore.arrayCGH | 0.097 | 0.000 | 0.097 | |
| qscore.summary | 0.444 | 0.012 | 0.457 | |
| qscores | 0.433 | 0.016 | 0.450 | |
| report.plot | 1.118 | 0.008 | 1.128 | |
| sort | 0.339 | 0.008 | 0.347 | |
| spatial | 0.293 | 0.000 | 0.295 | |
| to.flag | 0.383 | 0.008 | 0.392 | |