| Back to Multiple platform build/check report for BioC 3.20: simplified long | 
 | 
This page was generated on 2025-04-02 19:35 -0400 (Wed, 02 Apr 2025).
| Hostname | OS | Arch (*) | R version | Installed pkgs | 
|---|---|---|---|---|
| nebbiolo2 | Linux (Ubuntu 24.04.1 LTS) | x86_64 | 4.4.3 (2025-02-28) -- "Trophy Case" | 4764 | 
| palomino8 | Windows Server 2022 Datacenter | x64 | 4.4.3 (2025-02-28 ucrt) -- "Trophy Case" | 4495 | 
| merida1 | macOS 12.7.5 Monterey | x86_64 | 4.4.3 (2025-02-28) -- "Trophy Case" | 4522 | 
| kjohnson1 | macOS 13.6.6 Ventura | arm64 | 4.4.3 (2025-02-28) -- "Trophy Case" | 4449 | 
| taishan | Linux (openEuler 24.03 LTS) | aarch64 | 4.4.3 (2025-02-28) -- "Trophy Case" | 4426 | 
| Click on any hostname to see more info about the system (e.g. compilers) (*) as reported by 'uname -p', except on Windows and Mac OS X | ||||
| Package 1096/2289 | Hostname | OS / Arch | INSTALL | BUILD | CHECK | BUILD BIN | ||||||||
| LedPred 1.40.0  (landing page) Aitor Gonzalez 
 | nebbiolo2 | Linux (Ubuntu 24.04.1 LTS) / x86_64 | OK | OK | OK |  | ||||||||
| palomino8 | Windows Server 2022 Datacenter / x64 | OK | OK | OK | OK |  | ||||||||
| merida1 | macOS 12.7.5 Monterey / x86_64 | OK | OK | OK | OK |  | ||||||||
| kjohnson1 | macOS 13.6.6 Ventura / arm64 | OK | OK | OK | OK |  | ||||||||
| taishan | Linux (openEuler 24.03 LTS) / aarch64 | OK | OK | WARNINGS | ||||||||||
| To the developers/maintainers of the LedPred package: - Allow up to 24 hours (and sometimes 48 hours) for your latest push to git@git.bioconductor.org:packages/LedPred.git to reflect on this report. See Troubleshooting Build Report for more information. - Use the following Renviron settings to reproduce errors and warnings. - If 'R CMD check' started to fail recently on the Linux builder(s) over a missing dependency, add the missing dependency to 'Suggests:' in your DESCRIPTION file. See Renviron.bioc for more information. - See Martin Grigorov's blog post for how to debug Linux ARM64 related issues on a x86_64 host. | 
| Package: LedPred | 
| Version: 1.40.0 | 
| Command: /home/biocbuild/R/R/bin/R CMD check --install=check:LedPred.install-out.txt --library=/home/biocbuild/R/R/site-library --no-vignettes --timings LedPred_1.40.0.tar.gz | 
| StartedAt: 2025-04-01 07:48:15 -0000 (Tue, 01 Apr 2025) | 
| EndedAt: 2025-04-01 07:49:10 -0000 (Tue, 01 Apr 2025) | 
| EllapsedTime: 55.1 seconds | 
| RetCode: 0 | 
| Status: WARNINGS | 
| CheckDir: LedPred.Rcheck | 
| Warnings: 1 | 
##############################################################################
##############################################################################
###
### Running command:
###
###   /home/biocbuild/R/R/bin/R CMD check --install=check:LedPred.install-out.txt --library=/home/biocbuild/R/R/site-library --no-vignettes --timings LedPred_1.40.0.tar.gz
###
##############################################################################
##############################################################################
* using log directory ‘/home/biocbuild/bbs-3.20-bioc/meat/LedPred.Rcheck’
* using R version 4.4.3 (2025-02-28)
* using platform: aarch64-unknown-linux-gnu
* R was compiled by
    aarch64-unknown-linux-gnu-gcc (GCC) 14.2.0
    GNU Fortran (GCC) 14.2.0
* running under: openEuler 24.03 (LTS)
* using session charset: UTF-8
* using option ‘--no-vignettes’
* checking for file ‘LedPred/DESCRIPTION’ ... OK
* this is package ‘LedPred’ version ‘1.40.0’
* checking package namespace information ... OK
* checking package dependencies ... OK
* checking if this is a source package ... OK
* checking if there is a namespace ... OK
* checking for hidden files and directories ... OK
* checking for portable file names ... OK
* checking for sufficient/correct file permissions ... OK
* checking whether package ‘LedPred’ can be installed ... WARNING
Found the following significant warnings:
  Warning: no DISPLAY variable so Tk is not available
See ‘/home/biocbuild/bbs-3.20-bioc/meat/LedPred.Rcheck/00install.out’ for details.
* checking installed package size ... OK
* checking package directory ... OK
* checking ‘build’ directory ... OK
* checking DESCRIPTION meta-information ... NOTE
License components which are templates and need '+ file LICENSE':
  MIT
* checking top-level files ... OK
* checking for left-over files ... OK
* checking index information ... OK
* checking package subdirectories ... NOTE
Problems with news in ‘NEWS’:
  Cannot process chunk/lines:
    Hotfix: Fixed sign of prediction
  Cannot process chunk/lines:
    Fixed tests
  Cannot process chunk/lines:
    Large rewritten of core architecture using object-oriented R6 classes. There are almost not changes at the user-level
  Cannot process chunk/lines:
    July 20, 2015
    ## Release Notes
    - Some bug fixes
    ## Bug fixes
    - One shot LedPred did not save model
* checking code files for non-ASCII characters ... OK
* checking R files for syntax errors ... OK
* checking whether the package can be loaded ... OK
* checking whether the package can be loaded with stated dependencies ... OK
* checking whether the package can be unloaded cleanly ... OK
* checking whether the namespace can be loaded with stated dependencies ... OK
* checking whether the namespace can be unloaded cleanly ... OK
* checking loading without being on the library search path ... OK
* checking dependencies in R code ... OK
* checking S3 generic/method consistency ... OK
* checking replacement functions ... OK
* checking foreign function calls ... OK
* checking R code for possible problems ... NOTE
.plotCostGamma: no visible global function definition for ‘title’
.plotCostGamma: no visible global function definition for ‘points’
mapFeaturesToCRMs: no visible global function definition for
  ‘write.table’
mapFeaturesToCRMs: no visible global function definition for
  ‘read.table’
mapFeaturesToCRMs: no visible global function definition for
  ‘download.file’
scoreData: no visible global function definition for ‘write.table’
Undefined global functions or variables:
  download.file points read.table title write.table
Consider adding
  importFrom("graphics", "points", "title")
  importFrom("utils", "download.file", "read.table", "write.table")
to your NAMESPACE file.
* checking Rd files ... OK
* checking Rd metadata ... OK
* checking Rd cross-references ... OK
* checking for missing documentation entries ... OK
* checking for code/documentation mismatches ... OK
* checking Rd \usage sections ... OK
* checking Rd contents ... OK
* checking for unstated dependencies in examples ... OK
* checking contents of ‘data’ directory ... OK
* checking data for non-ASCII characters ... OK
* checking LazyData ... OK
* checking data for ASCII and uncompressed saves ... OK
* checking installed files from ‘inst/doc’ ... OK
* checking files in ‘vignettes’ ... OK
* checking examples ... OK
* checking for unstated dependencies in ‘tests’ ... OK
* checking tests ...
  Running ‘testthat.R’
 OK
* checking for unstated dependencies in vignettes ... OK
* checking package vignettes ... OK
* checking running R code from vignettes ... SKIPPED
* checking re-building of vignette outputs ... SKIPPED
* checking PDF version of manual ... OK
* DONE
Status: 1 WARNING, 3 NOTEs
See
  ‘/home/biocbuild/bbs-3.20-bioc/meat/LedPred.Rcheck/00check.log’
for details.
LedPred.Rcheck/00install.out
############################################################################## ############################################################################## ### ### Running command: ### ### /home/biocbuild/R/R/bin/R CMD INSTALL LedPred ### ############################################################################## ############################################################################## * installing to library ‘/home/biocbuild/R/R-4.4.3/site-library’ * installing *source* package ‘LedPred’ ... ** using staged installation ** R ** data *** moving datasets to lazyload DB ** inst ** byte-compile and prepare package for lazy loading Warning: no DISPLAY variable so Tk is not available ** help *** installing help indices ** building package indices ** installing vignettes ** testing if installed package can be loaded from temporary location Warning: no DISPLAY variable so Tk is not available ** testing if installed package can be loaded from final location Warning: no DISPLAY variable so Tk is not available ** testing if installed package keeps a record of temporary installation path * DONE (LedPred)
LedPred.Rcheck/tests/testthat.Rout
R version 4.4.3 (2025-02-28) -- "Trophy Case"
Copyright (C) 2025 The R Foundation for Statistical Computing
Platform: aarch64-unknown-linux-gnu
R is free software and comes with ABSOLUTELY NO WARRANTY.
You are welcome to redistribute it under certain conditions.
Type 'license()' or 'licence()' for distribution details.
R is a collaborative project with many contributors.
Type 'contributors()' for more information and
'citation()' on how to cite R or R packages in publications.
Type 'demo()' for some demos, 'help()' for on-line help, or
'help.start()' for an HTML browser interface to help.
Type 'q()' to quit R.
> library(testthat)
> library(LedPred)
Loading required package: e1071
Warning message:
no DISPLAY variable so Tk is not available 
> 
> test_check("LedPred")
[ FAIL 0 | WARN 1 | SKIP 0 | PASS 45 ]
[ FAIL 0 | WARN 1 | SKIP 0 | PASS 45 ]
> 
> proc.time()
   user  system elapsed 
 13.757  11.175  10.607 
LedPred.Rcheck/LedPred-Ex.timings
| name | user | system | elapsed | |
| LedPred | 0.019 | 0.000 | 0.019 | |
| createModel | 0.002 | 0.000 | 0.002 | |
| evaluateModelPerformance | 0.002 | 0.000 | 0.001 | |
| mapFeaturesToCRMs | 0 | 0 | 0 | |
| mcTune | 0.001 | 0.000 | 0.001 | |
| rankFeatures | 0.001 | 0.000 | 0.001 | |
| scoreData | 0.002 | 0.000 | 0.002 | |
| tuneFeatureNb | 0.002 | 0.000 | 0.002 | |