| Back to Multiple platform build/check report for BioC 3.20: simplified long |
|
This page was generated on 2025-04-02 19:35 -0400 (Wed, 02 Apr 2025).
| Hostname | OS | Arch (*) | R version | Installed pkgs |
|---|---|---|---|---|
| nebbiolo2 | Linux (Ubuntu 24.04.1 LTS) | x86_64 | 4.4.3 (2025-02-28) -- "Trophy Case" | 4764 |
| palomino8 | Windows Server 2022 Datacenter | x64 | 4.4.3 (2025-02-28 ucrt) -- "Trophy Case" | 4495 |
| merida1 | macOS 12.7.5 Monterey | x86_64 | 4.4.3 (2025-02-28) -- "Trophy Case" | 4522 |
| kjohnson1 | macOS 13.6.6 Ventura | arm64 | 4.4.3 (2025-02-28) -- "Trophy Case" | 4449 |
| taishan | Linux (openEuler 24.03 LTS) | aarch64 | 4.4.3 (2025-02-28) -- "Trophy Case" | 4426 |
| Click on any hostname to see more info about the system (e.g. compilers) (*) as reported by 'uname -p', except on Windows and Mac OS X | ||||
| Package 938/2289 | Hostname | OS / Arch | INSTALL | BUILD | CHECK | BUILD BIN | ||||||||
| HDF5Array 1.34.0 (landing page) Hervé Pagès
| nebbiolo2 | Linux (Ubuntu 24.04.1 LTS) / x86_64 | OK | OK | WARNINGS | |||||||||
| palomino8 | Windows Server 2022 Datacenter / x64 | OK | OK | WARNINGS | OK | |||||||||
| merida1 | macOS 12.7.5 Monterey / x86_64 | OK | OK | WARNINGS | OK | |||||||||
| kjohnson1 | macOS 13.6.6 Ventura / arm64 | OK | OK | WARNINGS | OK | |||||||||
| taishan | Linux (openEuler 24.03 LTS) / aarch64 | OK | OK | ERROR | ||||||||||
|
To the developers/maintainers of the HDF5Array package: - Allow up to 24 hours (and sometimes 48 hours) for your latest push to git@git.bioconductor.org:packages/HDF5Array.git to reflect on this report. See Troubleshooting Build Report for more information. - Use the following Renviron settings to reproduce errors and warnings. - If 'R CMD check' started to fail recently on the Linux builder(s) over a missing dependency, add the missing dependency to 'Suggests:' in your DESCRIPTION file. See Renviron.bioc for more information. - See Martin Grigorov's blog post for how to debug Linux ARM64 related issues on a x86_64 host. |
| Package: HDF5Array |
| Version: 1.34.0 |
| Command: /home/biocbuild/R/R/bin/R CMD check --install=check:HDF5Array.install-out.txt --library=/home/biocbuild/R/R/site-library --no-vignettes --timings HDF5Array_1.34.0.tar.gz |
| StartedAt: 2025-04-01 07:16:24 -0000 (Tue, 01 Apr 2025) |
| EndedAt: 2025-04-01 07:20:37 -0000 (Tue, 01 Apr 2025) |
| EllapsedTime: 253.2 seconds |
| RetCode: 1 |
| Status: ERROR |
| CheckDir: HDF5Array.Rcheck |
| Warnings: NA |
##############################################################################
##############################################################################
###
### Running command:
###
### /home/biocbuild/R/R/bin/R CMD check --install=check:HDF5Array.install-out.txt --library=/home/biocbuild/R/R/site-library --no-vignettes --timings HDF5Array_1.34.0.tar.gz
###
##############################################################################
##############################################################################
* using log directory ‘/home/biocbuild/bbs-3.20-bioc/meat/HDF5Array.Rcheck’
* using R version 4.4.3 (2025-02-28)
* using platform: aarch64-unknown-linux-gnu
* R was compiled by
aarch64-unknown-linux-gnu-gcc (GCC) 14.2.0
GNU Fortran (GCC) 14.2.0
* running under: openEuler 24.03 (LTS)
* using session charset: UTF-8
* using option ‘--no-vignettes’
* checking for file ‘HDF5Array/DESCRIPTION’ ... OK
* this is package ‘HDF5Array’ version ‘1.34.0’
* package encoding: UTF-8
* checking package namespace information ... OK
* checking package dependencies ... OK
* checking if this is a source package ... OK
* checking if there is a namespace ... OK
* checking for hidden files and directories ... NOTE
Found the following hidden files and directories:
.BBSoptions
These were most likely included in error. See section ‘Package
structure’ in the ‘Writing R Extensions’ manual.
* checking for portable file names ... OK
* checking for sufficient/correct file permissions ... OK
* checking whether package ‘HDF5Array’ can be installed ... OK
* used C compiler: ‘aarch64-unknown-linux-gnu-gcc (GCC) 14.2.0’
* checking installed package size ... NOTE
installed size is 22.6Mb
sub-directories of 1Mb or more:
extdata 7.7Mb
libs 13.9Mb
* checking package directory ... OK
* checking DESCRIPTION meta-information ... OK
* checking top-level files ... OK
* checking for left-over files ... OK
* checking index information ... OK
* checking package subdirectories ... OK
* checking code files for non-ASCII characters ... OK
* checking R files for syntax errors ... OK
* checking whether the package can be loaded ... OK
* checking whether the package can be loaded with stated dependencies ... OK
* checking whether the package can be unloaded cleanly ... OK
* checking whether the namespace can be loaded with stated dependencies ... OK
* checking whether the namespace can be unloaded cleanly ... OK
* checking loading without being on the library search path ... OK
* checking whether startup messages can be suppressed ... OK
* checking dependencies in R code ... NOTE
Unexported object imported by a ':::' call: ‘rhdf5:::h5checktypeOrOpenLocS3’
See the note in ?`:::` about the use of this operator.
* checking S3 generic/method consistency ... OK
* checking replacement functions ... OK
* checking foreign function calls ... OK
* checking R code for possible problems ... OK
* checking Rd files ... OK
* checking Rd metadata ... OK
* checking Rd cross-references ... OK
* checking for missing documentation entries ... OK
* checking for code/documentation mismatches ... OK
* checking Rd \usage sections ... OK
* checking Rd contents ... OK
* checking for unstated dependencies in examples ... OK
* checking line endings in C/C++/Fortran sources/headers ... OK
* checking line endings in Makefiles ... OK
* checking compilation flags in Makevars ... OK
* checking for GNU extensions in Makefiles ... NOTE
GNU make is a SystemRequirements.
* checking for portable use of $(BLAS_LIBS) and $(LAPACK_LIBS) ... OK
* checking use of PKG_*FLAGS in Makefiles ... OK
* checking compiled code ... WARNING
Note: information on .o files is not available
File ‘/home/biocbuild/R/R-4.4.3/site-library/HDF5Array/libs/HDF5Array.so’:
Found ‘abort’, possibly from ‘abort’ (C)
Found ‘exit’, possibly from ‘exit’ (C)
Found ‘printf’, possibly from ‘printf’ (C)
Found ‘rand_r’, possibly from ‘rand_r’ (C)
Found ‘sprintf’, possibly from ‘sprintf’ (C)
Found ‘stderr’, possibly from ‘stderr’ (C)
Found ‘stdout’, possibly from ‘stdout’ (C)
Compiled code should not call entry points which might terminate R nor
write to stdout/stderr instead of to the console, nor use Fortran I/O
nor system RNGs nor [v]sprintf. The detected symbols are linked into
the code but might come from libraries and not actually be called.
See ‘Writing portable packages’ in the ‘Writing R Extensions’ manual.
* checking examples ... ERROR
Running examples in ‘HDF5Array-Ex.R’ failed
The error most likely occurred in:
> base::assign(".ptime", proc.time(), pos = "CheckExEnv")
> ### Name: TENxMatrix-class
> ### Title: 10x Genomics datasets as DelayedMatrix objects
> ### Aliases: class:TENxMatrix TENxMatrix-class TENxMatrix
> ### DelayedArray,TENxMatrixSeed-method nzcount,TENxMatrix-method
> ### read_sparse_block,TENxMatrix-method
> ### extractNonzeroDataByCol,TENxMatrix-method
> ### Keywords: classes methods
>
> ### ** Examples
>
> ## ---------------------------------------------------------------------
> ## SIMPLE TENxMatrix EXAMPLE
> ## ---------------------------------------------------------------------
>
> sm <- Matrix::rsparsematrix(10, 7, density=0.3)
> M <- writeTENxMatrix(sm)
> M
<10 x 7> sparse TENxMatrix object of type "double":
[,1] [,2] [,3] ... [,6] [,7]
[1,] 1.100 0.000 0.075 . 0.920 0.000
[2,] 0.000 0.000 0.000 . 0.000 0.000
[3,] 0.000 0.000 0.000 . 0.000 -0.100
[4,] 0.000 0.940 0.000 . -0.056 0.000
[5,] 0.000 1.400 0.000 . 0.000 0.000
[6,] 0.000 0.000 0.000 . 0.000 0.000
[7,] -0.480 0.000 0.000 . 0.000 0.000
[8,] 0.000 0.820 0.000 . 0.000 -0.620
[9,] 0.420 0.000 0.000 . 0.590 0.000
[10,] -1.500 0.000 0.000 . -2.000 0.000
>
> class(M) # TENxMatrix
[1] "TENxMatrix"
attr(,"package")
[1] "HDF5Array"
> is(M, "DelayedMatrix") # TRUE
[1] TRUE
>
> seed(M)
<10 x 7> sparse TENxMatrixSeed object of type "double":
# dirname: /home/biocbuild/tmp/RtmpZtUjvA/HDF5Array_dump
# basename: auto3127c3431e5e8a.h5
# group: /HDF5ArrayAUTO00001
> class(seed(M)) # TENxMatrixSeed
[1] "TENxMatrixSeed"
attr(,"package")
[1] "HDF5Array"
>
> rhdf5::h5ls(path(M))
group name otype dclass dim
0 / HDF5ArrayAUTO00001 H5I_GROUP
1 /HDF5ArrayAUTO00001 data H5I_DATASET FLOAT 21
2 /HDF5ArrayAUTO00001 indices H5I_DATASET INTEGER 21
3 /HDF5ArrayAUTO00001 indptr H5I_DATASET INTEGER 8
4 /HDF5ArrayAUTO00001 shape H5I_DATASET INTEGER 2
>
> is_sparse(M) # TRUE
[1] TRUE
>
> ## Use coercion to load the full dataset into memory:
> as.matrix(M) # as ordinary array (usually not recommended)
[,1] [,2] [,3] [,4] [,5] [,6] [,7]
[1,] 1.10 0.00 0.075 0.000 0.000 0.920 0.00
[2,] 0.00 0.00 0.000 0.000 0.620 0.000 0.00
[3,] 0.00 0.00 0.000 0.780 -0.016 0.000 -0.10
[4,] 0.00 0.94 0.000 -0.045 0.000 -0.056 0.00
[5,] 0.00 1.40 0.000 0.000 0.000 0.000 0.00
[6,] 0.00 0.00 0.000 0.000 -0.160 0.000 0.00
[7,] -0.48 0.00 0.000 0.390 0.000 0.000 0.00
[8,] 0.00 0.82 0.000 0.000 0.000 0.000 -0.62
[9,] 0.42 0.00 0.000 -2.200 0.000 0.590 0.00
[10,] -1.50 0.00 0.000 0.000 0.000 -2.000 0.00
> as(M, "dgCMatrix") # as dgCMatrix (brings back 'sm')
10 x 7 sparse Matrix of class "dgCMatrix"
[1,] 1.10 . 0.075 . . 0.920 .
[2,] . . . . 0.620 . .
[3,] . . . 0.780 -0.016 . -0.10
[4,] . 0.94 . -0.045 . -0.056 .
[5,] . 1.40 . . . . .
[6,] . . . . -0.160 . .
[7,] -0.48 . . 0.390 . . .
[8,] . 0.82 . . . . -0.62
[9,] 0.42 . . -2.200 . 0.590 .
[10,] -1.50 . . . . -2.000 .
> as(M, "SparseArray") # as SparseArray object (most efficient)
<10 x 7 SparseMatrix> of type "double" [nzcount=21 (30%)]:
[,1] [,2] [,3] ... [,6] [,7]
[1,] 1.100 0.000 0.075 . 0.920 0.000
[2,] 0.000 0.000 0.000 . 0.000 0.000
[3,] 0.000 0.000 0.000 . 0.000 -0.100
[4,] 0.000 0.940 0.000 . -0.056 0.000
[5,] 0.000 1.400 0.000 . 0.000 0.000
[6,] 0.000 0.000 0.000 . 0.000 0.000
[7,] -0.480 0.000 0.000 . 0.000 0.000
[8,] 0.000 0.820 0.000 . 0.000 -0.620
[9,] 0.420 0.000 0.000 . 0.590 0.000
[10,] -1.500 0.000 0.000 . -2.000 0.000
> SparseArray(M) # equivalent to 'as(M, "SparseArray")'
<10 x 7 SparseMatrix> of type "double" [nzcount=21 (30%)]:
[,1] [,2] [,3] ... [,6] [,7]
[1,] 1.100 0.000 0.075 . 0.920 0.000
[2,] 0.000 0.000 0.000 . 0.000 0.000
[3,] 0.000 0.000 0.000 . 0.000 -0.100
[4,] 0.000 0.940 0.000 . -0.056 0.000
[5,] 0.000 1.400 0.000 . 0.000 0.000
[6,] 0.000 0.000 0.000 . 0.000 0.000
[7,] -0.480 0.000 0.000 . 0.000 0.000
[8,] 0.000 0.820 0.000 . 0.000 -0.620
[9,] 0.420 0.000 0.000 . 0.590 0.000
[10,] -1.500 0.000 0.000 . -2.000 0.000
>
> ## ---------------------------------------------------------------------
> ## THE "1.3 Million Brain Cell Dataset" AS A DelayedMatrix OBJECT
> ## ---------------------------------------------------------------------
>
> ## The 1.3 Million Brain Cell Dataset from 10x Genomics is available
> ## via ExperimentHub:
>
> library(ExperimentHub)
Loading required package: AnnotationHub
Loading required package: BiocFileCache
Loading required package: dbplyr
> hub <- ExperimentHub()
> query(hub, "TENxBrainData")
ExperimentHub with 8 records
# snapshotDate(): 2024-10-24
# $dataprovider: 10X Genomics
# $species: Mus musculus
# $rdataclass: character
# additional mcols(): taxonomyid, genome, description,
# coordinate_1_based, maintainer, rdatadateadded, preparerclass, tags,
# rdatapath, sourceurl, sourcetype
# retrieve records with, e.g., 'object[["EH1039"]]'
title
EH1039 | Brain scRNA-seq data, 'HDF5-based 10X Genomics' format
EH1040 | Brain scRNA-seq data, 'dense matrix' format
EH1041 | Brain scRNA-seq data, sample (column) annotation
EH1042 | Brain scRNA-seq data, gene (row) annotation
EH1689 | Brain scRNA-seq data 20k subset, 'HDF5-based 10x Genomics' format
EH1690 | Brain scRNA-seq data 20k subset, 'dense matrix' format
EH1691 | Brain scRNA-seq data 20k subset, sample (column) annotation
EH1692 | Brain scRNA-seq data 20k subset, gene (row) annotation
> fname <- hub[["EH1039"]]
see ?TENxBrainData and browseVignettes('TENxBrainData') for documentation
loading from cache
>
> ## 'fname' is an HDF5 file. Use h5ls() to list its content:
> h5ls(fname)
Error in H5Fopen(file, flags = flags, fapl = fapl, native = native) :
HDF5. File accessibility. Unable to open file.
Calls: h5ls -> <Anonymous> -> h5checktypeOrOpenLoc -> H5Fopen
Execution halted
* checking for unstated dependencies in ‘tests’ ... OK
* checking tests ...
Running ‘run_unitTests.R’
OK
* checking PDF version of manual ... OK
* DONE
Status: 1 ERROR, 1 WARNING, 4 NOTEs
See
‘/home/biocbuild/bbs-3.20-bioc/meat/HDF5Array.Rcheck/00check.log’
for details.
HDF5Array.Rcheck/00install.out
############################################################################## ############################################################################## ### ### Running command: ### ### /home/biocbuild/R/R/bin/R CMD INSTALL HDF5Array ### ############################################################################## ############################################################################## * installing to library ‘/home/biocbuild/R/R-4.4.3/site-library’ * installing *source* package ‘HDF5Array’ ... ** using staged installation ** libs using C compiler: ‘aarch64-unknown-linux-gnu-gcc (GCC) 14.2.0’ /opt/ohpc/pub/compiler/gcc/14.2.0/bin/aarch64-unknown-linux-gnu-gcc -I"/home/biocbuild/R/R-4.4.3/include" -DNDEBUG -I'/home/biocbuild/R/R-4.4.3/site-library/S4Vectors/include' -I'/home/biocbuild/R/R-4.4.3/site-library/Rhdf5lib/include' -I/usr/local/include -fPIC -g -O2 -Wall -c S4Vectors_stubs.c -o S4Vectors_stubs.o /opt/ohpc/pub/compiler/gcc/14.2.0/bin/aarch64-unknown-linux-gnu-gcc -I"/home/biocbuild/R/R-4.4.3/include" -DNDEBUG -I'/home/biocbuild/R/R-4.4.3/site-library/S4Vectors/include' -I'/home/biocbuild/R/R-4.4.3/site-library/Rhdf5lib/include' -I/usr/local/include -fPIC -g -O2 -Wall -c H5File.c -o H5File.o /opt/ohpc/pub/compiler/gcc/14.2.0/bin/aarch64-unknown-linux-gnu-gcc -I"/home/biocbuild/R/R-4.4.3/include" -DNDEBUG -I'/home/biocbuild/R/R-4.4.3/site-library/S4Vectors/include' -I'/home/biocbuild/R/R-4.4.3/site-library/Rhdf5lib/include' -I/usr/local/include -fPIC -g -O2 -Wall -c global_errmsg_buf.c -o global_errmsg_buf.o /opt/ohpc/pub/compiler/gcc/14.2.0/bin/aarch64-unknown-linux-gnu-gcc -I"/home/biocbuild/R/R-4.4.3/include" -DNDEBUG -I'/home/biocbuild/R/R-4.4.3/site-library/S4Vectors/include' -I'/home/biocbuild/R/R-4.4.3/site-library/Rhdf5lib/include' -I/usr/local/include -fPIC -g -O2 -Wall -c H5DSetDescriptor.c -o H5DSetDescriptor.o /opt/ohpc/pub/compiler/gcc/14.2.0/bin/aarch64-unknown-linux-gnu-gcc -I"/home/biocbuild/R/R-4.4.3/include" -DNDEBUG -I'/home/biocbuild/R/R-4.4.3/site-library/S4Vectors/include' -I'/home/biocbuild/R/R-4.4.3/site-library/Rhdf5lib/include' -I/usr/local/include -fPIC -g -O2 -Wall -c h5dimscales.c -o h5dimscales.o /opt/ohpc/pub/compiler/gcc/14.2.0/bin/aarch64-unknown-linux-gnu-gcc -I"/home/biocbuild/R/R-4.4.3/include" -DNDEBUG -I'/home/biocbuild/R/R-4.4.3/site-library/S4Vectors/include' -I'/home/biocbuild/R/R-4.4.3/site-library/Rhdf5lib/include' -I/usr/local/include -fPIC -g -O2 -Wall -c uaselection.c -o uaselection.o /opt/ohpc/pub/compiler/gcc/14.2.0/bin/aarch64-unknown-linux-gnu-gcc -I"/home/biocbuild/R/R-4.4.3/include" -DNDEBUG -I'/home/biocbuild/R/R-4.4.3/site-library/S4Vectors/include' -I'/home/biocbuild/R/R-4.4.3/site-library/Rhdf5lib/include' -I/usr/local/include -fPIC -g -O2 -Wall -c h5mread_helpers.c -o h5mread_helpers.o /opt/ohpc/pub/compiler/gcc/14.2.0/bin/aarch64-unknown-linux-gnu-gcc -I"/home/biocbuild/R/R-4.4.3/include" -DNDEBUG -I'/home/biocbuild/R/R-4.4.3/site-library/S4Vectors/include' -I'/home/biocbuild/R/R-4.4.3/site-library/Rhdf5lib/include' -I/usr/local/include -fPIC -g -O2 -Wall -c h5mread_startscounts.c -o h5mread_startscounts.o /opt/ohpc/pub/compiler/gcc/14.2.0/bin/aarch64-unknown-linux-gnu-gcc -I"/home/biocbuild/R/R-4.4.3/include" -DNDEBUG -I'/home/biocbuild/R/R-4.4.3/site-library/S4Vectors/include' -I'/home/biocbuild/R/R-4.4.3/site-library/Rhdf5lib/include' -I/usr/local/include -fPIC -g -O2 -Wall -c ChunkIterator.c -o ChunkIterator.o /opt/ohpc/pub/compiler/gcc/14.2.0/bin/aarch64-unknown-linux-gnu-gcc -I"/home/biocbuild/R/R-4.4.3/include" -DNDEBUG -I'/home/biocbuild/R/R-4.4.3/site-library/S4Vectors/include' -I'/home/biocbuild/R/R-4.4.3/site-library/Rhdf5lib/include' -I/usr/local/include -fPIC -g -O2 -Wall -c h5mread_index.c -o h5mread_index.o /opt/ohpc/pub/compiler/gcc/14.2.0/bin/aarch64-unknown-linux-gnu-gcc -I"/home/biocbuild/R/R-4.4.3/include" -DNDEBUG -I'/home/biocbuild/R/R-4.4.3/site-library/S4Vectors/include' -I'/home/biocbuild/R/R-4.4.3/site-library/Rhdf5lib/include' -I/usr/local/include -fPIC -g -O2 -Wall -c h5mread_sparse.c -o h5mread_sparse.o /opt/ohpc/pub/compiler/gcc/14.2.0/bin/aarch64-unknown-linux-gnu-gcc -I"/home/biocbuild/R/R-4.4.3/include" -DNDEBUG -I'/home/biocbuild/R/R-4.4.3/site-library/S4Vectors/include' -I'/home/biocbuild/R/R-4.4.3/site-library/Rhdf5lib/include' -I/usr/local/include -fPIC -g -O2 -Wall -c h5mread.c -o h5mread.o /opt/ohpc/pub/compiler/gcc/14.2.0/bin/aarch64-unknown-linux-gnu-gcc -I"/home/biocbuild/R/R-4.4.3/include" -DNDEBUG -I'/home/biocbuild/R/R-4.4.3/site-library/S4Vectors/include' -I'/home/biocbuild/R/R-4.4.3/site-library/Rhdf5lib/include' -I/usr/local/include -fPIC -g -O2 -Wall -c h5summarize.c -o h5summarize.o /opt/ohpc/pub/compiler/gcc/14.2.0/bin/aarch64-unknown-linux-gnu-gcc -I"/home/biocbuild/R/R-4.4.3/include" -DNDEBUG -I'/home/biocbuild/R/R-4.4.3/site-library/S4Vectors/include' -I'/home/biocbuild/R/R-4.4.3/site-library/Rhdf5lib/include' -I/usr/local/include -fPIC -g -O2 -Wall -c R_init_HDF5Array.c -o R_init_HDF5Array.o /opt/ohpc/pub/compiler/gcc/14.2.0/bin/aarch64-unknown-linux-gnu-gcc -shared -L/home/biocbuild/R/R-4.4.3/lib -L/usr/local/lib -o HDF5Array.so S4Vectors_stubs.o H5File.o global_errmsg_buf.o H5DSetDescriptor.o h5dimscales.o uaselection.o h5mread_helpers.o h5mread_startscounts.o ChunkIterator.o h5mread_index.o h5mread_sparse.o h5mread.o h5summarize.o R_init_HDF5Array.o /home/biocbuild/R/R-4.4.3/site-library/Rhdf5lib/lib/libhdf5_hl.a /home/biocbuild/R/R-4.4.3/site-library/Rhdf5lib/lib/libhdf5.a -L/home/biocbuild/R/R-4.4.3/site-library/Rhdf5lib/lib -lcrypto -lcurl -lsz -laec -lz -ldl -lm -L/home/biocbuild/R/R-4.4.3/lib -lR installing to /home/biocbuild/R/R-4.4.3/site-library/00LOCK-HDF5Array/00new/HDF5Array/libs ** R ** inst ** byte-compile and prepare package for lazy loading ** help *** installing help indices ** building package indices ** testing if installed package can be loaded from temporary location ** checking absolute paths in shared objects and dynamic libraries ** testing if installed package can be loaded from final location ** testing if installed package keeps a record of temporary installation path * DONE (HDF5Array)
HDF5Array.Rcheck/tests/run_unitTests.Rout
R version 4.4.3 (2025-02-28) -- "Trophy Case"
Copyright (C) 2025 The R Foundation for Statistical Computing
Platform: aarch64-unknown-linux-gnu
R is free software and comes with ABSOLUTELY NO WARRANTY.
You are welcome to redistribute it under certain conditions.
Type 'license()' or 'licence()' for distribution details.
R is a collaborative project with many contributors.
Type 'contributors()' for more information and
'citation()' on how to cite R or R packages in publications.
Type 'demo()' for some demos, 'help()' for on-line help, or
'help.start()' for an HTML browser interface to help.
Type 'q()' to quit R.
> require("HDF5Array") || stop("unable to load HDF5Array package")
Loading required package: HDF5Array
Loading required package: SparseArray
Loading required package: Matrix
Loading required package: BiocGenerics
Attaching package: 'BiocGenerics'
The following objects are masked from 'package:stats':
IQR, mad, sd, var, xtabs
The following objects are masked from 'package:base':
Filter, Find, Map, Position, Reduce, anyDuplicated, aperm, append,
as.data.frame, basename, cbind, colnames, dirname, do.call,
duplicated, eval, evalq, get, grep, grepl, intersect, is.unsorted,
lapply, mapply, match, mget, order, paste, pmax, pmax.int, pmin,
pmin.int, rank, rbind, rownames, sapply, saveRDS, setdiff, table,
tapply, union, unique, unsplit, which.max, which.min
Loading required package: MatrixGenerics
Loading required package: matrixStats
Attaching package: 'MatrixGenerics'
The following objects are masked from 'package:matrixStats':
colAlls, colAnyNAs, colAnys, colAvgsPerRowSet, colCollapse,
colCounts, colCummaxs, colCummins, colCumprods, colCumsums,
colDiffs, colIQRDiffs, colIQRs, colLogSumExps, colMadDiffs,
colMads, colMaxs, colMeans2, colMedians, colMins, colOrderStats,
colProds, colQuantiles, colRanges, colRanks, colSdDiffs, colSds,
colSums2, colTabulates, colVarDiffs, colVars, colWeightedMads,
colWeightedMeans, colWeightedMedians, colWeightedSds,
colWeightedVars, rowAlls, rowAnyNAs, rowAnys, rowAvgsPerColSet,
rowCollapse, rowCounts, rowCummaxs, rowCummins, rowCumprods,
rowCumsums, rowDiffs, rowIQRDiffs, rowIQRs, rowLogSumExps,
rowMadDiffs, rowMads, rowMaxs, rowMeans2, rowMedians, rowMins,
rowOrderStats, rowProds, rowQuantiles, rowRanges, rowRanks,
rowSdDiffs, rowSds, rowSums2, rowTabulates, rowVarDiffs, rowVars,
rowWeightedMads, rowWeightedMeans, rowWeightedMedians,
rowWeightedSds, rowWeightedVars
Loading required package: S4Vectors
Loading required package: stats4
Attaching package: 'S4Vectors'
The following objects are masked from 'package:Matrix':
expand, unname
The following object is masked from 'package:utils':
findMatches
The following objects are masked from 'package:base':
I, expand.grid, unname
Loading required package: S4Arrays
Loading required package: abind
Loading required package: IRanges
Attaching package: 'S4Arrays'
The following object is masked from 'package:abind':
abind
The following object is masked from 'package:base':
rowsum
Loading required package: DelayedArray
Attaching package: 'DelayedArray'
The following objects are masked from 'package:base':
apply, scale, sweep
Loading required package: rhdf5
Attaching package: 'HDF5Array'
The following object is masked from 'package:rhdf5':
h5ls
[1] TRUE
> HDF5Array:::.test()
Loading required package: SummarizedExperiment
Loading required package: GenomicRanges
Loading required package: GenomeInfoDb
Loading required package: Biobase
Welcome to Bioconductor
Vignettes contain introductory material; view with
'browseVignettes()'. To cite Bioconductor, see
'citation("Biobase")', and for packages 'citation("pkgname")'.
Attaching package: 'Biobase'
The following object is masked from 'package:SparseArray':
rowMedians
The following object is masked from 'package:MatrixGenerics':
rowMedians
The following objects are masked from 'package:matrixStats':
anyMissing, rowMedians
automatic block size set to 77 bytes (was 1e+08)
automatic block size set to 1e+08 bytes (was 77)
automatic block size set to 77 bytes (was 1e+08)
automatic block size set to 1e+08 bytes (was 77)
RUNIT TEST PROTOCOL -- Tue Apr 1 07:20:32 2025
***********************************************
Number of test functions: 19
Number of errors: 0
Number of failures: 0
1 Test Suite :
HDF5Array RUnit Tests - 19 test functions, 0 errors, 0 failures
Number of test functions: 19
Number of errors: 0
Number of failures: 0
>
> proc.time()
user system elapsed
57.467 3.041 69.208
HDF5Array.Rcheck/HDF5Array-Ex.timings
| name | user | system | elapsed | |
| H5ADMatrix-class | 3.007 | 0.144 | 3.170 | |
| H5ADMatrixSeed-class | 0.134 | 0.012 | 0.146 | |
| H5File-class | 0.219 | 0.011 | 8.360 | |
| H5SparseMatrix-class | 0.319 | 0.088 | 0.419 | |
| H5SparseMatrixSeed-class | 0.001 | 0.000 | 0.002 | |
| HDF5Array-class | 2.164 | 0.186 | 4.562 | |
| HDF5ArraySeed-class | 0.138 | 0.008 | 0.147 | |
| ReshapedHDF5Array-class | 0.163 | 0.010 | 0.173 | |
| ReshapedHDF5ArraySeed-class | 0.075 | 0.012 | 0.086 | |