| Back to Multiple platform build/check report for BioC 3.20: simplified long |
|
This page was generated on 2025-04-02 19:32 -0400 (Wed, 02 Apr 2025).
| Hostname | OS | Arch (*) | R version | Installed pkgs |
|---|---|---|---|---|
| nebbiolo2 | Linux (Ubuntu 24.04.1 LTS) | x86_64 | 4.4.3 (2025-02-28) -- "Trophy Case" | 4764 |
| palomino8 | Windows Server 2022 Datacenter | x64 | 4.4.3 (2025-02-28 ucrt) -- "Trophy Case" | 4495 |
| merida1 | macOS 12.7.5 Monterey | x86_64 | 4.4.3 (2025-02-28) -- "Trophy Case" | 4522 |
| kjohnson1 | macOS 13.6.6 Ventura | arm64 | 4.4.3 (2025-02-28) -- "Trophy Case" | 4449 |
| taishan | Linux (openEuler 24.03 LTS) | aarch64 | 4.4.3 (2025-02-28) -- "Trophy Case" | 4426 |
| Click on any hostname to see more info about the system (e.g. compilers) (*) as reported by 'uname -p', except on Windows and Mac OS X | ||||
| Package 841/2289 | Hostname | OS / Arch | INSTALL | BUILD | CHECK | BUILD BIN | ||||||||
| GEOquery 2.74.0 (landing page) Sean Davis
| nebbiolo2 | Linux (Ubuntu 24.04.1 LTS) / x86_64 | OK | OK | ERROR | |||||||||
| palomino8 | Windows Server 2022 Datacenter / x64 | OK | OK | ERROR | OK | |||||||||
| merida1 | macOS 12.7.5 Monterey / x86_64 | OK | OK | ERROR | OK | |||||||||
| kjohnson1 | macOS 13.6.6 Ventura / arm64 | OK | ERROR | skipped | skipped | |||||||||
| taishan | Linux (openEuler 24.03 LTS) / aarch64 | OK | OK | ERROR | ||||||||||
|
To the developers/maintainers of the GEOquery package: - Allow up to 24 hours (and sometimes 48 hours) for your latest push to git@git.bioconductor.org:packages/GEOquery.git to reflect on this report. See Troubleshooting Build Report for more information. - Use the following Renviron settings to reproduce errors and warnings. - If 'R CMD check' started to fail recently on the Linux builder(s) over a missing dependency, add the missing dependency to 'Suggests:' in your DESCRIPTION file. See Renviron.bioc for more information. |
| Package: GEOquery |
| Version: 2.74.0 |
| Command: /Library/Frameworks/R.framework/Resources/bin/R CMD check --install=check:GEOquery.install-out.txt --library=/Library/Frameworks/R.framework/Resources/library --no-vignettes --timings GEOquery_2.74.0.tar.gz |
| StartedAt: 2025-04-01 03:38:09 -0400 (Tue, 01 Apr 2025) |
| EndedAt: 2025-04-01 03:46:45 -0400 (Tue, 01 Apr 2025) |
| EllapsedTime: 516.3 seconds |
| RetCode: 1 |
| Status: ERROR |
| CheckDir: GEOquery.Rcheck |
| Warnings: NA |
##############################################################################
##############################################################################
###
### Running command:
###
### /Library/Frameworks/R.framework/Resources/bin/R CMD check --install=check:GEOquery.install-out.txt --library=/Library/Frameworks/R.framework/Resources/library --no-vignettes --timings GEOquery_2.74.0.tar.gz
###
##############################################################################
##############################################################################
* using log directory ‘/Users/biocbuild/bbs-3.20-bioc/meat/GEOquery.Rcheck’
* using R version 4.4.3 (2025-02-28)
* using platform: x86_64-apple-darwin20
* R was compiled by
Apple clang version 14.0.0 (clang-1400.0.29.202)
GNU Fortran (GCC) 12.2.0
* running under: macOS Monterey 12.7.6
* using session charset: UTF-8
* using option ‘--no-vignettes’
* checking for file ‘GEOquery/DESCRIPTION’ ... OK
* checking extension type ... Package
* this is package ‘GEOquery’ version ‘2.74.0’
* package encoding: UTF-8
* checking package namespace information ... OK
* checking package dependencies ... OK
* checking if this is a source package ... OK
* checking if there is a namespace ... OK
* checking for hidden files and directories ... OK
* checking for portable file names ... OK
* checking for sufficient/correct file permissions ... OK
* checking whether package ‘GEOquery’ can be installed ... OK
* checking installed package size ... NOTE
installed size is 13.2Mb
sub-directories of 1Mb or more:
extdata 12.8Mb
* checking package directory ... OK
* checking ‘build’ directory ... OK
* checking DESCRIPTION meta-information ... OK
* checking top-level files ... OK
* checking for left-over files ... OK
* checking index information ... OK
* checking package subdirectories ... OK
* checking code files for non-ASCII characters ... OK
* checking R files for syntax errors ... OK
* checking whether the package can be loaded ... OK
* checking whether the package can be loaded with stated dependencies ... OK
* checking whether the package can be unloaded cleanly ... OK
* checking whether the namespace can be loaded with stated dependencies ... OK
* checking whether the namespace can be unloaded cleanly ... OK
* checking whether startup messages can be suppressed ... OK
* checking dependencies in R code ... NOTE
Namespaces in Imports field not imported from:
‘R.utils’ ‘curl’
All declared Imports should be used.
Package in Depends field not imported from: ‘methods’
These packages need to be imported from (in the NAMESPACE file)
for when this namespace is loaded but not attached.
* checking S3 generic/method consistency ... OK
* checking replacement functions ... OK
* checking foreign function calls ... OK
* checking R code for possible problems ... NOTE
File ‘GEOquery/R/zzz.R’:
.onLoad calls:
packageStartupMessage("Setting options('download.file.method.GEOquery'='auto')")
packageStartupMessage("Setting options('GEOquery.inmemory.gpl'=FALSE)")
See section ‘Good practice’ in '?.onAttach'.
.parseGPLTxt: no visible global function definition for ‘new’
.parseGPLWithLimits: no visible global function definition for ‘new’
.parseGSMTxt: no visible global function definition for ‘new’
.parseGSMWithLimits: no visible global function definition for ‘new’
GDS2MA: no visible global function definition for ‘new’
GDS2MA: no visible binding for global variable ‘MA’
GDS2eSet: no visible global function definition for ‘new’
browseGEOAccession: no visible global function definition for
‘browseURL’
browseWebsiteRNASeqSearch: no visible global function definition for
‘browseURL’
fastTabRead: no visible global function definition for ‘read.table’
fastTabRead: no visible global function definition for ‘read.delim’
getRNASeqData: no visible global function definition for ‘as’
parseGDS: no visible global function definition for ‘new’
parseGSE: no visible global function definition for ‘new’
parseGSEMatrix: no visible global function definition for ‘new’
parseGSEMatrix: no visible binding for global variable ‘.’
parseGSEMatrix: no visible binding for global variable
‘characteristics’
parseGSEMatrix: no visible binding for global variable ‘kvpair’
parseGSEMatrix: no visible binding for global variable ‘accession’
parseGSEMatrix: no visible binding for global variable ‘k’
parseGSEMatrix: no visible binding for global variable ‘v’
parseGSEMatrix: no visible global function definition for ‘read.table’
parseGSEMatrix: no visible global function definition for ‘as’
Undefined global functions or variables:
. MA accession as browseURL characteristics k kvpair new read.delim
read.table v
Consider adding
importFrom("methods", "as", "new")
importFrom("utils", "browseURL", "read.delim", "read.table")
to your NAMESPACE file (and ensure that your DESCRIPTION Imports field
contains 'methods').
* checking Rd files ... OK
* checking Rd metadata ... OK
* checking Rd cross-references ... OK
* checking for missing documentation entries ... OK
* checking for code/documentation mismatches ... OK
* checking Rd \usage sections ... OK
* checking Rd contents ... OK
* checking for unstated dependencies in examples ... OK
* checking files in ‘vignettes’ ... OK
* checking examples ... ERROR
Running examples in ‘GEOquery-Ex.R’ failed
The error most likely occurred in:
> base::assign(".ptime", proc.time(), pos = "CheckExEnv")
> ### Name: getRNASeqData
> ### Title: Get GEO RNA-seq quantifications as a SummarizedExperiment object
> ### Aliases: getRNASeqData
>
> ### ** Examples
>
> se <- getRNASeqData("GSE164073")
Found 0 file(s)
NA
HTTP 404 Not Found.File stored at:
/tmp/RtmppPqonN/NA
Error in downloadFile(url, destfile = destfile, mode = "wb") :
Failed to download /tmp/RtmppPqonN/NA!
Calls: getRNASeqData ... .class1 -> getGEO -> getAndParseGSEMatrices -> downloadFile
Execution halted
* checking for unstated dependencies in ‘tests’ ... OK
* checking tests ...
Running ‘testthat.R’
ERROR
Running the tests in ‘tests/testthat.R’ failed.
Last 13 lines of output:
target is NULL, current is numeric
── Failure ('test_supp_files.R:11:5'): GSM Supplemental files downloading works ──
nrow(res) not equivalent to 1.
target is NULL, current is numeric
── Failure ('test_supp_files.R:16:5'): GSM Supplemental files downloading to baseDir works ──
nrow(res) not equivalent to 1.
target is NULL, current is numeric
── Failure ('test_supp_files.R:28:5'): GSE Supplemental file filtering works ───
nrow(res) not equivalent to 4.
1/1 mismatches
[1] 0 - 4 == -4
[ FAIL 9 | WARN 0 | SKIP 0 | PASS 217 ]
Error: Test failures
Execution halted
* checking for unstated dependencies in vignettes ... OK
* checking package vignettes ... OK
* checking running R code from vignettes ... SKIPPED
* checking re-building of vignette outputs ... SKIPPED
* checking PDF version of manual ... OK
* DONE
Status: 2 ERRORs, 3 NOTEs
See
‘/Users/biocbuild/bbs-3.20-bioc/meat/GEOquery.Rcheck/00check.log’
for details.
GEOquery.Rcheck/00install.out
############################################################################## ############################################################################## ### ### Running command: ### ### /Library/Frameworks/R.framework/Resources/bin/R CMD INSTALL GEOquery ### ############################################################################## ############################################################################## * installing to library ‘/Library/Frameworks/R.framework/Versions/4.4-x86_64/Resources/library’ * installing *source* package ‘GEOquery’ ... ** using staged installation ** R ** inst ** byte-compile and prepare package for lazy loading ** help *** installing help indices ** building package indices ** installing vignettes ** testing if installed package can be loaded from temporary location ** testing if installed package can be loaded from final location ** testing if installed package keeps a record of temporary installation path * DONE (GEOquery)
GEOquery.Rcheck/tests/testthat.Rout.fail
R version 4.4.3 (2025-02-28) -- "Trophy Case"
Copyright (C) 2025 The R Foundation for Statistical Computing
Platform: x86_64-apple-darwin20
R is free software and comes with ABSOLUTELY NO WARRANTY.
You are welcome to redistribute it under certain conditions.
Type 'license()' or 'licence()' for distribution details.
R is a collaborative project with many contributors.
Type 'contributors()' for more information and
'citation()' on how to cite R or R packages in publications.
Type 'demo()' for some demos, 'help()' for on-line help, or
'help.start()' for an HTML browser interface to help.
Type 'q()' to quit R.
> library(testthat)
> library(GEOquery)
Loading required package: Biobase
Loading required package: BiocGenerics
Attaching package: 'BiocGenerics'
The following objects are masked from 'package:stats':
IQR, mad, sd, var, xtabs
The following objects are masked from 'package:base':
Filter, Find, Map, Position, Reduce, anyDuplicated, aperm, append,
as.data.frame, basename, cbind, colnames, dirname, do.call,
duplicated, eval, evalq, get, grep, grepl, intersect, is.unsorted,
lapply, mapply, match, mget, order, paste, pmax, pmax.int, pmin,
pmin.int, rank, rbind, rownames, sapply, saveRDS, setdiff, table,
tapply, union, unique, unsplit, which.max, which.min
Welcome to Bioconductor
Vignettes contain introductory material; view with
'browseVignettes()'. To cite Bioconductor, see
'citation("Biobase")', and for packages 'citation("pkgname")'.
Setting options('download.file.method.GEOquery'='auto')
Setting options('GEOquery.inmemory.gpl'=FALSE)
>
> test_check("GEOquery")
[ FAIL 9 | WARN 0 | SKIP 0 | PASS 217 ]
══ Failed tests ════════════════════════════════════════════════════════════════
── Error ('test_GSE.R:81:3'): GSE populates experimentData as much as possible ──
Error in `open.connection(x, "rb")`: cannot open the connection
Backtrace:
▆
1. └─GEOquery::getGEO("GSE27712") at test_GSE.R:81:3
2. └─GEOquery:::getAndParseGSEMatrices(...)
3. └─GEOquery:::getDirListing(sprintf(gdsurl, stub, GEO))
4. ├─xml2::read_html(url)
5. └─xml2:::read_html.default(url)
6. ├─base::suppressWarnings(...)
7. │ └─base::withCallingHandlers(...)
8. ├─xml2::read_xml(x, encoding = encoding, ..., as_html = TRUE, options = options)
9. └─xml2:::read_xml.character(...)
10. └─xml2:::read_xml.connection(...)
11. ├─base::open(x, "rb")
12. └─base::open.connection(x, "rb")
── Error ('test_GSE.R:102:3'): GSE/GPL with integer64 columns handled correctly ──
Error in `open.connection(x, "rb")`: cannot open the connection
Backtrace:
▆
1. └─GEOquery::getGEO("GSE7864") at test_GSE.R:102:3
2. └─GEOquery:::getAndParseGSEMatrices(...)
3. └─GEOquery:::getDirListing(sprintf(gdsurl, stub, GEO))
4. ├─xml2::read_html(url)
5. └─xml2:::read_html.default(url)
6. ├─base::suppressWarnings(...)
7. │ └─base::withCallingHandlers(...)
8. ├─xml2::read_xml(x, encoding = encoding, ..., as_html = TRUE, options = options)
9. └─xml2:::read_xml.character(...)
10. └─xml2:::read_xml.connection(...)
11. ├─base::open(x, "rb")
12. └─base::open.connection(x, "rb")
── Error ('test_GSE.R:109:3'): Test regression against issue 144 ───────────────
Error in `open.connection(x, "rb")`: cannot open the connection
Backtrace:
▆
1. └─GEOquery::getGEO("GSE225759") at test_GSE.R:109:3
2. └─GEOquery:::getAndParseGSEMatrices(...)
3. └─GEOquery:::getDirListing(sprintf(gdsurl, stub, GEO))
4. ├─xml2::read_html(url)
5. └─xml2:::read_html.default(url)
6. ├─base::suppressWarnings(...)
7. │ └─base::withCallingHandlers(...)
8. ├─xml2::read_xml(x, encoding = encoding, ..., as_html = TRUE, options = options)
9. └─xml2:::read_xml.character(...)
10. └─xml2:::read_xml.connection(...)
11. ├─base::open(x, "rb")
12. └─base::open.connection(x, "rb")
── Error ('test_fetch_GPL_false.R:5:5'): GSE without GPL works ─────────────────
Error in `open.connection(x, "rb")`: cannot open the connection
Backtrace:
▆
1. └─GEOquery::getGEO("GSE2553", getGPL = FALSE) at test_fetch_GPL_false.R:5:5
2. └─GEOquery:::getAndParseGSEMatrices(...)
3. └─GEOquery:::getDirListing(sprintf(gdsurl, stub, GEO))
4. ├─xml2::read_html(url)
5. └─xml2:::read_html.default(url)
6. ├─base::suppressWarnings(...)
7. │ └─base::withCallingHandlers(...)
8. ├─xml2::read_xml(x, encoding = encoding, ..., as_html = TRUE, options = options)
9. └─xml2:::read_xml.character(...)
10. └─xml2:::read_xml.connection(...)
11. ├─base::open(x, "rb")
12. └─base::open.connection(x, "rb")
── Error ('test_geo_rnaseq.R:62:3'): getRNASeqData returns SummarizedExperiment ──
<httr2_http_404/httr2_http/httr2_error/rlang_error/rlang_error/error/condition>
Error in `httr2::req_perform(req)`: HTTP 404 Not Found.
Backtrace:
▆
1. └─GEOquery::getRNASeqData(gse) at test_geo_rnaseq.R:62:3
2. ├─methods::as(getGEO(accession)[[1]], "SummarizedExperiment")
3. │ └─methods:::.class1(object)
4. └─GEOquery::getGEO(accession)
5. └─GEOquery:::getAndParseGSEMatrices(...)
6. └─GEOquery:::downloadFile(url, destfile = destfile, mode = "wb")
7. ├─base::tryCatch(...)
8. │ └─base (local) tryCatchList(expr, classes, parentenv, handlers)
9. │ └─base (local) tryCatchOne(expr, names, parentenv, handlers[[1L]])
10. │ └─base (local) doTryCatch(return(expr), name, parentenv, handler)
11. └─httr2::req_perform(req)
12. └─httr2:::handle_resp(req, resp, error_call = error_call)
13. └─httr2:::resp_failure_cnd(req, resp, error_call = error_call)
14. ├─rlang::catch_cnd(...)
15. │ ├─rlang::eval_bare(...)
16. │ ├─base::tryCatch(...)
17. │ │ └─base (local) tryCatchList(expr, classes, parentenv, handlers)
18. │ │ └─base (local) tryCatchOne(expr, names, parentenv, handlers[[1L]])
19. │ │ └─base (local) doTryCatch(return(expr), name, parentenv, handler)
20. │ └─base::force(expr)
21. └─rlang::abort(...)
── Failure ('test_supp_files.R:6:5'): GSE Supplemental files downloading works ──
nrow(res) not equivalent to 1.
target is NULL, current is numeric
── Failure ('test_supp_files.R:11:5'): GSM Supplemental files downloading works ──
nrow(res) not equivalent to 1.
target is NULL, current is numeric
── Failure ('test_supp_files.R:16:5'): GSM Supplemental files downloading to baseDir works ──
nrow(res) not equivalent to 1.
target is NULL, current is numeric
── Failure ('test_supp_files.R:28:5'): GSE Supplemental file filtering works ───
nrow(res) not equivalent to 4.
1/1 mismatches
[1] 0 - 4 == -4
[ FAIL 9 | WARN 0 | SKIP 0 | PASS 217 ]
Error: Test failures
Execution halted
GEOquery.Rcheck/GEOquery-Ex.timings
| name | user | system | elapsed | |
| browseGEOAccession | 0.001 | 0.000 | 0.006 | |
| browseWebsiteRNASeqSearch | 0.000 | 0.001 | 0.000 | |
| coercion | 0.000 | 0.000 | 0.001 | |
| getGEO | 5.411 | 0.653 | 7.193 | |
| getGEOSuppFiles | 0.037 | 0.005 | 0.077 | |
| getGEOfile | 0.001 | 0.000 | 0.000 | |
| getGSEDataTables | 0.903 | 0.095 | 1.214 | |