| Back to Multiple platform build/check report for BioC 3.20: simplified long |
|
This page was generated on 2025-04-02 19:31 -0400 (Wed, 02 Apr 2025).
| Hostname | OS | Arch (*) | R version | Installed pkgs |
|---|---|---|---|---|
| nebbiolo2 | Linux (Ubuntu 24.04.1 LTS) | x86_64 | 4.4.3 (2025-02-28) -- "Trophy Case" | 4764 |
| palomino8 | Windows Server 2022 Datacenter | x64 | 4.4.3 (2025-02-28 ucrt) -- "Trophy Case" | 4495 |
| merida1 | macOS 12.7.5 Monterey | x86_64 | 4.4.3 (2025-02-28) -- "Trophy Case" | 4522 |
| kjohnson1 | macOS 13.6.6 Ventura | arm64 | 4.4.3 (2025-02-28) -- "Trophy Case" | 4449 |
| taishan | Linux (openEuler 24.03 LTS) | aarch64 | 4.4.3 (2025-02-28) -- "Trophy Case" | 4426 |
| Click on any hostname to see more info about the system (e.g. compilers) (*) as reported by 'uname -p', except on Windows and Mac OS X | ||||
| Package 571/2289 | Hostname | OS / Arch | INSTALL | BUILD | CHECK | BUILD BIN | ||||||||
| DiffLogo 2.30.0 (landing page) Hendrik Treutler
| nebbiolo2 | Linux (Ubuntu 24.04.1 LTS) / x86_64 | OK | OK | WARNINGS | |||||||||
| palomino8 | Windows Server 2022 Datacenter / x64 | OK | OK | WARNINGS | OK | |||||||||
| merida1 | macOS 12.7.5 Monterey / x86_64 | OK | OK | WARNINGS | OK | |||||||||
| kjohnson1 | macOS 13.6.6 Ventura / arm64 | OK | OK | WARNINGS | OK | |||||||||
| taishan | Linux (openEuler 24.03 LTS) / aarch64 | OK | OK | WARNINGS | ||||||||||
|
To the developers/maintainers of the DiffLogo package: - Allow up to 24 hours (and sometimes 48 hours) for your latest push to git@git.bioconductor.org:packages/DiffLogo.git to reflect on this report. See Troubleshooting Build Report for more information. - Use the following Renviron settings to reproduce errors and warnings. - If 'R CMD check' started to fail recently on the Linux builder(s) over a missing dependency, add the missing dependency to 'Suggests:' in your DESCRIPTION file. See Renviron.bioc for more information. |
| Package: DiffLogo |
| Version: 2.30.0 |
| Command: /Library/Frameworks/R.framework/Resources/bin/R CMD check --install=check:DiffLogo.install-out.txt --library=/Library/Frameworks/R.framework/Resources/library --no-vignettes --timings DiffLogo_2.30.0.tar.gz |
| StartedAt: 2025-04-01 02:10:21 -0400 (Tue, 01 Apr 2025) |
| EndedAt: 2025-04-01 02:11:38 -0400 (Tue, 01 Apr 2025) |
| EllapsedTime: 76.8 seconds |
| RetCode: 0 |
| Status: WARNINGS |
| CheckDir: DiffLogo.Rcheck |
| Warnings: 1 |
##############################################################################
##############################################################################
###
### Running command:
###
### /Library/Frameworks/R.framework/Resources/bin/R CMD check --install=check:DiffLogo.install-out.txt --library=/Library/Frameworks/R.framework/Resources/library --no-vignettes --timings DiffLogo_2.30.0.tar.gz
###
##############################################################################
##############################################################################
* using log directory ‘/Users/biocbuild/bbs-3.20-bioc/meat/DiffLogo.Rcheck’
* using R version 4.4.3 (2025-02-28)
* using platform: x86_64-apple-darwin20
* R was compiled by
Apple clang version 14.0.0 (clang-1400.0.29.202)
GNU Fortran (GCC) 12.2.0
* running under: macOS Monterey 12.7.6
* using session charset: UTF-8
* using option ‘--no-vignettes’
* checking for file ‘DiffLogo/DESCRIPTION’ ... OK
* checking extension type ... Package
* this is package ‘DiffLogo’ version ‘2.30.0’
* checking package namespace information ... NOTE
Found export directive that requires package ‘methods’:
‘exportClasses’
Remove all such namespace directives (if obsolete) or ensure that the
DESCRIPTION Depends or Imports field contains ‘methods’.
* checking package dependencies ... OK
* checking if this is a source package ... OK
* checking if there is a namespace ... OK
* checking for hidden files and directories ... OK
* checking for portable file names ... OK
* checking for sufficient/correct file permissions ... OK
* checking whether package ‘DiffLogo’ can be installed ... OK
* checking installed package size ... OK
* checking package directory ... OK
* checking ‘build’ directory ... OK
* checking DESCRIPTION meta-information ... OK
* checking top-level files ... OK
* checking for left-over files ... OK
* checking index information ... OK
* checking package subdirectories ... OK
* checking code files for non-ASCII characters ... OK
* checking R files for syntax errors ... OK
* checking whether the package can be loaded ... OK
* checking whether the package can be loaded with stated dependencies ... OK
* checking whether the package can be unloaded cleanly ... OK
* checking whether the namespace can be loaded with stated dependencies ... WARNING
Warning: S4 exports specified in 'NAMESPACE' but not defined in package ‘DiffLogo’
* checking whether the namespace can be unloaded cleanly ... OK
* checking dependencies in R code ... OK
* checking S3 generic/method consistency ... OK
* checking replacement functions ... OK
* checking foreign function calls ... OK
* checking R code for possible problems ... NOTE
diffLogo: no visible global function definition for ‘is’
preconditionTransformPWM: no visible global function definition for
‘is’
Undefined global functions or variables:
is
Consider adding
importFrom("methods", "is")
to your NAMESPACE file (and ensure that your DESCRIPTION Imports field
contains 'methods').
* checking Rd files ... OK
* checking Rd metadata ... OK
* checking Rd cross-references ... OK
* checking for missing documentation entries ... OK
* checking for code/documentation mismatches ... OK
* checking Rd \usage sections ... OK
* checking Rd contents ... OK
* checking for unstated dependencies in examples ... OK
* checking sizes of PDF files under ‘inst/doc’ ... OK
* checking files in ‘vignettes’ ... OK
* checking examples ... OK
Examples with CPU (user + system) or elapsed time > 5s
user system elapsed
enrichDiffLogoTableWithPvalues 7.093 0.166 7.781
* checking for unstated dependencies in ‘tests’ ... OK
* checking tests ...
Running ‘testthat.R’
OK
* checking for unstated dependencies in vignettes ... OK
* checking package vignettes ... OK
* checking running R code from vignettes ... SKIPPED
* checking re-building of vignette outputs ... SKIPPED
* checking PDF version of manual ... OK
* DONE
Status: 1 WARNING, 2 NOTEs
See
‘/Users/biocbuild/bbs-3.20-bioc/meat/DiffLogo.Rcheck/00check.log’
for details.
DiffLogo.Rcheck/00install.out
############################################################################## ############################################################################## ### ### Running command: ### ### /Library/Frameworks/R.framework/Resources/bin/R CMD INSTALL DiffLogo ### ############################################################################## ############################################################################## * installing to library ‘/Library/Frameworks/R.framework/Versions/4.4-x86_64/Resources/library’ * installing *source* package ‘DiffLogo’ ... ** using staged installation ** R ** inst ** byte-compile and prepare package for lazy loading ** help *** installing help indices ** building package indices ** installing vignettes ** testing if installed package can be loaded from temporary location ** testing if installed package can be loaded from final location ** testing if installed package keeps a record of temporary installation path * DONE (DiffLogo)
DiffLogo.Rcheck/tests/testthat.Rout
R version 4.4.3 (2025-02-28) -- "Trophy Case" Copyright (C) 2025 The R Foundation for Statistical Computing Platform: x86_64-apple-darwin20 R is free software and comes with ABSOLUTELY NO WARRANTY. You are welcome to redistribute it under certain conditions. Type 'license()' or 'licence()' for distribution details. R is a collaborative project with many contributors. Type 'contributors()' for more information and 'citation()' on how to cite R or R packages in publications. Type 'demo()' for some demos, 'help()' for on-line help, or 'help.start()' for an HTML browser interface to help. Type 'q()' to quit R. > > proc.time() user system elapsed 0.353 0.120 0.448
DiffLogo.Rcheck/DiffLogo-Ex.timings
| name | user | system | elapsed | |
| ASN | 0.001 | 0.002 | 0.004 | |
| Alphabet | 0.001 | 0.001 | 0.001 | |
| DNA | 0.001 | 0.001 | 0.002 | |
| FULL_ALPHABET | 0.000 | 0.001 | 0.002 | |
| RNA | 0.001 | 0.000 | 0.003 | |
| calculatePvalue | 0.051 | 0.005 | 0.062 | |
| createDiffLogoObject | 0.115 | 0.015 | 0.136 | |
| diffLogo | 0.102 | 0.015 | 0.125 | |
| diffLogoFromPwm | 0.103 | 0.013 | 0.123 | |
| diffLogoTable | 2.855 | 0.120 | 3.126 | |
| diffLogoTableConfiguration | 0.002 | 0.002 | 0.003 | |
| differenceOfICs | 0.506 | 0.023 | 0.557 | |
| drawDiffLogoTable | 2.825 | 0.108 | 3.090 | |
| enrichDiffLogoObjectWithPvalues | 0.414 | 0.025 | 0.453 | |
| enrichDiffLogoTableWithPvalues | 7.093 | 0.166 | 7.781 | |
| extendPwmsFromAlignmentVector | 0.114 | 0.006 | 0.135 | |
| getAlphabetFromCharacters | 0.001 | 0.000 | 0.002 | |
| getAlphabetFromSequences | 0.001 | 0.000 | 0.001 | |
| getPwmFromAlignment | 0.615 | 0.052 | 0.702 | |
| getPwmFromAlignmentFile | 0.013 | 0.001 | 0.015 | |
| getPwmFromFastaFile | 0.032 | 0.001 | 0.038 | |
| getPwmFromFile | 0.006 | 0.001 | 0.008 | |
| getPwmFromHomerFile | 0.003 | 0.001 | 0.005 | |
| getPwmFromPfmOrJasparFile | 0.005 | 0.002 | 0.007 | |
| getPwmFromPwmFile | 0.004 | 0.001 | 0.006 | |
| getSequencesFromAlignmentFile | 0.003 | 0.001 | 0.004 | |
| getSequencesFromFastaFile | 0.003 | 0.001 | 0.004 | |
| informationContent | 0.114 | 0.009 | 0.130 | |
| lossOfAbsICDifferences | 0.100 | 0.012 | 0.153 | |
| multipleLocalPwmsAlignment | 0.084 | 0.003 | 0.088 | |
| normalizePWM | 0.000 | 0.001 | 0.000 | |
| normalizedDifferenceOfProbabilities | 0.097 | 0.008 | 0.120 | |
| prepareDiffLogoTable | 2.456 | 0.047 | 2.634 | |
| probabilities | 0.064 | 0.005 | 0.070 | |
| seqLogo | 0.072 | 0.013 | 0.087 | |
| shannonDivergence | 0.089 | 0.008 | 0.098 | |
| sumOfAbsICDifferences | 0.093 | 0.007 | 0.103 | |
| sumOfAbsProbabilityDifferences | 0.096 | 0.008 | 0.107 | |
| sumProbabilities | 0.068 | 0.011 | 0.084 | |